{"id":16443,"date":"2026-01-16T09:45:58","date_gmt":"2026-01-16T08:45:58","guid":{"rendered":"https:\/\/telemme.mmsh.fr\/?post_type=tribe_events&#038;p=16443"},"modified":"2026-02-24T12:49:34","modified_gmt":"2026-02-24T11:49:34","slug":"la-renaissance-en-provence","status":"publish","type":"tribe_events","link":"https:\/\/telemme.mmsh.fr\/?tribe_events=la-renaissance-en-provence","title":{"rendered":"La Renaissance en Provence"},"content":{"rendered":"<p>Congr\u00e8s organis\u00e9 par TELEMMe, le CIELAM (AMU), la F\u00e9d\u00e9ration historique de Provence (FhP), l&rsquo;Association d&rsquo;\u00e9tudes sur la Renaissance, l&rsquo;Humanisme et la R\u00e9forme (RHR) et la Biblioth\u00e8que l&rsquo;Alcazar. Et les Universit\u00e9s d\u2019Aix-Marseille (TELEMMe, CIELAM), Avignon (UPR ICTT), Saint-Etienne (IHRIM), avec le soutien de l\u2019IUF.<\/p>\n<p><strong>Programme complet bient\u00f4t en ligne<\/strong><\/p>\n","protected":false},"excerpt":{"rendered":"<p>Congr\u00e8s organis\u00e9 par TELEMMe, le CIELAM (AMU), la F\u00e9d\u00e9ration historique de Provence (FhP), l&rsquo;Association d&rsquo;\u00e9tudes sur la Renaissance, l&rsquo;Humanisme et la R\u00e9forme (RHR) et la Biblioth\u00e8que l&rsquo;Alcazar. Et les Universit\u00e9s&hellip;&nbsp;<a href=\"https:\/\/telemme.mmsh.fr\/?tribe_events=la-renaissance-en-provence\" rel=\"bookmark\">Lire la suite &raquo;<span class=\"screen-reader-text\">La Renaissance en Provence<\/span><\/a><\/p>\n","protected":false},"author":6,"featured_media":0,"template":"","meta":{"neve_meta_sidebar":"","neve_meta_container":"","neve_meta_enable_content_width":"","neve_meta_content_width":0,"neve_meta_title_alignment":"","neve_meta_author_avatar":"","neve_post_elements_order":"","neve_meta_disable_header":"","neve_meta_disable_footer":"","neve_meta_disable_title":"","_tribe_events_status":"","_tribe_events_status_reason":"","footnotes":""},"tags":[],"tribe_events_cat":[2063],"class_list":["post-16443","tribe_events","type-tribe_events","status-publish","hentry","tribe_events_cat-colloque","cat_colloque"],"yoast_head":"<!-- This site is optimized with the Yoast SEO plugin v27.4 - https:\/\/yoast.com\/product\/yoast-seo-wordpress\/ -->\n<title>La Renaissance en Provence - TELEMMe - Temps, espaces, langages, Europe m\u00e9ridionale, M\u00e9diterran\u00e9e<\/title>\n<meta name=\"robots\" content=\"index, follow, max-snippet:-1, max-image-preview:large, max-video-preview:-1\" \/>\n<link rel=\"canonical\" href=\"https:\/\/telemme.mmsh.fr\/?tribe_events=la-renaissance-en-provence\" \/>\n<meta property=\"og:locale\" content=\"fr_FR\" \/>\n<meta property=\"og:type\" content=\"article\" \/>\n<meta property=\"og:title\" content=\"La Renaissance en Provence - TELEMMe - Temps, espaces, langages, Europe m\u00e9ridionale, M\u00e9diterran\u00e9e\" \/>\n<meta property=\"og:description\" content=\"Congr\u00e8s organis\u00e9 par TELEMMe, le CIELAM (AMU), la F\u00e9d\u00e9ration historique de Provence (FhP), l&rsquo;Association d&rsquo;\u00e9tudes sur la Renaissance, l&rsquo;Humanisme et la R\u00e9forme (RHR) et la Biblioth\u00e8que l&rsquo;Alcazar. Et les Universit\u00e9s&hellip;&nbsp;Lire la suite &raquo;La Renaissance en Provence\" \/>\n<meta property=\"og:url\" content=\"https:\/\/telemme.mmsh.fr\/?tribe_events=la-renaissance-en-provence\" \/>\n<meta property=\"og:site_name\" content=\"TELEMMe - Temps, espaces, langages, Europe m\u00e9ridionale, M\u00e9diterran\u00e9e\" \/>\n<meta property=\"article:modified_time\" content=\"2026-02-24T11:49:34+00:00\" \/>\n<meta name=\"twitter:card\" content=\"summary_large_image\" \/>\n<script type=\"application\/ld+json\" class=\"yoast-schema-graph\">{\"@context\":\"https:\\\/\\\/schema.org\",\"@graph\":[{\"@type\":\"WebPage\",\"@id\":\"https:\\\/\\\/telemme.mmsh.fr\\\/?tribe_events=la-renaissance-en-provence\",\"url\":\"https:\\\/\\\/telemme.mmsh.fr\\\/?tribe_events=la-renaissance-en-provence\",\"name\":\"La Renaissance en Provence - TELEMMe - Temps, espaces, langages, Europe m\u00e9ridionale, M\u00e9diterran\u00e9e\",\"isPartOf\":{\"@id\":\"https:\\\/\\\/telemme.mmsh.fr\\\/#website\"},\"datePublished\":\"2026-01-16T08:45:58+00:00\",\"dateModified\":\"2026-02-24T11:49:34+00:00\",\"breadcrumb\":{\"@id\":\"https:\\\/\\\/telemme.mmsh.fr\\\/?tribe_events=la-renaissance-en-provence#breadcrumb\"},\"inLanguage\":\"fr-FR\",\"potentialAction\":[{\"@type\":\"ReadAction\",\"target\":[\"https:\\\/\\\/telemme.mmsh.fr\\\/?tribe_events=la-renaissance-en-provence\"]}]},{\"@type\":\"BreadcrumbList\",\"@id\":\"https:\\\/\\\/telemme.mmsh.fr\\\/?tribe_events=la-renaissance-en-provence#breadcrumb\",\"itemListElement\":[{\"@type\":\"ListItem\",\"position\":1,\"name\":\"Accueil\",\"item\":\"https:\\\/\\\/telemme.mmsh.fr\\\/\"},{\"@type\":\"ListItem\",\"position\":2,\"name\":\"\u00c9v\u00e8nements\",\"item\":\"https:\\\/\\\/telemme.mmsh.fr\\\/?post_type=tribe_events\"},{\"@type\":\"ListItem\",\"position\":3,\"name\":\"Colloque\",\"item\":\"https:\\\/\\\/telemme.mmsh.fr\\\/?tribe_events_cat=colloque\"},{\"@type\":\"ListItem\",\"position\":4,\"name\":\"La Renaissance en Provence\"}]},{\"@type\":\"WebSite\",\"@id\":\"https:\\\/\\\/telemme.mmsh.fr\\\/#website\",\"url\":\"https:\\\/\\\/telemme.mmsh.fr\\\/\",\"name\":\"TELEMMe - Temps, espaces, langages, Europe m\u00e9ridionale, M\u00e9diterran\u00e9e\",\"description\":\"\",\"publisher\":{\"@id\":\"https:\\\/\\\/telemme.mmsh.fr\\\/#organization\"},\"potentialAction\":[{\"@type\":\"SearchAction\",\"target\":{\"@type\":\"EntryPoint\",\"urlTemplate\":\"https:\\\/\\\/telemme.mmsh.fr\\\/?s={search_term_string}\"},\"query-input\":{\"@type\":\"PropertyValueSpecification\",\"valueRequired\":true,\"valueName\":\"search_term_string\"}}],\"inLanguage\":\"fr-FR\"},{\"@type\":\"Organization\",\"@id\":\"https:\\\/\\\/telemme.mmsh.fr\\\/#organization\",\"name\":\"TELEMMe\",\"url\":\"https:\\\/\\\/telemme.mmsh.fr\\\/\",\"logo\":{\"@type\":\"ImageObject\",\"inLanguage\":\"fr-FR\",\"@id\":\"https:\\\/\\\/telemme.mmsh.fr\\\/#\\\/schema\\\/logo\\\/image\\\/\",\"url\":\"https:\\\/\\\/telemme.mmsh.fr\\\/wp-content\\\/uploads\\\/2020\\\/03\\\/LogoTELEMMe-horizontal-fond-transparent.png\",\"contentUrl\":\"https:\\\/\\\/telemme.mmsh.fr\\\/wp-content\\\/uploads\\\/2020\\\/03\\\/LogoTELEMMe-horizontal-fond-transparent.png\",\"width\":1500,\"height\":437,\"caption\":\"TELEMMe\"},\"image\":{\"@id\":\"https:\\\/\\\/telemme.mmsh.fr\\\/#\\\/schema\\\/logo\\\/image\\\/\"}}]}<\/script>\n<!-- \/ Yoast SEO plugin. -->","yoast_head_json":{"title":"La Renaissance en Provence - TELEMMe - Temps, espaces, langages, Europe m\u00e9ridionale, M\u00e9diterran\u00e9e","robots":{"index":"index","follow":"follow","max-snippet":"max-snippet:-1","max-image-preview":"max-image-preview:large","max-video-preview":"max-video-preview:-1"},"canonical":"https:\/\/telemme.mmsh.fr\/?tribe_events=la-renaissance-en-provence","og_locale":"fr_FR","og_type":"article","og_title":"La Renaissance en Provence - TELEMMe - Temps, espaces, langages, Europe m\u00e9ridionale, M\u00e9diterran\u00e9e","og_description":"Congr\u00e8s organis\u00e9 par TELEMMe, le CIELAM (AMU), la F\u00e9d\u00e9ration historique de Provence (FhP), l&rsquo;Association d&rsquo;\u00e9tudes sur la Renaissance, l&rsquo;Humanisme et la R\u00e9forme (RHR) et la Biblioth\u00e8que l&rsquo;Alcazar. Et les Universit\u00e9s&hellip;&nbsp;Lire la suite &raquo;La Renaissance en Provence","og_url":"https:\/\/telemme.mmsh.fr\/?tribe_events=la-renaissance-en-provence","og_site_name":"TELEMMe - Temps, espaces, langages, Europe m\u00e9ridionale, M\u00e9diterran\u00e9e","article_modified_time":"2026-02-24T11:49:34+00:00","twitter_card":"summary_large_image","schema":{"@context":"https:\/\/schema.org","@graph":[{"@type":"WebPage","@id":"https:\/\/telemme.mmsh.fr\/?tribe_events=la-renaissance-en-provence","url":"https:\/\/telemme.mmsh.fr\/?tribe_events=la-renaissance-en-provence","name":"La Renaissance en Provence - TELEMMe - Temps, espaces, langages, Europe m\u00e9ridionale, M\u00e9diterran\u00e9e","isPartOf":{"@id":"https:\/\/telemme.mmsh.fr\/#website"},"datePublished":"2026-01-16T08:45:58+00:00","dateModified":"2026-02-24T11:49:34+00:00","breadcrumb":{"@id":"https:\/\/telemme.mmsh.fr\/?tribe_events=la-renaissance-en-provence#breadcrumb"},"inLanguage":"fr-FR","potentialAction":[{"@type":"ReadAction","target":["https:\/\/telemme.mmsh.fr\/?tribe_events=la-renaissance-en-provence"]}]},{"@type":"BreadcrumbList","@id":"https:\/\/telemme.mmsh.fr\/?tribe_events=la-renaissance-en-provence#breadcrumb","itemListElement":[{"@type":"ListItem","position":1,"name":"Accueil","item":"https:\/\/telemme.mmsh.fr\/"},{"@type":"ListItem","position":2,"name":"\u00c9v\u00e8nements","item":"https:\/\/telemme.mmsh.fr\/?post_type=tribe_events"},{"@type":"ListItem","position":3,"name":"Colloque","item":"https:\/\/telemme.mmsh.fr\/?tribe_events_cat=colloque"},{"@type":"ListItem","position":4,"name":"La Renaissance en Provence"}]},{"@type":"WebSite","@id":"https:\/\/telemme.mmsh.fr\/#website","url":"https:\/\/telemme.mmsh.fr\/","name":"TELEMMe - Temps, espaces, langages, Europe m\u00e9ridionale, M\u00e9diterran\u00e9e","description":"","publisher":{"@id":"https:\/\/telemme.mmsh.fr\/#organization"},"potentialAction":[{"@type":"SearchAction","target":{"@type":"EntryPoint","urlTemplate":"https:\/\/telemme.mmsh.fr\/?s={search_term_string}"},"query-input":{"@type":"PropertyValueSpecification","valueRequired":true,"valueName":"search_term_string"}}],"inLanguage":"fr-FR"},{"@type":"Organization","@id":"https:\/\/telemme.mmsh.fr\/#organization","name":"TELEMMe","url":"https:\/\/telemme.mmsh.fr\/","logo":{"@type":"ImageObject","inLanguage":"fr-FR","@id":"https:\/\/telemme.mmsh.fr\/#\/schema\/logo\/image\/","url":"https:\/\/telemme.mmsh.fr\/wp-content\/uploads\/2020\/03\/LogoTELEMMe-horizontal-fond-transparent.png","contentUrl":"https:\/\/telemme.mmsh.fr\/wp-content\/uploads\/2020\/03\/LogoTELEMMe-horizontal-fond-transparent.png","width":1500,"height":437,"caption":"TELEMMe"},"image":{"@id":"https:\/\/telemme.mmsh.fr\/#\/schema\/logo\/image\/"}}]}},"_links":{"self":[{"href":"https:\/\/telemme.mmsh.fr\/index.php?rest_route=\/wp\/v2\/tribe_events\/16443","targetHints":{"allow":["GET"]}}],"collection":[{"href":"https:\/\/telemme.mmsh.fr\/index.php?rest_route=\/wp\/v2\/tribe_events"}],"about":[{"href":"https:\/\/telemme.mmsh.fr\/index.php?rest_route=\/wp\/v2\/types\/tribe_events"}],"author":[{"embeddable":true,"href":"https:\/\/telemme.mmsh.fr\/index.php?rest_route=\/wp\/v2\/users\/6"}],"version-history":[{"count":7,"href":"https:\/\/telemme.mmsh.fr\/index.php?rest_route=\/wp\/v2\/tribe_events\/16443\/revisions"}],"predecessor-version":[{"id":16615,"href":"https:\/\/telemme.mmsh.fr\/index.php?rest_route=\/wp\/v2\/tribe_events\/16443\/revisions\/16615"}],"wp:attachment":[{"href":"https:\/\/telemme.mmsh.fr\/index.php?rest_route=%2Fwp%2Fv2%2Fmedia&parent=16443"}],"wp:term":[{"taxonomy":"post_tag","embeddable":true,"href":"https:\/\/telemme.mmsh.fr\/index.php?rest_route=%2Fwp%2Fv2%2Ftags&post=16443"},{"taxonomy":"tribe_events_cat","embeddable":true,"href":"https:\/\/telemme.mmsh.fr\/index.php?rest_route=%2Fwp%2Fv2%2Ftribe_events_cat&post=16443"}],"curies":[{"name":"wp","href":"https:\/\/api.w.org\/{rel}","templated":true}]}}

<p>Congrès organisé par TELEMMe, le CIELAM (AMU), la Fédération historique de Provence (FhP), l&rsquo;Association d&rsquo;études sur la Renaissance, l&rsquo;Humanisme et la Réforme (RHR) et la Bibliothèque l&rsquo;Alcazar. Et les Universités d’Aix-Marseille (TELEMMe, CIELAM), Avignon (UPR ICTT), Saint-Etienne (IHRIM), avec le soutien de l’IUF.</p>
<p><strong>Programme complet bientôt en ligne</strong></p>

<p>Congrès organisé par TELEMMe, le CIELAM (AMU), la Fédération historique de Provence (FhP), l&rsquo;Association d&rsquo;études sur la Renaissance, l&rsquo;Humanisme et la Réforme (RHR) et la Bibliothèque l&rsquo;Alcazar. Et les Universités&hellip;&nbsp;<a href="https://telemme.mmsh.fr/?tribe_events=la-renaissance-en-provence" rel="bookmark">Lire la suite &raquo;<span class="screen-reader-text">La Renaissance en Provence</span></a></p>

<!-- This site is optimized with the Yoast SEO plugin v27.4 - https://yoast.com/product/yoast-seo-wordpress/ -->
<title>La Renaissance en Provence - TELEMMe - Temps, espaces, langages, Europe méridionale, Méditerranée</title>
<meta name="robots" content="index, follow, max-snippet:-1, max-image-preview:large, max-video-preview:-1" />
<link rel="canonical" href="https://telemme.mmsh.fr/?tribe_events=la-renaissance-en-provence" />
<meta property="og:locale" content="fr_FR" />
<meta property="og:type" content="article" />
<meta property="og:title" content="La Renaissance en Provence - TELEMMe - Temps, espaces, langages, Europe méridionale, Méditerranée" />
<meta property="og:description" content="Congrès organisé par TELEMMe, le CIELAM (AMU), la Fédération historique de Provence (FhP), l&rsquo;Association d&rsquo;études sur la Renaissance, l&rsquo;Humanisme et la Réforme (RHR) et la Bibliothèque l&rsquo;Alcazar. Et les Universités&hellip;&nbsp;Lire la suite &raquo;La Renaissance en Provence" />
<meta property="og:url" content="https://telemme.mmsh.fr/?tribe_events=la-renaissance-en-provence" />
<meta property="og:site_name" content="TELEMMe - Temps, espaces, langages, Europe méridionale, Méditerranée" />
<meta property="article:modified_time" content="2026-02-24T11:49:34+00:00" />
<meta name="twitter:card" content="summary_large_image" />
<script type="application/ld+json" class="yoast-schema-graph">{"@context":"https:\/\/schema.org","@graph":[{"@type":"WebPage","@id":"https:\/\/telemme.mmsh.fr\/?tribe_events=la-renaissance-en-provence","url":"https:\/\/telemme.mmsh.fr\/?tribe_events=la-renaissance-en-provence","name":"La Renaissance en Provence - TELEMMe - Temps, espaces, langages, Europe méridionale, Méditerranée","isPartOf":{"@id":"https:\/\/telemme.mmsh.fr\/#website"},"datePublished":"2026-01-16T08:45:58+00:00","dateModified":"2026-02-24T11:49:34+00:00","breadcrumb":{"@id":"https:\/\/telemme.mmsh.fr\/?tribe_events=la-renaissance-en-provence#breadcrumb"},"inLanguage":"fr-FR","potentialAction":[{"@type":"ReadAction","target":["https:\/\/telemme.mmsh.fr\/?tribe_events=la-renaissance-en-provence"]}]},{"@type":"BreadcrumbList","@id":"https:\/\/telemme.mmsh.fr\/?tribe_events=la-renaissance-en-provence#breadcrumb","itemListElement":[{"@type":"ListItem","position":1,"name":"Accueil","item":"https:\/\/telemme.mmsh.fr\/"},{"@type":"ListItem","position":2,"name":"Évènements","item":"https:\/\/telemme.mmsh.fr\/?post_type=tribe_events"},{"@type":"ListItem","position":3,"name":"Colloque","item":"https:\/\/telemme.mmsh.fr\/?tribe_events_cat=colloque"},{"@type":"ListItem","position":4,"name":"La Renaissance en Provence"}]},{"@type":"WebSite","@id":"https:\/\/telemme.mmsh.fr\/#website","url":"https:\/\/telemme.mmsh.fr\/","name":"TELEMMe - Temps, espaces, langages, Europe méridionale, Méditerranée","description":"","publisher":{"@id":"https:\/\/telemme.mmsh.fr\/#organization"},"potentialAction":[{"@type":"SearchAction","target":{"@type":"EntryPoint","urlTemplate":"https:\/\/telemme.mmsh.fr\/?s={search_term_string}"},"query-input":{"@type":"PropertyValueSpecification","valueRequired":true,"valueName":"search_term_string"}}],"inLanguage":"fr-FR"},{"@type":"Organization","@id":"https:\/\/telemme.mmsh.fr\/#organization","name":"TELEMMe","url":"https:\/\/telemme.mmsh.fr\/","logo":{"@type":"ImageObject","inLanguage":"fr-FR","@id":"https:\/\/telemme.mmsh.fr\/#\/schema\/logo\/image\/","url":"https:\/\/telemme.mmsh.fr\/wp-content\/uploads\/2020\/03\/LogoTELEMMe-horizontal-fond-transparent.png","contentUrl":"https:\/\/telemme.mmsh.fr\/wp-content\/uploads\/2020\/03\/LogoTELEMMe-horizontal-fond-transparent.png","width":1500,"height":437,"caption":"TELEMMe"},"image":{"@id":"https:\/\/telemme.mmsh.fr\/#\/schema\/logo\/image\/"}}]}</script>
<!-- / Yoast SEO plugin. -->

La Renaissance en Provence - TELEMMe - Temps, espaces, langages, Europe méridionale, Méditerranée

Congrès organisé par TELEMMe, le CIELAM (AMU), la Fédération historique de Provence (FhP), l&rsquo;Association d&rsquo;études sur la Renaissance, l&rsquo;Humanisme et la Réforme (RHR) et la Bibliothèque l&rsquo;Alcazar. Et les Universités&hellip;&nbsp;Lire la suite &raquo;La Renaissance en Provence

TELEMMe - Temps, espaces, langages, Europe méridionale, Méditerranée

Évènements
