{"id":13031,"date":"2023-09-03T12:17:35","date_gmt":"2023-09-03T10:17:35","guid":{"rendered":"https:\/\/telemme.mmsh.fr\/?post_type=tribe_events&#038;p=13031"},"modified":"2023-09-03T12:17:35","modified_gmt":"2023-09-03T10:17:35","slug":"recherche-et-creation-journee-de-prospective-de-linshs","status":"publish","type":"tribe_events","link":"https:\/\/telemme.mmsh.fr\/?tribe_events=recherche-et-creation-journee-de-prospective-de-linshs","title":{"rendered":"\u00ab\u00a0Recherche et cr\u00e9ation\u00a0\u00bb, Journ\u00e9e de prospective de l&rsquo;INSHS"},"content":{"rendered":"<p>Table-ronde autour du th\u00e8me \u00ab\u00a0Recherche et cr\u00e9ation\u00a0\u00bb dans le cadre de la Journ\u00e9e de prospective de l&rsquo;INSHS (CNRS\/INSHS), Auditorium Marie-Curie, 3 rue Michel-Ange, 75016 Paris<\/p>\n","protected":false},"excerpt":{"rendered":"<p>Table-ronde autour du th\u00e8me \u00ab\u00a0Recherche et cr\u00e9ation\u00a0\u00bb dans le cadre de la Journ\u00e9e de prospective de l&rsquo;INSHS (CNRS\/INSHS), Auditorium Marie-Curie, 3 rue Michel-Ange, 75016 Paris<\/p>\n","protected":false},"author":27,"featured_media":0,"template":"","meta":{"neve_meta_sidebar":"","neve_meta_container":"","neve_meta_enable_content_width":"","neve_meta_content_width":0,"neve_meta_title_alignment":"","neve_meta_author_avatar":"","neve_post_elements_order":"","neve_meta_disable_header":"","neve_meta_disable_footer":"","neve_meta_disable_title":"","_tribe_events_status":"","_tribe_events_status_reason":"","footnotes":""},"tags":[],"tribe_events_cat":[2402],"class_list":["post-13031","tribe_events","type-tribe_events","status-publish","hentry","tribe_events_cat-table-ronde","cat_table-ronde"],"yoast_head":"<!-- This site is optimized with the Yoast SEO plugin v27.4 - https:\/\/yoast.com\/product\/yoast-seo-wordpress\/ -->\n<title>&quot;Recherche et cr\u00e9ation&quot;, Journ\u00e9e de prospective de l&#039;INSHS - TELEMMe - Temps, espaces, langages, Europe m\u00e9ridionale, M\u00e9diterran\u00e9e<\/title>\n<meta name=\"robots\" content=\"index, follow, max-snippet:-1, max-image-preview:large, max-video-preview:-1\" \/>\n<link rel=\"canonical\" href=\"https:\/\/telemme.mmsh.fr\/?tribe_events=recherche-et-creation-journee-de-prospective-de-linshs\" \/>\n<meta property=\"og:locale\" content=\"fr_FR\" \/>\n<meta property=\"og:type\" content=\"article\" \/>\n<meta property=\"og:title\" content=\"&quot;Recherche et cr\u00e9ation&quot;, Journ\u00e9e de prospective de l&#039;INSHS - TELEMMe - Temps, espaces, langages, Europe m\u00e9ridionale, M\u00e9diterran\u00e9e\" \/>\n<meta property=\"og:description\" content=\"Table-ronde autour du th\u00e8me \u00ab\u00a0Recherche et cr\u00e9ation\u00a0\u00bb dans le cadre de la Journ\u00e9e de prospective de l&rsquo;INSHS (CNRS\/INSHS), Auditorium Marie-Curie, 3 rue Michel-Ange, 75016 Paris\" \/>\n<meta property=\"og:url\" content=\"https:\/\/telemme.mmsh.fr\/?tribe_events=recherche-et-creation-journee-de-prospective-de-linshs\" \/>\n<meta property=\"og:site_name\" content=\"TELEMMe - Temps, espaces, langages, Europe m\u00e9ridionale, M\u00e9diterran\u00e9e\" \/>\n<meta name=\"twitter:card\" content=\"summary_large_image\" \/>\n<script type=\"application\/ld+json\" class=\"yoast-schema-graph\">{\"@context\":\"https:\\\/\\\/schema.org\",\"@graph\":[{\"@type\":\"WebPage\",\"@id\":\"https:\\\/\\\/telemme.mmsh.fr\\\/?tribe_events=recherche-et-creation-journee-de-prospective-de-linshs\",\"url\":\"https:\\\/\\\/telemme.mmsh.fr\\\/?tribe_events=recherche-et-creation-journee-de-prospective-de-linshs\",\"name\":\"\\\"Recherche et cr\u00e9ation\\\", Journ\u00e9e de prospective de l'INSHS - TELEMMe - Temps, espaces, langages, Europe m\u00e9ridionale, M\u00e9diterran\u00e9e\",\"isPartOf\":{\"@id\":\"https:\\\/\\\/telemme.mmsh.fr\\\/#website\"},\"datePublished\":\"2023-09-03T10:17:35+00:00\",\"breadcrumb\":{\"@id\":\"https:\\\/\\\/telemme.mmsh.fr\\\/?tribe_events=recherche-et-creation-journee-de-prospective-de-linshs#breadcrumb\"},\"inLanguage\":\"fr-FR\",\"potentialAction\":[{\"@type\":\"ReadAction\",\"target\":[\"https:\\\/\\\/telemme.mmsh.fr\\\/?tribe_events=recherche-et-creation-journee-de-prospective-de-linshs\"]}]},{\"@type\":\"BreadcrumbList\",\"@id\":\"https:\\\/\\\/telemme.mmsh.fr\\\/?tribe_events=recherche-et-creation-journee-de-prospective-de-linshs#breadcrumb\",\"itemListElement\":[{\"@type\":\"ListItem\",\"position\":1,\"name\":\"Accueil\",\"item\":\"https:\\\/\\\/telemme.mmsh.fr\\\/\"},{\"@type\":\"ListItem\",\"position\":2,\"name\":\"\u00c9v\u00e8nements\",\"item\":\"https:\\\/\\\/telemme.mmsh.fr\\\/?post_type=tribe_events\"},{\"@type\":\"ListItem\",\"position\":3,\"name\":\"Table ronde\",\"item\":\"https:\\\/\\\/telemme.mmsh.fr\\\/?tribe_events_cat=table-ronde\"},{\"@type\":\"ListItem\",\"position\":4,\"name\":\"\u00ab\u00a0Recherche et cr\u00e9ation\u00a0\u00bb, Journ\u00e9e de prospective de l&rsquo;INSHS\"}]},{\"@type\":\"WebSite\",\"@id\":\"https:\\\/\\\/telemme.mmsh.fr\\\/#website\",\"url\":\"https:\\\/\\\/telemme.mmsh.fr\\\/\",\"name\":\"TELEMMe - Temps, espaces, langages, Europe m\u00e9ridionale, M\u00e9diterran\u00e9e\",\"description\":\"\",\"publisher\":{\"@id\":\"https:\\\/\\\/telemme.mmsh.fr\\\/#organization\"},\"potentialAction\":[{\"@type\":\"SearchAction\",\"target\":{\"@type\":\"EntryPoint\",\"urlTemplate\":\"https:\\\/\\\/telemme.mmsh.fr\\\/?s={search_term_string}\"},\"query-input\":{\"@type\":\"PropertyValueSpecification\",\"valueRequired\":true,\"valueName\":\"search_term_string\"}}],\"inLanguage\":\"fr-FR\"},{\"@type\":\"Organization\",\"@id\":\"https:\\\/\\\/telemme.mmsh.fr\\\/#organization\",\"name\":\"TELEMMe\",\"url\":\"https:\\\/\\\/telemme.mmsh.fr\\\/\",\"logo\":{\"@type\":\"ImageObject\",\"inLanguage\":\"fr-FR\",\"@id\":\"https:\\\/\\\/telemme.mmsh.fr\\\/#\\\/schema\\\/logo\\\/image\\\/\",\"url\":\"https:\\\/\\\/telemme.mmsh.fr\\\/wp-content\\\/uploads\\\/2020\\\/03\\\/LogoTELEMMe-horizontal-fond-transparent.png\",\"contentUrl\":\"https:\\\/\\\/telemme.mmsh.fr\\\/wp-content\\\/uploads\\\/2020\\\/03\\\/LogoTELEMMe-horizontal-fond-transparent.png\",\"width\":1500,\"height\":437,\"caption\":\"TELEMMe\"},\"image\":{\"@id\":\"https:\\\/\\\/telemme.mmsh.fr\\\/#\\\/schema\\\/logo\\\/image\\\/\"}}]}<\/script>\n<!-- \/ Yoast SEO plugin. -->","yoast_head_json":{"title":"\"Recherche et cr\u00e9ation\", Journ\u00e9e de prospective de l'INSHS - TELEMMe - Temps, espaces, langages, Europe m\u00e9ridionale, M\u00e9diterran\u00e9e","robots":{"index":"index","follow":"follow","max-snippet":"max-snippet:-1","max-image-preview":"max-image-preview:large","max-video-preview":"max-video-preview:-1"},"canonical":"https:\/\/telemme.mmsh.fr\/?tribe_events=recherche-et-creation-journee-de-prospective-de-linshs","og_locale":"fr_FR","og_type":"article","og_title":"\"Recherche et cr\u00e9ation\", Journ\u00e9e de prospective de l'INSHS - TELEMMe - Temps, espaces, langages, Europe m\u00e9ridionale, M\u00e9diterran\u00e9e","og_description":"Table-ronde autour du th\u00e8me \u00ab\u00a0Recherche et cr\u00e9ation\u00a0\u00bb dans le cadre de la Journ\u00e9e de prospective de l&rsquo;INSHS (CNRS\/INSHS), Auditorium Marie-Curie, 3 rue Michel-Ange, 75016 Paris","og_url":"https:\/\/telemme.mmsh.fr\/?tribe_events=recherche-et-creation-journee-de-prospective-de-linshs","og_site_name":"TELEMMe - Temps, espaces, langages, Europe m\u00e9ridionale, M\u00e9diterran\u00e9e","twitter_card":"summary_large_image","schema":{"@context":"https:\/\/schema.org","@graph":[{"@type":"WebPage","@id":"https:\/\/telemme.mmsh.fr\/?tribe_events=recherche-et-creation-journee-de-prospective-de-linshs","url":"https:\/\/telemme.mmsh.fr\/?tribe_events=recherche-et-creation-journee-de-prospective-de-linshs","name":"\"Recherche et cr\u00e9ation\", Journ\u00e9e de prospective de l'INSHS - TELEMMe - Temps, espaces, langages, Europe m\u00e9ridionale, M\u00e9diterran\u00e9e","isPartOf":{"@id":"https:\/\/telemme.mmsh.fr\/#website"},"datePublished":"2023-09-03T10:17:35+00:00","breadcrumb":{"@id":"https:\/\/telemme.mmsh.fr\/?tribe_events=recherche-et-creation-journee-de-prospective-de-linshs#breadcrumb"},"inLanguage":"fr-FR","potentialAction":[{"@type":"ReadAction","target":["https:\/\/telemme.mmsh.fr\/?tribe_events=recherche-et-creation-journee-de-prospective-de-linshs"]}]},{"@type":"BreadcrumbList","@id":"https:\/\/telemme.mmsh.fr\/?tribe_events=recherche-et-creation-journee-de-prospective-de-linshs#breadcrumb","itemListElement":[{"@type":"ListItem","position":1,"name":"Accueil","item":"https:\/\/telemme.mmsh.fr\/"},{"@type":"ListItem","position":2,"name":"\u00c9v\u00e8nements","item":"https:\/\/telemme.mmsh.fr\/?post_type=tribe_events"},{"@type":"ListItem","position":3,"name":"Table ronde","item":"https:\/\/telemme.mmsh.fr\/?tribe_events_cat=table-ronde"},{"@type":"ListItem","position":4,"name":"\u00ab\u00a0Recherche et cr\u00e9ation\u00a0\u00bb, Journ\u00e9e de prospective de l&rsquo;INSHS"}]},{"@type":"WebSite","@id":"https:\/\/telemme.mmsh.fr\/#website","url":"https:\/\/telemme.mmsh.fr\/","name":"TELEMMe - Temps, espaces, langages, Europe m\u00e9ridionale, M\u00e9diterran\u00e9e","description":"","publisher":{"@id":"https:\/\/telemme.mmsh.fr\/#organization"},"potentialAction":[{"@type":"SearchAction","target":{"@type":"EntryPoint","urlTemplate":"https:\/\/telemme.mmsh.fr\/?s={search_term_string}"},"query-input":{"@type":"PropertyValueSpecification","valueRequired":true,"valueName":"search_term_string"}}],"inLanguage":"fr-FR"},{"@type":"Organization","@id":"https:\/\/telemme.mmsh.fr\/#organization","name":"TELEMMe","url":"https:\/\/telemme.mmsh.fr\/","logo":{"@type":"ImageObject","inLanguage":"fr-FR","@id":"https:\/\/telemme.mmsh.fr\/#\/schema\/logo\/image\/","url":"https:\/\/telemme.mmsh.fr\/wp-content\/uploads\/2020\/03\/LogoTELEMMe-horizontal-fond-transparent.png","contentUrl":"https:\/\/telemme.mmsh.fr\/wp-content\/uploads\/2020\/03\/LogoTELEMMe-horizontal-fond-transparent.png","width":1500,"height":437,"caption":"TELEMMe"},"image":{"@id":"https:\/\/telemme.mmsh.fr\/#\/schema\/logo\/image\/"}}]}},"_links":{"self":[{"href":"https:\/\/telemme.mmsh.fr\/index.php?rest_route=\/wp\/v2\/tribe_events\/13031","targetHints":{"allow":["GET"]}}],"collection":[{"href":"https:\/\/telemme.mmsh.fr\/index.php?rest_route=\/wp\/v2\/tribe_events"}],"about":[{"href":"https:\/\/telemme.mmsh.fr\/index.php?rest_route=\/wp\/v2\/types\/tribe_events"}],"author":[{"embeddable":true,"href":"https:\/\/telemme.mmsh.fr\/index.php?rest_route=\/wp\/v2\/users\/27"}],"version-history":[{"count":2,"href":"https:\/\/telemme.mmsh.fr\/index.php?rest_route=\/wp\/v2\/tribe_events\/13031\/revisions"}],"predecessor-version":[{"id":13034,"href":"https:\/\/telemme.mmsh.fr\/index.php?rest_route=\/wp\/v2\/tribe_events\/13031\/revisions\/13034"}],"wp:attachment":[{"href":"https:\/\/telemme.mmsh.fr\/index.php?rest_route=%2Fwp%2Fv2%2Fmedia&parent=13031"}],"wp:term":[{"taxonomy":"post_tag","embeddable":true,"href":"https:\/\/telemme.mmsh.fr\/index.php?rest_route=%2Fwp%2Fv2%2Ftags&post=13031"},{"taxonomy":"tribe_events_cat","embeddable":true,"href":"https:\/\/telemme.mmsh.fr\/index.php?rest_route=%2Fwp%2Fv2%2Ftribe_events_cat&post=13031"}],"curies":[{"name":"wp","href":"https:\/\/api.w.org\/{rel}","templated":true}]}}

« Recherche et création », Journée de prospective de l&rsquo;INSHS

<p>Table-ronde autour du thème « Recherche et création » dans le cadre de la Journée de prospective de l&rsquo;INSHS (CNRS/INSHS), Auditorium Marie-Curie, 3 rue Michel-Ange, 75016 Paris</p>

<!-- This site is optimized with the Yoast SEO plugin v27.4 - https://yoast.com/product/yoast-seo-wordpress/ -->
<title>&quot;Recherche et création&quot;, Journée de prospective de l&#039;INSHS - TELEMMe - Temps, espaces, langages, Europe méridionale, Méditerranée</title>
<meta name="robots" content="index, follow, max-snippet:-1, max-image-preview:large, max-video-preview:-1" />
<link rel="canonical" href="https://telemme.mmsh.fr/?tribe_events=recherche-et-creation-journee-de-prospective-de-linshs" />
<meta property="og:locale" content="fr_FR" />
<meta property="og:type" content="article" />
<meta property="og:title" content="&quot;Recherche et création&quot;, Journée de prospective de l&#039;INSHS - TELEMMe - Temps, espaces, langages, Europe méridionale, Méditerranée" />
<meta property="og:description" content="Table-ronde autour du thème « Recherche et création » dans le cadre de la Journée de prospective de l&rsquo;INSHS (CNRS/INSHS), Auditorium Marie-Curie, 3 rue Michel-Ange, 75016 Paris" />
<meta property="og:url" content="https://telemme.mmsh.fr/?tribe_events=recherche-et-creation-journee-de-prospective-de-linshs" />
<meta property="og:site_name" content="TELEMMe - Temps, espaces, langages, Europe méridionale, Méditerranée" />
<meta name="twitter:card" content="summary_large_image" />
<script type="application/ld+json" class="yoast-schema-graph">{"@context":"https:\/\/schema.org","@graph":[{"@type":"WebPage","@id":"https:\/\/telemme.mmsh.fr\/?tribe_events=recherche-et-creation-journee-de-prospective-de-linshs","url":"https:\/\/telemme.mmsh.fr\/?tribe_events=recherche-et-creation-journee-de-prospective-de-linshs","name":"\"Recherche et création\", Journée de prospective de l'INSHS - TELEMMe - Temps, espaces, langages, Europe méridionale, Méditerranée","isPartOf":{"@id":"https:\/\/telemme.mmsh.fr\/#website"},"datePublished":"2023-09-03T10:17:35+00:00","breadcrumb":{"@id":"https:\/\/telemme.mmsh.fr\/?tribe_events=recherche-et-creation-journee-de-prospective-de-linshs#breadcrumb"},"inLanguage":"fr-FR","potentialAction":[{"@type":"ReadAction","target":["https:\/\/telemme.mmsh.fr\/?tribe_events=recherche-et-creation-journee-de-prospective-de-linshs"]}]},{"@type":"BreadcrumbList","@id":"https:\/\/telemme.mmsh.fr\/?tribe_events=recherche-et-creation-journee-de-prospective-de-linshs#breadcrumb","itemListElement":[{"@type":"ListItem","position":1,"name":"Accueil","item":"https:\/\/telemme.mmsh.fr\/"},{"@type":"ListItem","position":2,"name":"Évènements","item":"https:\/\/telemme.mmsh.fr\/?post_type=tribe_events"},{"@type":"ListItem","position":3,"name":"Table ronde","item":"https:\/\/telemme.mmsh.fr\/?tribe_events_cat=table-ronde"},{"@type":"ListItem","position":4,"name":"« Recherche et création », Journée de prospective de l&rsquo;INSHS"}]},{"@type":"WebSite","@id":"https:\/\/telemme.mmsh.fr\/#website","url":"https:\/\/telemme.mmsh.fr\/","name":"TELEMMe - Temps, espaces, langages, Europe méridionale, Méditerranée","description":"","publisher":{"@id":"https:\/\/telemme.mmsh.fr\/#organization"},"potentialAction":[{"@type":"SearchAction","target":{"@type":"EntryPoint","urlTemplate":"https:\/\/telemme.mmsh.fr\/?s={search_term_string}"},"query-input":{"@type":"PropertyValueSpecification","valueRequired":true,"valueName":"search_term_string"}}],"inLanguage":"fr-FR"},{"@type":"Organization","@id":"https:\/\/telemme.mmsh.fr\/#organization","name":"TELEMMe","url":"https:\/\/telemme.mmsh.fr\/","logo":{"@type":"ImageObject","inLanguage":"fr-FR","@id":"https:\/\/telemme.mmsh.fr\/#\/schema\/logo\/image\/","url":"https:\/\/telemme.mmsh.fr\/wp-content\/uploads\/2020\/03\/LogoTELEMMe-horizontal-fond-transparent.png","contentUrl":"https:\/\/telemme.mmsh.fr\/wp-content\/uploads\/2020\/03\/LogoTELEMMe-horizontal-fond-transparent.png","width":1500,"height":437,"caption":"TELEMMe"},"image":{"@id":"https:\/\/telemme.mmsh.fr\/#\/schema\/logo\/image\/"}}]}</script>
<!-- / Yoast SEO plugin. -->

"Recherche et création", Journée de prospective de l'INSHS - TELEMMe - Temps, espaces, langages, Europe méridionale, Méditerranée

Table-ronde autour du thème « Recherche et création » dans le cadre de la Journée de prospective de l&rsquo;INSHS (CNRS/INSHS), Auditorium Marie-Curie, 3 rue Michel-Ange, 75016 Paris

TELEMMe - Temps, espaces, langages, Europe méridionale, Méditerranée

Évènements
