{"id":12431,"date":"2023-01-30T09:39:08","date_gmt":"2023-01-30T08:39:08","guid":{"rendered":"https:\/\/telemme.mmsh.fr\/?post_type=tribe_events&#038;p=12431"},"modified":"2023-05-15T11:35:01","modified_gmt":"2023-05-15T09:35:01","slug":"les-habitants-acteurs-du-logement","status":"publish","type":"tribe_events","link":"https:\/\/telemme.mmsh.fr\/?tribe_events=les-habitants-acteurs-du-logement","title":{"rendered":"Les habitants acteurs du logement"},"content":{"rendered":"<p>Journ\u00e9es Jeunes chercheur\u00b7es du r\u00e9seau REHAL 2023 \u00ab REcherche HAbitat-Logement \u00bb<\/p>\n<p>En collaboration avec:<\/p>\n<p>INAMA,<\/p>\n<p>LPED,<\/p>\n<p>HAM\u00e9D<\/p>\n<p>REHAL<\/p>\n<p>&nbsp;<\/p>\n<p><a href=\"https:\/\/telemme.mmsh.fr\/?evenement=journees-jeunes-chercheur%C2%B7ses-du-rehal-les-habitant%C2%B7es-acteur%C2%B7ices-du-logement\">Programme.<\/a><\/p>\n","protected":false},"excerpt":{"rendered":"<p>Journ\u00e9es Jeunes chercheur\u00b7es du r\u00e9seau REHAL 2023 \u00ab REcherche HAbitat-Logement \u00bb En collaboration avec: INAMA, LPED, HAM\u00e9D REHAL &nbsp; Programme.<\/p>\n","protected":false},"author":175,"featured_media":12838,"template":"","meta":{"neve_meta_sidebar":"","neve_meta_container":"","neve_meta_enable_content_width":"","neve_meta_content_width":0,"neve_meta_title_alignment":"","neve_meta_author_avatar":"","neve_post_elements_order":"","neve_meta_disable_header":"","neve_meta_disable_footer":"","neve_meta_disable_title":"","_tribe_events_status":"","_tribe_events_status_reason":"","footnotes":""},"tags":[2630],"tribe_events_cat":[1956],"class_list":["post-12431","tribe_events","type-tribe_events","status-publish","has-post-thumbnail","hentry","tag-rehal","tribe_events_cat-journee-jeunes-chercheureuses-telemme","cat_journee-jeunes-chercheureuses-telemme"],"yoast_head":"<!-- This site is optimized with the Yoast SEO plugin v27.4 - https:\/\/yoast.com\/product\/yoast-seo-wordpress\/ -->\n<title>Les habitants acteurs du logement - TELEMMe - Temps, espaces, langages, Europe m\u00e9ridionale, M\u00e9diterran\u00e9e<\/title>\n<meta name=\"description\" content=\"Journ\u00e9es Jeunes chercheur\u00b7es du REHAL 2023 - 8 et 9 juin 2023Maison M\u00e9diterran\u00e9enne des Sciences de l\u2019Homme - Aix-Marseille Universit\u00e9\" \/>\n<meta name=\"robots\" content=\"index, follow, max-snippet:-1, max-image-preview:large, max-video-preview:-1\" \/>\n<link rel=\"canonical\" href=\"https:\/\/telemme.mmsh.fr\/?tribe_events=les-habitants-acteurs-du-logement\" \/>\n<meta property=\"og:locale\" content=\"fr_FR\" \/>\n<meta property=\"og:type\" content=\"article\" \/>\n<meta property=\"og:title\" content=\"Les habitants acteurs du logement - TELEMMe - Temps, espaces, langages, Europe m\u00e9ridionale, M\u00e9diterran\u00e9e\" \/>\n<meta property=\"og:description\" content=\"Journ\u00e9es Jeunes chercheur\u00b7es du REHAL 2023 - 8 et 9 juin 2023Maison M\u00e9diterran\u00e9enne des Sciences de l\u2019Homme - Aix-Marseille Universit\u00e9\" \/>\n<meta property=\"og:url\" content=\"https:\/\/telemme.mmsh.fr\/?tribe_events=les-habitants-acteurs-du-logement\" \/>\n<meta property=\"og:site_name\" content=\"TELEMMe - Temps, espaces, langages, Europe m\u00e9ridionale, M\u00e9diterran\u00e9e\" \/>\n<meta property=\"article:modified_time\" content=\"2023-05-15T09:35:01+00:00\" \/>\n<meta property=\"og:image\" content=\"https:\/\/telemme.mmsh.fr\/wp-content\/uploads\/2023\/05\/rehal.png\" \/>\n\t<meta property=\"og:image:width\" content=\"242\" \/>\n\t<meta property=\"og:image:height\" content=\"276\" \/>\n\t<meta property=\"og:image:type\" content=\"image\/png\" \/>\n<meta name=\"twitter:card\" content=\"summary_large_image\" \/>\n<script type=\"application\/ld+json\" class=\"yoast-schema-graph\">{\"@context\":\"https:\\\/\\\/schema.org\",\"@graph\":[{\"@type\":\"WebPage\",\"@id\":\"https:\\\/\\\/telemme.mmsh.fr\\\/?tribe_events=les-habitants-acteurs-du-logement\",\"url\":\"https:\\\/\\\/telemme.mmsh.fr\\\/?tribe_events=les-habitants-acteurs-du-logement\",\"name\":\"Les habitants acteurs du logement - TELEMMe - Temps, espaces, langages, Europe m\u00e9ridionale, M\u00e9diterran\u00e9e\",\"isPartOf\":{\"@id\":\"https:\\\/\\\/telemme.mmsh.fr\\\/#website\"},\"primaryImageOfPage\":{\"@id\":\"https:\\\/\\\/telemme.mmsh.fr\\\/?tribe_events=les-habitants-acteurs-du-logement#primaryimage\"},\"image\":{\"@id\":\"https:\\\/\\\/telemme.mmsh.fr\\\/?tribe_events=les-habitants-acteurs-du-logement#primaryimage\"},\"thumbnailUrl\":\"https:\\\/\\\/telemme.mmsh.fr\\\/wp-content\\\/uploads\\\/2023\\\/05\\\/rehal.png\",\"datePublished\":\"2023-01-30T08:39:08+00:00\",\"dateModified\":\"2023-05-15T09:35:01+00:00\",\"description\":\"Journ\u00e9es Jeunes chercheur\u00b7es du REHAL 2023 - 8 et 9 juin 2023Maison M\u00e9diterran\u00e9enne des Sciences de l\u2019Homme - Aix-Marseille Universit\u00e9\",\"breadcrumb\":{\"@id\":\"https:\\\/\\\/telemme.mmsh.fr\\\/?tribe_events=les-habitants-acteurs-du-logement#breadcrumb\"},\"inLanguage\":\"fr-FR\",\"potentialAction\":[{\"@type\":\"ReadAction\",\"target\":[\"https:\\\/\\\/telemme.mmsh.fr\\\/?tribe_events=les-habitants-acteurs-du-logement\"]}]},{\"@type\":\"ImageObject\",\"inLanguage\":\"fr-FR\",\"@id\":\"https:\\\/\\\/telemme.mmsh.fr\\\/?tribe_events=les-habitants-acteurs-du-logement#primaryimage\",\"url\":\"https:\\\/\\\/telemme.mmsh.fr\\\/wp-content\\\/uploads\\\/2023\\\/05\\\/rehal.png\",\"contentUrl\":\"https:\\\/\\\/telemme.mmsh.fr\\\/wp-content\\\/uploads\\\/2023\\\/05\\\/rehal.png\",\"width\":242,\"height\":276},{\"@type\":\"BreadcrumbList\",\"@id\":\"https:\\\/\\\/telemme.mmsh.fr\\\/?tribe_events=les-habitants-acteurs-du-logement#breadcrumb\",\"itemListElement\":[{\"@type\":\"ListItem\",\"position\":1,\"name\":\"Accueil\",\"item\":\"https:\\\/\\\/telemme.mmsh.fr\\\/\"},{\"@type\":\"ListItem\",\"position\":2,\"name\":\"\u00c9v\u00e8nements\",\"item\":\"https:\\\/\\\/telemme.mmsh.fr\\\/?post_type=tribe_events\"},{\"@type\":\"ListItem\",\"position\":3,\"name\":\"Journ\u00e9e Jeunes chercheur\u00b7euses TELEMMe\",\"item\":\"https:\\\/\\\/telemme.mmsh.fr\\\/?tribe_events_cat=journee-jeunes-chercheur%c2%b7euses-telemme\"},{\"@type\":\"ListItem\",\"position\":4,\"name\":\"Les habitants acteurs du logement\"}]},{\"@type\":\"WebSite\",\"@id\":\"https:\\\/\\\/telemme.mmsh.fr\\\/#website\",\"url\":\"https:\\\/\\\/telemme.mmsh.fr\\\/\",\"name\":\"TELEMMe - Temps, espaces, langages, Europe m\u00e9ridionale, M\u00e9diterran\u00e9e\",\"description\":\"\",\"publisher\":{\"@id\":\"https:\\\/\\\/telemme.mmsh.fr\\\/#organization\"},\"potentialAction\":[{\"@type\":\"SearchAction\",\"target\":{\"@type\":\"EntryPoint\",\"urlTemplate\":\"https:\\\/\\\/telemme.mmsh.fr\\\/?s={search_term_string}\"},\"query-input\":{\"@type\":\"PropertyValueSpecification\",\"valueRequired\":true,\"valueName\":\"search_term_string\"}}],\"inLanguage\":\"fr-FR\"},{\"@type\":\"Organization\",\"@id\":\"https:\\\/\\\/telemme.mmsh.fr\\\/#organization\",\"name\":\"TELEMMe\",\"url\":\"https:\\\/\\\/telemme.mmsh.fr\\\/\",\"logo\":{\"@type\":\"ImageObject\",\"inLanguage\":\"fr-FR\",\"@id\":\"https:\\\/\\\/telemme.mmsh.fr\\\/#\\\/schema\\\/logo\\\/image\\\/\",\"url\":\"https:\\\/\\\/telemme.mmsh.fr\\\/wp-content\\\/uploads\\\/2020\\\/03\\\/LogoTELEMMe-horizontal-fond-transparent.png\",\"contentUrl\":\"https:\\\/\\\/telemme.mmsh.fr\\\/wp-content\\\/uploads\\\/2020\\\/03\\\/LogoTELEMMe-horizontal-fond-transparent.png\",\"width\":1500,\"height\":437,\"caption\":\"TELEMMe\"},\"image\":{\"@id\":\"https:\\\/\\\/telemme.mmsh.fr\\\/#\\\/schema\\\/logo\\\/image\\\/\"}}]}<\/script>\n<!-- \/ Yoast SEO plugin. -->","yoast_head_json":{"title":"Les habitants acteurs du logement - TELEMMe - Temps, espaces, langages, Europe m\u00e9ridionale, M\u00e9diterran\u00e9e","description":"Journ\u00e9es Jeunes chercheur\u00b7es du REHAL 2023 - 8 et 9 juin 2023Maison M\u00e9diterran\u00e9enne des Sciences de l\u2019Homme - Aix-Marseille Universit\u00e9","robots":{"index":"index","follow":"follow","max-snippet":"max-snippet:-1","max-image-preview":"max-image-preview:large","max-video-preview":"max-video-preview:-1"},"canonical":"https:\/\/telemme.mmsh.fr\/?tribe_events=les-habitants-acteurs-du-logement","og_locale":"fr_FR","og_type":"article","og_title":"Les habitants acteurs du logement - TELEMMe - Temps, espaces, langages, Europe m\u00e9ridionale, M\u00e9diterran\u00e9e","og_description":"Journ\u00e9es Jeunes chercheur\u00b7es du REHAL 2023 - 8 et 9 juin 2023Maison M\u00e9diterran\u00e9enne des Sciences de l\u2019Homme - Aix-Marseille Universit\u00e9","og_url":"https:\/\/telemme.mmsh.fr\/?tribe_events=les-habitants-acteurs-du-logement","og_site_name":"TELEMMe - Temps, espaces, langages, Europe m\u00e9ridionale, M\u00e9diterran\u00e9e","article_modified_time":"2023-05-15T09:35:01+00:00","og_image":[{"width":242,"height":276,"url":"https:\/\/telemme.mmsh.fr\/wp-content\/uploads\/2023\/05\/rehal.png","type":"image\/png"}],"twitter_card":"summary_large_image","schema":{"@context":"https:\/\/schema.org","@graph":[{"@type":"WebPage","@id":"https:\/\/telemme.mmsh.fr\/?tribe_events=les-habitants-acteurs-du-logement","url":"https:\/\/telemme.mmsh.fr\/?tribe_events=les-habitants-acteurs-du-logement","name":"Les habitants acteurs du logement - TELEMMe - Temps, espaces, langages, Europe m\u00e9ridionale, M\u00e9diterran\u00e9e","isPartOf":{"@id":"https:\/\/telemme.mmsh.fr\/#website"},"primaryImageOfPage":{"@id":"https:\/\/telemme.mmsh.fr\/?tribe_events=les-habitants-acteurs-du-logement#primaryimage"},"image":{"@id":"https:\/\/telemme.mmsh.fr\/?tribe_events=les-habitants-acteurs-du-logement#primaryimage"},"thumbnailUrl":"https:\/\/telemme.mmsh.fr\/wp-content\/uploads\/2023\/05\/rehal.png","datePublished":"2023-01-30T08:39:08+00:00","dateModified":"2023-05-15T09:35:01+00:00","description":"Journ\u00e9es Jeunes chercheur\u00b7es du REHAL 2023 - 8 et 9 juin 2023Maison M\u00e9diterran\u00e9enne des Sciences de l\u2019Homme - Aix-Marseille Universit\u00e9","breadcrumb":{"@id":"https:\/\/telemme.mmsh.fr\/?tribe_events=les-habitants-acteurs-du-logement#breadcrumb"},"inLanguage":"fr-FR","potentialAction":[{"@type":"ReadAction","target":["https:\/\/telemme.mmsh.fr\/?tribe_events=les-habitants-acteurs-du-logement"]}]},{"@type":"ImageObject","inLanguage":"fr-FR","@id":"https:\/\/telemme.mmsh.fr\/?tribe_events=les-habitants-acteurs-du-logement#primaryimage","url":"https:\/\/telemme.mmsh.fr\/wp-content\/uploads\/2023\/05\/rehal.png","contentUrl":"https:\/\/telemme.mmsh.fr\/wp-content\/uploads\/2023\/05\/rehal.png","width":242,"height":276},{"@type":"BreadcrumbList","@id":"https:\/\/telemme.mmsh.fr\/?tribe_events=les-habitants-acteurs-du-logement#breadcrumb","itemListElement":[{"@type":"ListItem","position":1,"name":"Accueil","item":"https:\/\/telemme.mmsh.fr\/"},{"@type":"ListItem","position":2,"name":"\u00c9v\u00e8nements","item":"https:\/\/telemme.mmsh.fr\/?post_type=tribe_events"},{"@type":"ListItem","position":3,"name":"Journ\u00e9e Jeunes chercheur\u00b7euses TELEMMe","item":"https:\/\/telemme.mmsh.fr\/?tribe_events_cat=journee-jeunes-chercheur%c2%b7euses-telemme"},{"@type":"ListItem","position":4,"name":"Les habitants acteurs du logement"}]},{"@type":"WebSite","@id":"https:\/\/telemme.mmsh.fr\/#website","url":"https:\/\/telemme.mmsh.fr\/","name":"TELEMMe - Temps, espaces, langages, Europe m\u00e9ridionale, M\u00e9diterran\u00e9e","description":"","publisher":{"@id":"https:\/\/telemme.mmsh.fr\/#organization"},"potentialAction":[{"@type":"SearchAction","target":{"@type":"EntryPoint","urlTemplate":"https:\/\/telemme.mmsh.fr\/?s={search_term_string}"},"query-input":{"@type":"PropertyValueSpecification","valueRequired":true,"valueName":"search_term_string"}}],"inLanguage":"fr-FR"},{"@type":"Organization","@id":"https:\/\/telemme.mmsh.fr\/#organization","name":"TELEMMe","url":"https:\/\/telemme.mmsh.fr\/","logo":{"@type":"ImageObject","inLanguage":"fr-FR","@id":"https:\/\/telemme.mmsh.fr\/#\/schema\/logo\/image\/","url":"https:\/\/telemme.mmsh.fr\/wp-content\/uploads\/2020\/03\/LogoTELEMMe-horizontal-fond-transparent.png","contentUrl":"https:\/\/telemme.mmsh.fr\/wp-content\/uploads\/2020\/03\/LogoTELEMMe-horizontal-fond-transparent.png","width":1500,"height":437,"caption":"TELEMMe"},"image":{"@id":"https:\/\/telemme.mmsh.fr\/#\/schema\/logo\/image\/"}}]}},"_links":{"self":[{"href":"https:\/\/telemme.mmsh.fr\/index.php?rest_route=\/wp\/v2\/tribe_events\/12431","targetHints":{"allow":["GET"]}}],"collection":[{"href":"https:\/\/telemme.mmsh.fr\/index.php?rest_route=\/wp\/v2\/tribe_events"}],"about":[{"href":"https:\/\/telemme.mmsh.fr\/index.php?rest_route=\/wp\/v2\/types\/tribe_events"}],"author":[{"embeddable":true,"href":"https:\/\/telemme.mmsh.fr\/index.php?rest_route=\/wp\/v2\/users\/175"}],"version-history":[{"count":5,"href":"https:\/\/telemme.mmsh.fr\/index.php?rest_route=\/wp\/v2\/tribe_events\/12431\/revisions"}],"predecessor-version":[{"id":12839,"href":"https:\/\/telemme.mmsh.fr\/index.php?rest_route=\/wp\/v2\/tribe_events\/12431\/revisions\/12839"}],"wp:featuredmedia":[{"embeddable":true,"href":"https:\/\/telemme.mmsh.fr\/index.php?rest_route=\/wp\/v2\/media\/12838"}],"wp:attachment":[{"href":"https:\/\/telemme.mmsh.fr\/index.php?rest_route=%2Fwp%2Fv2%2Fmedia&parent=12431"}],"wp:term":[{"taxonomy":"post_tag","embeddable":true,"href":"https:\/\/telemme.mmsh.fr\/index.php?rest_route=%2Fwp%2Fv2%2Ftags&post=12431"},{"taxonomy":"tribe_events_cat","embeddable":true,"href":"https:\/\/telemme.mmsh.fr\/index.php?rest_route=%2Fwp%2Fv2%2Ftribe_events_cat&post=12431"}],"curies":[{"name":"wp","href":"https:\/\/api.w.org\/{rel}","templated":true}]}}

<p>Journées Jeunes chercheur·es du réseau REHAL 2023 « REcherche HAbitat-Logement »</p>
<p>En collaboration avec:</p>
<p>INAMA,</p>
<p>LPED,</p>
<p>HAMéD</p>
<p>REHAL</p>
<p>&nbsp;</p>
<p><a href="https://telemme.mmsh.fr/?evenement=journees-jeunes-chercheur%C2%B7ses-du-rehal-les-habitant%C2%B7es-acteur%C2%B7ices-du-logement">Programme.</a></p>

<p>Journées Jeunes chercheur·es du réseau REHAL 2023 « REcherche HAbitat-Logement » En collaboration avec: INAMA, LPED, HAMéD REHAL &nbsp; Programme.</p>

<!-- This site is optimized with the Yoast SEO plugin v27.4 - https://yoast.com/product/yoast-seo-wordpress/ -->
<title>Les habitants acteurs du logement - TELEMMe - Temps, espaces, langages, Europe méridionale, Méditerranée</title>
<meta name="description" content="Journées Jeunes chercheur·es du REHAL 2023 - 8 et 9 juin 2023Maison Méditerranéenne des Sciences de l’Homme - Aix-Marseille Université" />
<meta name="robots" content="index, follow, max-snippet:-1, max-image-preview:large, max-video-preview:-1" />
<link rel="canonical" href="https://telemme.mmsh.fr/?tribe_events=les-habitants-acteurs-du-logement" />
<meta property="og:locale" content="fr_FR" />
<meta property="og:type" content="article" />
<meta property="og:title" content="Les habitants acteurs du logement - TELEMMe - Temps, espaces, langages, Europe méridionale, Méditerranée" />
<meta property="og:description" content="Journées Jeunes chercheur·es du REHAL 2023 - 8 et 9 juin 2023Maison Méditerranéenne des Sciences de l’Homme - Aix-Marseille Université" />
<meta property="og:url" content="https://telemme.mmsh.fr/?tribe_events=les-habitants-acteurs-du-logement" />
<meta property="og:site_name" content="TELEMMe - Temps, espaces, langages, Europe méridionale, Méditerranée" />
<meta property="article:modified_time" content="2023-05-15T09:35:01+00:00" />
<meta property="og:image" content="https://telemme.mmsh.fr/wp-content/uploads/2023/05/rehal.png" />
	<meta property="og:image:width" content="242" />
	<meta property="og:image:height" content="276" />
	<meta property="og:image:type" content="image/png" />
<meta name="twitter:card" content="summary_large_image" />
<script type="application/ld+json" class="yoast-schema-graph">{"@context":"https:\/\/schema.org","@graph":[{"@type":"WebPage","@id":"https:\/\/telemme.mmsh.fr\/?tribe_events=les-habitants-acteurs-du-logement","url":"https:\/\/telemme.mmsh.fr\/?tribe_events=les-habitants-acteurs-du-logement","name":"Les habitants acteurs du logement - TELEMMe - Temps, espaces, langages, Europe méridionale, Méditerranée","isPartOf":{"@id":"https:\/\/telemme.mmsh.fr\/#website"},"primaryImageOfPage":{"@id":"https:\/\/telemme.mmsh.fr\/?tribe_events=les-habitants-acteurs-du-logement#primaryimage"},"image":{"@id":"https:\/\/telemme.mmsh.fr\/?tribe_events=les-habitants-acteurs-du-logement#primaryimage"},"thumbnailUrl":"https:\/\/telemme.mmsh.fr\/wp-content\/uploads\/2023\/05\/rehal.png","datePublished":"2023-01-30T08:39:08+00:00","dateModified":"2023-05-15T09:35:01+00:00","description":"Journées Jeunes chercheur·es du REHAL 2023 - 8 et 9 juin 2023Maison Méditerranéenne des Sciences de l’Homme - Aix-Marseille Université","breadcrumb":{"@id":"https:\/\/telemme.mmsh.fr\/?tribe_events=les-habitants-acteurs-du-logement#breadcrumb"},"inLanguage":"fr-FR","potentialAction":[{"@type":"ReadAction","target":["https:\/\/telemme.mmsh.fr\/?tribe_events=les-habitants-acteurs-du-logement"]}]},{"@type":"ImageObject","inLanguage":"fr-FR","@id":"https:\/\/telemme.mmsh.fr\/?tribe_events=les-habitants-acteurs-du-logement#primaryimage","url":"https:\/\/telemme.mmsh.fr\/wp-content\/uploads\/2023\/05\/rehal.png","contentUrl":"https:\/\/telemme.mmsh.fr\/wp-content\/uploads\/2023\/05\/rehal.png","width":242,"height":276},{"@type":"BreadcrumbList","@id":"https:\/\/telemme.mmsh.fr\/?tribe_events=les-habitants-acteurs-du-logement#breadcrumb","itemListElement":[{"@type":"ListItem","position":1,"name":"Accueil","item":"https:\/\/telemme.mmsh.fr\/"},{"@type":"ListItem","position":2,"name":"Évènements","item":"https:\/\/telemme.mmsh.fr\/?post_type=tribe_events"},{"@type":"ListItem","position":3,"name":"Journée Jeunes chercheur·euses TELEMMe","item":"https:\/\/telemme.mmsh.fr\/?tribe_events_cat=journee-jeunes-chercheur%c2%b7euses-telemme"},{"@type":"ListItem","position":4,"name":"Les habitants acteurs du logement"}]},{"@type":"WebSite","@id":"https:\/\/telemme.mmsh.fr\/#website","url":"https:\/\/telemme.mmsh.fr\/","name":"TELEMMe - Temps, espaces, langages, Europe méridionale, Méditerranée","description":"","publisher":{"@id":"https:\/\/telemme.mmsh.fr\/#organization"},"potentialAction":[{"@type":"SearchAction","target":{"@type":"EntryPoint","urlTemplate":"https:\/\/telemme.mmsh.fr\/?s={search_term_string}"},"query-input":{"@type":"PropertyValueSpecification","valueRequired":true,"valueName":"search_term_string"}}],"inLanguage":"fr-FR"},{"@type":"Organization","@id":"https:\/\/telemme.mmsh.fr\/#organization","name":"TELEMMe","url":"https:\/\/telemme.mmsh.fr\/","logo":{"@type":"ImageObject","inLanguage":"fr-FR","@id":"https:\/\/telemme.mmsh.fr\/#\/schema\/logo\/image\/","url":"https:\/\/telemme.mmsh.fr\/wp-content\/uploads\/2020\/03\/LogoTELEMMe-horizontal-fond-transparent.png","contentUrl":"https:\/\/telemme.mmsh.fr\/wp-content\/uploads\/2020\/03\/LogoTELEMMe-horizontal-fond-transparent.png","width":1500,"height":437,"caption":"TELEMMe"},"image":{"@id":"https:\/\/telemme.mmsh.fr\/#\/schema\/logo\/image\/"}}]}</script>
<!-- / Yoast SEO plugin. -->

Les habitants acteurs du logement - TELEMMe - Temps, espaces, langages, Europe méridionale, Méditerranée

Journées Jeunes chercheur·es du REHAL 2023 - 8 et 9 juin 2023Maison Méditerranéenne des Sciences de l’Homme - Aix-Marseille Université

TELEMMe - Temps, espaces, langages, Europe méridionale, Méditerranée

Évènements

Journée Jeunes chercheur·euses TELEMMe
