{"id":12414,"date":"2023-01-27T10:16:36","date_gmt":"2023-01-27T09:16:36","guid":{"rendered":"https:\/\/telemme.mmsh.fr\/?post_type=tribe_events&#038;p=12414"},"modified":"2023-05-15T10:39:24","modified_gmt":"2023-05-15T08:39:24","slug":"les-collections-se-devoilent","status":"publish","type":"tribe_events","link":"https:\/\/telemme.mmsh.fr\/?tribe_events=les-collections-se-devoilent","title":{"rendered":"Journ\u00e9e Festival d&rsquo;art lyrique d&rsquo;Aix-en-Provence"},"content":{"rendered":"<p>\u00ab LES COLLECTIONS SE D\u00c9VOILENT \u00bb<br \/>\nPour f\u00eater 75 ans de cr\u00e9ation, le Festival d\u2019Aix-en-Provence en partenariat avec TELEMMe (Aix-Marseille Universit\u00e9) et la Ville<br \/>\nd\u2019Aix-en-Provence, vous convie \u00e0 une journ\u00e9e exceptionnelle qui donnera la parole aux professionnels du spectacle, aux experts<br \/>\ndes arts de la sc\u00e8ne et aux chercheurs en sciences humaines. Entre pass\u00e9 et futur, entre patrimoine et cr\u00e9ation, histoire de l\u2019art<br \/>\net arts de la sc\u00e8ne, cette journ\u00e9e met en lumi\u00e8re les enjeux li\u00e9s aux archives de l\u2019art vivant.<\/p>\n<p><a href=\"https:\/\/telemme.mmsh.fr\/?evenement=les-collections-se-devoilent\">Programme<\/a><\/p>\n","protected":false},"excerpt":{"rendered":"<p>\u00ab LES COLLECTIONS SE D\u00c9VOILENT \u00bb<\/p>\n","protected":false},"author":175,"featured_media":12835,"template":"","meta":{"neve_meta_sidebar":"","neve_meta_container":"","neve_meta_enable_content_width":"","neve_meta_content_width":0,"neve_meta_title_alignment":"","neve_meta_author_avatar":"","neve_post_elements_order":"","neve_meta_disable_header":"","neve_meta_disable_footer":"","neve_meta_disable_title":"","_tribe_events_status":"","_tribe_events_status_reason":"","footnotes":""},"tags":[2626],"tribe_events_cat":[],"class_list":["post-12414","tribe_events","type-tribe_events","status-publish","has-post-thumbnail","hentry","tag-festival-daix"],"yoast_head":"<!-- This site is optimized with the Yoast SEO plugin v27.4 - https:\/\/yoast.com\/product\/yoast-seo-wordpress\/ -->\n<title>Journ\u00e9e Festival d&#039;art lyrique d&#039;Aix-en-Provence - TELEMMe - Temps, espaces, langages, Europe m\u00e9ridionale, M\u00e9diterran\u00e9e<\/title>\n<meta name=\"description\" content=\"\u00ab LES COLLECTIONS SE D\u00c9VOILENT \u00bb\" \/>\n<meta name=\"robots\" content=\"index, follow, max-snippet:-1, max-image-preview:large, max-video-preview:-1\" \/>\n<link rel=\"canonical\" href=\"https:\/\/telemme.mmsh.fr\/?tribe_events=les-collections-se-devoilent\" \/>\n<meta property=\"og:locale\" content=\"fr_FR\" \/>\n<meta property=\"og:type\" content=\"article\" \/>\n<meta property=\"og:title\" content=\"Journ\u00e9e Festival d&#039;art lyrique d&#039;Aix-en-Provence - TELEMMe - Temps, espaces, langages, Europe m\u00e9ridionale, M\u00e9diterran\u00e9e\" \/>\n<meta property=\"og:description\" content=\"\u00ab LES COLLECTIONS SE D\u00c9VOILENT \u00bb\" \/>\n<meta property=\"og:url\" content=\"https:\/\/telemme.mmsh.fr\/?tribe_events=les-collections-se-devoilent\" \/>\n<meta property=\"og:site_name\" content=\"TELEMMe - Temps, espaces, langages, Europe m\u00e9ridionale, M\u00e9diterran\u00e9e\" \/>\n<meta property=\"article:modified_time\" content=\"2023-05-15T08:39:24+00:00\" \/>\n<meta property=\"og:image\" content=\"https:\/\/telemme.mmsh.fr\/wp-content\/uploads\/2023\/05\/festival.png\" \/>\n\t<meta property=\"og:image:width\" content=\"871\" \/>\n\t<meta property=\"og:image:height\" content=\"523\" \/>\n\t<meta property=\"og:image:type\" content=\"image\/png\" \/>\n<meta name=\"twitter:card\" content=\"summary_large_image\" \/>\n<script type=\"application\/ld+json\" class=\"yoast-schema-graph\">{\"@context\":\"https:\\\/\\\/schema.org\",\"@graph\":[{\"@type\":\"WebPage\",\"@id\":\"https:\\\/\\\/telemme.mmsh.fr\\\/?tribe_events=les-collections-se-devoilent\",\"url\":\"https:\\\/\\\/telemme.mmsh.fr\\\/?tribe_events=les-collections-se-devoilent\",\"name\":\"Journ\u00e9e Festival d'art lyrique d'Aix-en-Provence - TELEMMe - Temps, espaces, langages, Europe m\u00e9ridionale, M\u00e9diterran\u00e9e\",\"isPartOf\":{\"@id\":\"https:\\\/\\\/telemme.mmsh.fr\\\/#website\"},\"primaryImageOfPage\":{\"@id\":\"https:\\\/\\\/telemme.mmsh.fr\\\/?tribe_events=les-collections-se-devoilent#primaryimage\"},\"image\":{\"@id\":\"https:\\\/\\\/telemme.mmsh.fr\\\/?tribe_events=les-collections-se-devoilent#primaryimage\"},\"thumbnailUrl\":\"https:\\\/\\\/telemme.mmsh.fr\\\/wp-content\\\/uploads\\\/2023\\\/05\\\/festival.png\",\"datePublished\":\"2023-01-27T09:16:36+00:00\",\"dateModified\":\"2023-05-15T08:39:24+00:00\",\"description\":\"\u00ab LES COLLECTIONS SE D\u00c9VOILENT \u00bb\",\"breadcrumb\":{\"@id\":\"https:\\\/\\\/telemme.mmsh.fr\\\/?tribe_events=les-collections-se-devoilent#breadcrumb\"},\"inLanguage\":\"fr-FR\",\"potentialAction\":[{\"@type\":\"ReadAction\",\"target\":[\"https:\\\/\\\/telemme.mmsh.fr\\\/?tribe_events=les-collections-se-devoilent\"]}]},{\"@type\":\"ImageObject\",\"inLanguage\":\"fr-FR\",\"@id\":\"https:\\\/\\\/telemme.mmsh.fr\\\/?tribe_events=les-collections-se-devoilent#primaryimage\",\"url\":\"https:\\\/\\\/telemme.mmsh.fr\\\/wp-content\\\/uploads\\\/2023\\\/05\\\/festival.png\",\"contentUrl\":\"https:\\\/\\\/telemme.mmsh.fr\\\/wp-content\\\/uploads\\\/2023\\\/05\\\/festival.png\",\"width\":871,\"height\":523},{\"@type\":\"BreadcrumbList\",\"@id\":\"https:\\\/\\\/telemme.mmsh.fr\\\/?tribe_events=les-collections-se-devoilent#breadcrumb\",\"itemListElement\":[{\"@type\":\"ListItem\",\"position\":1,\"name\":\"Accueil\",\"item\":\"https:\\\/\\\/telemme.mmsh.fr\\\/\"},{\"@type\":\"ListItem\",\"position\":2,\"name\":\"\u00c9v\u00e8nements\",\"item\":\"https:\\\/\\\/telemme.mmsh.fr\\\/?post_type=tribe_events\"},{\"@type\":\"ListItem\",\"position\":3,\"name\":\"Journ\u00e9e Festival d&#8217;art lyrique d&#8217;Aix-en-Provence\"}]},{\"@type\":\"WebSite\",\"@id\":\"https:\\\/\\\/telemme.mmsh.fr\\\/#website\",\"url\":\"https:\\\/\\\/telemme.mmsh.fr\\\/\",\"name\":\"TELEMMe - Temps, espaces, langages, Europe m\u00e9ridionale, M\u00e9diterran\u00e9e\",\"description\":\"\",\"publisher\":{\"@id\":\"https:\\\/\\\/telemme.mmsh.fr\\\/#organization\"},\"potentialAction\":[{\"@type\":\"SearchAction\",\"target\":{\"@type\":\"EntryPoint\",\"urlTemplate\":\"https:\\\/\\\/telemme.mmsh.fr\\\/?s={search_term_string}\"},\"query-input\":{\"@type\":\"PropertyValueSpecification\",\"valueRequired\":true,\"valueName\":\"search_term_string\"}}],\"inLanguage\":\"fr-FR\"},{\"@type\":\"Organization\",\"@id\":\"https:\\\/\\\/telemme.mmsh.fr\\\/#organization\",\"name\":\"TELEMMe\",\"url\":\"https:\\\/\\\/telemme.mmsh.fr\\\/\",\"logo\":{\"@type\":\"ImageObject\",\"inLanguage\":\"fr-FR\",\"@id\":\"https:\\\/\\\/telemme.mmsh.fr\\\/#\\\/schema\\\/logo\\\/image\\\/\",\"url\":\"https:\\\/\\\/telemme.mmsh.fr\\\/wp-content\\\/uploads\\\/2020\\\/03\\\/LogoTELEMMe-horizontal-fond-transparent.png\",\"contentUrl\":\"https:\\\/\\\/telemme.mmsh.fr\\\/wp-content\\\/uploads\\\/2020\\\/03\\\/LogoTELEMMe-horizontal-fond-transparent.png\",\"width\":1500,\"height\":437,\"caption\":\"TELEMMe\"},\"image\":{\"@id\":\"https:\\\/\\\/telemme.mmsh.fr\\\/#\\\/schema\\\/logo\\\/image\\\/\"}}]}<\/script>\n<!-- \/ Yoast SEO plugin. -->","yoast_head_json":{"title":"Journ\u00e9e Festival d'art lyrique d'Aix-en-Provence - TELEMMe - Temps, espaces, langages, Europe m\u00e9ridionale, M\u00e9diterran\u00e9e","description":"\u00ab LES COLLECTIONS SE D\u00c9VOILENT \u00bb","robots":{"index":"index","follow":"follow","max-snippet":"max-snippet:-1","max-image-preview":"max-image-preview:large","max-video-preview":"max-video-preview:-1"},"canonical":"https:\/\/telemme.mmsh.fr\/?tribe_events=les-collections-se-devoilent","og_locale":"fr_FR","og_type":"article","og_title":"Journ\u00e9e Festival d'art lyrique d'Aix-en-Provence - TELEMMe - Temps, espaces, langages, Europe m\u00e9ridionale, M\u00e9diterran\u00e9e","og_description":"\u00ab LES COLLECTIONS SE D\u00c9VOILENT \u00bb","og_url":"https:\/\/telemme.mmsh.fr\/?tribe_events=les-collections-se-devoilent","og_site_name":"TELEMMe - Temps, espaces, langages, Europe m\u00e9ridionale, M\u00e9diterran\u00e9e","article_modified_time":"2023-05-15T08:39:24+00:00","og_image":[{"width":871,"height":523,"url":"https:\/\/telemme.mmsh.fr\/wp-content\/uploads\/2023\/05\/festival.png","type":"image\/png"}],"twitter_card":"summary_large_image","schema":{"@context":"https:\/\/schema.org","@graph":[{"@type":"WebPage","@id":"https:\/\/telemme.mmsh.fr\/?tribe_events=les-collections-se-devoilent","url":"https:\/\/telemme.mmsh.fr\/?tribe_events=les-collections-se-devoilent","name":"Journ\u00e9e Festival d'art lyrique d'Aix-en-Provence - TELEMMe - Temps, espaces, langages, Europe m\u00e9ridionale, M\u00e9diterran\u00e9e","isPartOf":{"@id":"https:\/\/telemme.mmsh.fr\/#website"},"primaryImageOfPage":{"@id":"https:\/\/telemme.mmsh.fr\/?tribe_events=les-collections-se-devoilent#primaryimage"},"image":{"@id":"https:\/\/telemme.mmsh.fr\/?tribe_events=les-collections-se-devoilent#primaryimage"},"thumbnailUrl":"https:\/\/telemme.mmsh.fr\/wp-content\/uploads\/2023\/05\/festival.png","datePublished":"2023-01-27T09:16:36+00:00","dateModified":"2023-05-15T08:39:24+00:00","description":"\u00ab LES COLLECTIONS SE D\u00c9VOILENT \u00bb","breadcrumb":{"@id":"https:\/\/telemme.mmsh.fr\/?tribe_events=les-collections-se-devoilent#breadcrumb"},"inLanguage":"fr-FR","potentialAction":[{"@type":"ReadAction","target":["https:\/\/telemme.mmsh.fr\/?tribe_events=les-collections-se-devoilent"]}]},{"@type":"ImageObject","inLanguage":"fr-FR","@id":"https:\/\/telemme.mmsh.fr\/?tribe_events=les-collections-se-devoilent#primaryimage","url":"https:\/\/telemme.mmsh.fr\/wp-content\/uploads\/2023\/05\/festival.png","contentUrl":"https:\/\/telemme.mmsh.fr\/wp-content\/uploads\/2023\/05\/festival.png","width":871,"height":523},{"@type":"BreadcrumbList","@id":"https:\/\/telemme.mmsh.fr\/?tribe_events=les-collections-se-devoilent#breadcrumb","itemListElement":[{"@type":"ListItem","position":1,"name":"Accueil","item":"https:\/\/telemme.mmsh.fr\/"},{"@type":"ListItem","position":2,"name":"\u00c9v\u00e8nements","item":"https:\/\/telemme.mmsh.fr\/?post_type=tribe_events"},{"@type":"ListItem","position":3,"name":"Journ\u00e9e Festival d&#8217;art lyrique d&#8217;Aix-en-Provence"}]},{"@type":"WebSite","@id":"https:\/\/telemme.mmsh.fr\/#website","url":"https:\/\/telemme.mmsh.fr\/","name":"TELEMMe - Temps, espaces, langages, Europe m\u00e9ridionale, M\u00e9diterran\u00e9e","description":"","publisher":{"@id":"https:\/\/telemme.mmsh.fr\/#organization"},"potentialAction":[{"@type":"SearchAction","target":{"@type":"EntryPoint","urlTemplate":"https:\/\/telemme.mmsh.fr\/?s={search_term_string}"},"query-input":{"@type":"PropertyValueSpecification","valueRequired":true,"valueName":"search_term_string"}}],"inLanguage":"fr-FR"},{"@type":"Organization","@id":"https:\/\/telemme.mmsh.fr\/#organization","name":"TELEMMe","url":"https:\/\/telemme.mmsh.fr\/","logo":{"@type":"ImageObject","inLanguage":"fr-FR","@id":"https:\/\/telemme.mmsh.fr\/#\/schema\/logo\/image\/","url":"https:\/\/telemme.mmsh.fr\/wp-content\/uploads\/2020\/03\/LogoTELEMMe-horizontal-fond-transparent.png","contentUrl":"https:\/\/telemme.mmsh.fr\/wp-content\/uploads\/2020\/03\/LogoTELEMMe-horizontal-fond-transparent.png","width":1500,"height":437,"caption":"TELEMMe"},"image":{"@id":"https:\/\/telemme.mmsh.fr\/#\/schema\/logo\/image\/"}}]}},"_links":{"self":[{"href":"https:\/\/telemme.mmsh.fr\/index.php?rest_route=\/wp\/v2\/tribe_events\/12414","targetHints":{"allow":["GET"]}}],"collection":[{"href":"https:\/\/telemme.mmsh.fr\/index.php?rest_route=\/wp\/v2\/tribe_events"}],"about":[{"href":"https:\/\/telemme.mmsh.fr\/index.php?rest_route=\/wp\/v2\/types\/tribe_events"}],"author":[{"embeddable":true,"href":"https:\/\/telemme.mmsh.fr\/index.php?rest_route=\/wp\/v2\/users\/175"}],"version-history":[{"count":3,"href":"https:\/\/telemme.mmsh.fr\/index.php?rest_route=\/wp\/v2\/tribe_events\/12414\/revisions"}],"predecessor-version":[{"id":12836,"href":"https:\/\/telemme.mmsh.fr\/index.php?rest_route=\/wp\/v2\/tribe_events\/12414\/revisions\/12836"}],"wp:featuredmedia":[{"embeddable":true,"href":"https:\/\/telemme.mmsh.fr\/index.php?rest_route=\/wp\/v2\/media\/12835"}],"wp:attachment":[{"href":"https:\/\/telemme.mmsh.fr\/index.php?rest_route=%2Fwp%2Fv2%2Fmedia&parent=12414"}],"wp:term":[{"taxonomy":"post_tag","embeddable":true,"href":"https:\/\/telemme.mmsh.fr\/index.php?rest_route=%2Fwp%2Fv2%2Ftags&post=12414"},{"taxonomy":"tribe_events_cat","embeddable":true,"href":"https:\/\/telemme.mmsh.fr\/index.php?rest_route=%2Fwp%2Fv2%2Ftribe_events_cat&post=12414"}],"curies":[{"name":"wp","href":"https:\/\/api.w.org\/{rel}","templated":true}]}}

Journée Festival d&rsquo;art lyrique d&rsquo;Aix-en-Provence

<p>« LES COLLECTIONS SE DÉVOILENT »<br />
Pour fêter 75 ans de création, le Festival d’Aix-en-Provence en partenariat avec TELEMMe (Aix-Marseille Université) et la Ville<br />
d’Aix-en-Provence, vous convie à une journée exceptionnelle qui donnera la parole aux professionnels du spectacle, aux experts<br />
des arts de la scène et aux chercheurs en sciences humaines. Entre passé et futur, entre patrimoine et création, histoire de l’art<br />
et arts de la scène, cette journée met en lumière les enjeux liés aux archives de l’art vivant.</p>
<p><a href="https://telemme.mmsh.fr/?evenement=les-collections-se-devoilent">Programme</a></p>

<p>« LES COLLECTIONS SE DÉVOILENT »</p>

<!-- This site is optimized with the Yoast SEO plugin v27.4 - https://yoast.com/product/yoast-seo-wordpress/ -->
<title>Journée Festival d&#039;art lyrique d&#039;Aix-en-Provence - TELEMMe - Temps, espaces, langages, Europe méridionale, Méditerranée</title>
<meta name="description" content="« LES COLLECTIONS SE DÉVOILENT »" />
<meta name="robots" content="index, follow, max-snippet:-1, max-image-preview:large, max-video-preview:-1" />
<link rel="canonical" href="https://telemme.mmsh.fr/?tribe_events=les-collections-se-devoilent" />
<meta property="og:locale" content="fr_FR" />
<meta property="og:type" content="article" />
<meta property="og:title" content="Journée Festival d&#039;art lyrique d&#039;Aix-en-Provence - TELEMMe - Temps, espaces, langages, Europe méridionale, Méditerranée" />
<meta property="og:description" content="« LES COLLECTIONS SE DÉVOILENT »" />
<meta property="og:url" content="https://telemme.mmsh.fr/?tribe_events=les-collections-se-devoilent" />
<meta property="og:site_name" content="TELEMMe - Temps, espaces, langages, Europe méridionale, Méditerranée" />
<meta property="article:modified_time" content="2023-05-15T08:39:24+00:00" />
<meta property="og:image" content="https://telemme.mmsh.fr/wp-content/uploads/2023/05/festival.png" />
	<meta property="og:image:width" content="871" />
	<meta property="og:image:height" content="523" />
	<meta property="og:image:type" content="image/png" />
<meta name="twitter:card" content="summary_large_image" />
<script type="application/ld+json" class="yoast-schema-graph">{"@context":"https:\/\/schema.org","@graph":[{"@type":"WebPage","@id":"https:\/\/telemme.mmsh.fr\/?tribe_events=les-collections-se-devoilent","url":"https:\/\/telemme.mmsh.fr\/?tribe_events=les-collections-se-devoilent","name":"Journée Festival d'art lyrique d'Aix-en-Provence - TELEMMe - Temps, espaces, langages, Europe méridionale, Méditerranée","isPartOf":{"@id":"https:\/\/telemme.mmsh.fr\/#website"},"primaryImageOfPage":{"@id":"https:\/\/telemme.mmsh.fr\/?tribe_events=les-collections-se-devoilent#primaryimage"},"image":{"@id":"https:\/\/telemme.mmsh.fr\/?tribe_events=les-collections-se-devoilent#primaryimage"},"thumbnailUrl":"https:\/\/telemme.mmsh.fr\/wp-content\/uploads\/2023\/05\/festival.png","datePublished":"2023-01-27T09:16:36+00:00","dateModified":"2023-05-15T08:39:24+00:00","description":"« LES COLLECTIONS SE DÉVOILENT »","breadcrumb":{"@id":"https:\/\/telemme.mmsh.fr\/?tribe_events=les-collections-se-devoilent#breadcrumb"},"inLanguage":"fr-FR","potentialAction":[{"@type":"ReadAction","target":["https:\/\/telemme.mmsh.fr\/?tribe_events=les-collections-se-devoilent"]}]},{"@type":"ImageObject","inLanguage":"fr-FR","@id":"https:\/\/telemme.mmsh.fr\/?tribe_events=les-collections-se-devoilent#primaryimage","url":"https:\/\/telemme.mmsh.fr\/wp-content\/uploads\/2023\/05\/festival.png","contentUrl":"https:\/\/telemme.mmsh.fr\/wp-content\/uploads\/2023\/05\/festival.png","width":871,"height":523},{"@type":"BreadcrumbList","@id":"https:\/\/telemme.mmsh.fr\/?tribe_events=les-collections-se-devoilent#breadcrumb","itemListElement":[{"@type":"ListItem","position":1,"name":"Accueil","item":"https:\/\/telemme.mmsh.fr\/"},{"@type":"ListItem","position":2,"name":"Évènements","item":"https:\/\/telemme.mmsh.fr\/?post_type=tribe_events"},{"@type":"ListItem","position":3,"name":"Journée Festival d&#8217;art lyrique d&#8217;Aix-en-Provence"}]},{"@type":"WebSite","@id":"https:\/\/telemme.mmsh.fr\/#website","url":"https:\/\/telemme.mmsh.fr\/","name":"TELEMMe - Temps, espaces, langages, Europe méridionale, Méditerranée","description":"","publisher":{"@id":"https:\/\/telemme.mmsh.fr\/#organization"},"potentialAction":[{"@type":"SearchAction","target":{"@type":"EntryPoint","urlTemplate":"https:\/\/telemme.mmsh.fr\/?s={search_term_string}"},"query-input":{"@type":"PropertyValueSpecification","valueRequired":true,"valueName":"search_term_string"}}],"inLanguage":"fr-FR"},{"@type":"Organization","@id":"https:\/\/telemme.mmsh.fr\/#organization","name":"TELEMMe","url":"https:\/\/telemme.mmsh.fr\/","logo":{"@type":"ImageObject","inLanguage":"fr-FR","@id":"https:\/\/telemme.mmsh.fr\/#\/schema\/logo\/image\/","url":"https:\/\/telemme.mmsh.fr\/wp-content\/uploads\/2020\/03\/LogoTELEMMe-horizontal-fond-transparent.png","contentUrl":"https:\/\/telemme.mmsh.fr\/wp-content\/uploads\/2020\/03\/LogoTELEMMe-horizontal-fond-transparent.png","width":1500,"height":437,"caption":"TELEMMe"},"image":{"@id":"https:\/\/telemme.mmsh.fr\/#\/schema\/logo\/image\/"}}]}</script>
<!-- / Yoast SEO plugin. -->

Journée Festival d'art lyrique d'Aix-en-Provence - TELEMMe - Temps, espaces, langages, Europe méridionale, Méditerranée

« LES COLLECTIONS SE DÉVOILENT »

TELEMMe - Temps, espaces, langages, Europe méridionale, Méditerranée

Évènements

Journée Festival d&#8217;art lyrique d&#8217;Aix-en-Provence
