{"id":12320,"date":"2023-01-23T13:55:58","date_gmt":"2023-01-23T12:55:58","guid":{"rendered":"https:\/\/telemme.mmsh.fr\/?post_type=tribe_events&#038;p=12320"},"modified":"2023-01-23T13:55:58","modified_gmt":"2023-01-23T12:55:58","slug":"quelles-places-pour-les-enfants-dans-la-cite","status":"publish","type":"tribe_events","link":"https:\/\/telemme.mmsh.fr\/?tribe_events=quelles-places-pour-les-enfants-dans-la-cite","title":{"rendered":"Quelle(s) place(s) pour les enfants dans la cit\u00e9 ?"},"content":{"rendered":"<p>Prendre place : enfances, adolescences et transformations urbaines en M\u00e9diterran\u00e9e<\/p>\n<h3>Quelle(s) place(s) pour les enfants dans la cit\u00e9 ?<\/h3>\n<ul>\n<li>Responsables scientifiques :<\/li>\n<li>Gwena\u00eblle Audren (TELEMME, MMSH, Insp\u00e9- AMU)<\/li>\n<li>Nadja Monnet (LAA-LAVUE, d\u00e9l\u00e9gation CNRS, Telemme, ENSAM)<\/li>\n<li>Maria-Antonietta Impedovo (ADEF, Insp\u00e9-AMU)<\/li>\n<li>Claire Fonticelli (LIEU, LAREP, ENSP, IUT-AMU<\/li>\n<\/ul>\n<p><a href=\"https:\/\/telemme.mmsh.fr\/?evenement=prendre-place-enfances-adolescences-et-transformations-urbaines-en-mediterranee\">Programme<\/a><\/p>\n","protected":false},"excerpt":{"rendered":"<p>Prendre place : enfances, adolescences et transformations urbaines en M\u00e9diterran\u00e9e Quelle(s) place(s) pour les enfants dans la cit\u00e9 ? Responsables scientifiques : Gwena\u00eblle Audren (TELEMME, MMSH, Insp\u00e9- AMU) Nadja Monnet&hellip;&nbsp;<a href=\"https:\/\/telemme.mmsh.fr\/?tribe_events=quelles-places-pour-les-enfants-dans-la-cite\" rel=\"bookmark\">Lire la suite &raquo;<span class=\"screen-reader-text\">Quelle(s) place(s) pour les enfants dans la cit\u00e9 ?<\/span><\/a><\/p>\n","protected":false},"author":175,"featured_media":0,"template":"","meta":{"neve_meta_sidebar":"","neve_meta_container":"","neve_meta_enable_content_width":"","neve_meta_content_width":0,"neve_meta_title_alignment":"","neve_meta_author_avatar":"","neve_post_elements_order":"","neve_meta_disable_header":"","neve_meta_disable_footer":"","neve_meta_disable_title":"","_tribe_events_status":"","_tribe_events_status_reason":"","footnotes":""},"tags":[2605],"tribe_events_cat":[1823],"class_list":["post-12320","tribe_events","type-tribe_events","status-publish","hentry","tag-programme-transverse","tribe_events_cat-journee-detudes","cat_journee-detudes"],"yoast_head":"<!-- This site is optimized with the Yoast SEO plugin v27.4 - https:\/\/yoast.com\/product\/yoast-seo-wordpress\/ -->\n<title>Quelle(s) place(s) pour les enfants dans la cit\u00e9 ? - TELEMMe - Temps, espaces, langages, Europe m\u00e9ridionale, M\u00e9diterran\u00e9e<\/title>\n<meta name=\"description\" content=\"Prendre place :enfances, adolescences et transformations urbaines enM\u00e9diterran\u00e9eQuelle(s) place(s) pour les enfants dans la cit\u00e9 ?\" \/>\n<meta name=\"robots\" content=\"index, follow, max-snippet:-1, max-image-preview:large, max-video-preview:-1\" \/>\n<link rel=\"canonical\" href=\"https:\/\/telemme.mmsh.fr\/?tribe_events=quelles-places-pour-les-enfants-dans-la-cite\" \/>\n<meta property=\"og:locale\" content=\"fr_FR\" \/>\n<meta property=\"og:type\" content=\"article\" \/>\n<meta property=\"og:title\" content=\"Quelle(s) place(s) pour les enfants dans la cit\u00e9 ? - TELEMMe - Temps, espaces, langages, Europe m\u00e9ridionale, M\u00e9diterran\u00e9e\" \/>\n<meta property=\"og:description\" content=\"Prendre place :enfances, adolescences et transformations urbaines enM\u00e9diterran\u00e9eQuelle(s) place(s) pour les enfants dans la cit\u00e9 ?\" \/>\n<meta property=\"og:url\" content=\"https:\/\/telemme.mmsh.fr\/?tribe_events=quelles-places-pour-les-enfants-dans-la-cite\" \/>\n<meta property=\"og:site_name\" content=\"TELEMMe - Temps, espaces, langages, Europe m\u00e9ridionale, M\u00e9diterran\u00e9e\" \/>\n<meta name=\"twitter:card\" content=\"summary_large_image\" \/>\n<script type=\"application\/ld+json\" class=\"yoast-schema-graph\">{\"@context\":\"https:\\\/\\\/schema.org\",\"@graph\":[{\"@type\":\"WebPage\",\"@id\":\"https:\\\/\\\/telemme.mmsh.fr\\\/?tribe_events=quelles-places-pour-les-enfants-dans-la-cite\",\"url\":\"https:\\\/\\\/telemme.mmsh.fr\\\/?tribe_events=quelles-places-pour-les-enfants-dans-la-cite\",\"name\":\"Quelle(s) place(s) pour les enfants dans la cit\u00e9 ? - TELEMMe - Temps, espaces, langages, Europe m\u00e9ridionale, M\u00e9diterran\u00e9e\",\"isPartOf\":{\"@id\":\"https:\\\/\\\/telemme.mmsh.fr\\\/#website\"},\"datePublished\":\"2023-01-23T12:55:58+00:00\",\"description\":\"Prendre place :enfances, adolescences et transformations urbaines enM\u00e9diterran\u00e9eQuelle(s) place(s) pour les enfants dans la cit\u00e9 ?\",\"breadcrumb\":{\"@id\":\"https:\\\/\\\/telemme.mmsh.fr\\\/?tribe_events=quelles-places-pour-les-enfants-dans-la-cite#breadcrumb\"},\"inLanguage\":\"fr-FR\",\"potentialAction\":[{\"@type\":\"ReadAction\",\"target\":[\"https:\\\/\\\/telemme.mmsh.fr\\\/?tribe_events=quelles-places-pour-les-enfants-dans-la-cite\"]}]},{\"@type\":\"BreadcrumbList\",\"@id\":\"https:\\\/\\\/telemme.mmsh.fr\\\/?tribe_events=quelles-places-pour-les-enfants-dans-la-cite#breadcrumb\",\"itemListElement\":[{\"@type\":\"ListItem\",\"position\":1,\"name\":\"Accueil\",\"item\":\"https:\\\/\\\/telemme.mmsh.fr\\\/\"},{\"@type\":\"ListItem\",\"position\":2,\"name\":\"\u00c9v\u00e8nements\",\"item\":\"https:\\\/\\\/telemme.mmsh.fr\\\/?post_type=tribe_events\"},{\"@type\":\"ListItem\",\"position\":3,\"name\":\"Journ\u00e9e d'\u00e9tudes\",\"item\":\"https:\\\/\\\/telemme.mmsh.fr\\\/?tribe_events_cat=journee-detudes\"},{\"@type\":\"ListItem\",\"position\":4,\"name\":\"Quelle(s) place(s) pour les enfants dans la cit\u00e9 ?\"}]},{\"@type\":\"WebSite\",\"@id\":\"https:\\\/\\\/telemme.mmsh.fr\\\/#website\",\"url\":\"https:\\\/\\\/telemme.mmsh.fr\\\/\",\"name\":\"TELEMMe - Temps, espaces, langages, Europe m\u00e9ridionale, M\u00e9diterran\u00e9e\",\"description\":\"\",\"publisher\":{\"@id\":\"https:\\\/\\\/telemme.mmsh.fr\\\/#organization\"},\"potentialAction\":[{\"@type\":\"SearchAction\",\"target\":{\"@type\":\"EntryPoint\",\"urlTemplate\":\"https:\\\/\\\/telemme.mmsh.fr\\\/?s={search_term_string}\"},\"query-input\":{\"@type\":\"PropertyValueSpecification\",\"valueRequired\":true,\"valueName\":\"search_term_string\"}}],\"inLanguage\":\"fr-FR\"},{\"@type\":\"Organization\",\"@id\":\"https:\\\/\\\/telemme.mmsh.fr\\\/#organization\",\"name\":\"TELEMMe\",\"url\":\"https:\\\/\\\/telemme.mmsh.fr\\\/\",\"logo\":{\"@type\":\"ImageObject\",\"inLanguage\":\"fr-FR\",\"@id\":\"https:\\\/\\\/telemme.mmsh.fr\\\/#\\\/schema\\\/logo\\\/image\\\/\",\"url\":\"https:\\\/\\\/telemme.mmsh.fr\\\/wp-content\\\/uploads\\\/2020\\\/03\\\/LogoTELEMMe-horizontal-fond-transparent.png\",\"contentUrl\":\"https:\\\/\\\/telemme.mmsh.fr\\\/wp-content\\\/uploads\\\/2020\\\/03\\\/LogoTELEMMe-horizontal-fond-transparent.png\",\"width\":1500,\"height\":437,\"caption\":\"TELEMMe\"},\"image\":{\"@id\":\"https:\\\/\\\/telemme.mmsh.fr\\\/#\\\/schema\\\/logo\\\/image\\\/\"}}]}<\/script>\n<!-- \/ Yoast SEO plugin. -->","yoast_head_json":{"title":"Quelle(s) place(s) pour les enfants dans la cit\u00e9 ? - TELEMMe - Temps, espaces, langages, Europe m\u00e9ridionale, M\u00e9diterran\u00e9e","description":"Prendre place :enfances, adolescences et transformations urbaines enM\u00e9diterran\u00e9eQuelle(s) place(s) pour les enfants dans la cit\u00e9 ?","robots":{"index":"index","follow":"follow","max-snippet":"max-snippet:-1","max-image-preview":"max-image-preview:large","max-video-preview":"max-video-preview:-1"},"canonical":"https:\/\/telemme.mmsh.fr\/?tribe_events=quelles-places-pour-les-enfants-dans-la-cite","og_locale":"fr_FR","og_type":"article","og_title":"Quelle(s) place(s) pour les enfants dans la cit\u00e9 ? - TELEMMe - Temps, espaces, langages, Europe m\u00e9ridionale, M\u00e9diterran\u00e9e","og_description":"Prendre place :enfances, adolescences et transformations urbaines enM\u00e9diterran\u00e9eQuelle(s) place(s) pour les enfants dans la cit\u00e9 ?","og_url":"https:\/\/telemme.mmsh.fr\/?tribe_events=quelles-places-pour-les-enfants-dans-la-cite","og_site_name":"TELEMMe - Temps, espaces, langages, Europe m\u00e9ridionale, M\u00e9diterran\u00e9e","twitter_card":"summary_large_image","schema":{"@context":"https:\/\/schema.org","@graph":[{"@type":"WebPage","@id":"https:\/\/telemme.mmsh.fr\/?tribe_events=quelles-places-pour-les-enfants-dans-la-cite","url":"https:\/\/telemme.mmsh.fr\/?tribe_events=quelles-places-pour-les-enfants-dans-la-cite","name":"Quelle(s) place(s) pour les enfants dans la cit\u00e9 ? - TELEMMe - Temps, espaces, langages, Europe m\u00e9ridionale, M\u00e9diterran\u00e9e","isPartOf":{"@id":"https:\/\/telemme.mmsh.fr\/#website"},"datePublished":"2023-01-23T12:55:58+00:00","description":"Prendre place :enfances, adolescences et transformations urbaines enM\u00e9diterran\u00e9eQuelle(s) place(s) pour les enfants dans la cit\u00e9 ?","breadcrumb":{"@id":"https:\/\/telemme.mmsh.fr\/?tribe_events=quelles-places-pour-les-enfants-dans-la-cite#breadcrumb"},"inLanguage":"fr-FR","potentialAction":[{"@type":"ReadAction","target":["https:\/\/telemme.mmsh.fr\/?tribe_events=quelles-places-pour-les-enfants-dans-la-cite"]}]},{"@type":"BreadcrumbList","@id":"https:\/\/telemme.mmsh.fr\/?tribe_events=quelles-places-pour-les-enfants-dans-la-cite#breadcrumb","itemListElement":[{"@type":"ListItem","position":1,"name":"Accueil","item":"https:\/\/telemme.mmsh.fr\/"},{"@type":"ListItem","position":2,"name":"\u00c9v\u00e8nements","item":"https:\/\/telemme.mmsh.fr\/?post_type=tribe_events"},{"@type":"ListItem","position":3,"name":"Journ\u00e9e d'\u00e9tudes","item":"https:\/\/telemme.mmsh.fr\/?tribe_events_cat=journee-detudes"},{"@type":"ListItem","position":4,"name":"Quelle(s) place(s) pour les enfants dans la cit\u00e9 ?"}]},{"@type":"WebSite","@id":"https:\/\/telemme.mmsh.fr\/#website","url":"https:\/\/telemme.mmsh.fr\/","name":"TELEMMe - Temps, espaces, langages, Europe m\u00e9ridionale, M\u00e9diterran\u00e9e","description":"","publisher":{"@id":"https:\/\/telemme.mmsh.fr\/#organization"},"potentialAction":[{"@type":"SearchAction","target":{"@type":"EntryPoint","urlTemplate":"https:\/\/telemme.mmsh.fr\/?s={search_term_string}"},"query-input":{"@type":"PropertyValueSpecification","valueRequired":true,"valueName":"search_term_string"}}],"inLanguage":"fr-FR"},{"@type":"Organization","@id":"https:\/\/telemme.mmsh.fr\/#organization","name":"TELEMMe","url":"https:\/\/telemme.mmsh.fr\/","logo":{"@type":"ImageObject","inLanguage":"fr-FR","@id":"https:\/\/telemme.mmsh.fr\/#\/schema\/logo\/image\/","url":"https:\/\/telemme.mmsh.fr\/wp-content\/uploads\/2020\/03\/LogoTELEMMe-horizontal-fond-transparent.png","contentUrl":"https:\/\/telemme.mmsh.fr\/wp-content\/uploads\/2020\/03\/LogoTELEMMe-horizontal-fond-transparent.png","width":1500,"height":437,"caption":"TELEMMe"},"image":{"@id":"https:\/\/telemme.mmsh.fr\/#\/schema\/logo\/image\/"}}]}},"_links":{"self":[{"href":"https:\/\/telemme.mmsh.fr\/index.php?rest_route=\/wp\/v2\/tribe_events\/12320","targetHints":{"allow":["GET"]}}],"collection":[{"href":"https:\/\/telemme.mmsh.fr\/index.php?rest_route=\/wp\/v2\/tribe_events"}],"about":[{"href":"https:\/\/telemme.mmsh.fr\/index.php?rest_route=\/wp\/v2\/types\/tribe_events"}],"author":[{"embeddable":true,"href":"https:\/\/telemme.mmsh.fr\/index.php?rest_route=\/wp\/v2\/users\/175"}],"version-history":[{"count":1,"href":"https:\/\/telemme.mmsh.fr\/index.php?rest_route=\/wp\/v2\/tribe_events\/12320\/revisions"}],"predecessor-version":[{"id":12321,"href":"https:\/\/telemme.mmsh.fr\/index.php?rest_route=\/wp\/v2\/tribe_events\/12320\/revisions\/12321"}],"wp:attachment":[{"href":"https:\/\/telemme.mmsh.fr\/index.php?rest_route=%2Fwp%2Fv2%2Fmedia&parent=12320"}],"wp:term":[{"taxonomy":"post_tag","embeddable":true,"href":"https:\/\/telemme.mmsh.fr\/index.php?rest_route=%2Fwp%2Fv2%2Ftags&post=12320"},{"taxonomy":"tribe_events_cat","embeddable":true,"href":"https:\/\/telemme.mmsh.fr\/index.php?rest_route=%2Fwp%2Fv2%2Ftribe_events_cat&post=12320"}],"curies":[{"name":"wp","href":"https:\/\/api.w.org\/{rel}","templated":true}]}}

Quelle(s) place(s) pour les enfants dans la cité ?

<p>Prendre place : enfances, adolescences et transformations urbaines en Méditerranée</p>
<h3>Quelle(s) place(s) pour les enfants dans la cité ?</h3>
<ul>
<li>Responsables scientifiques :</li>
<li>Gwenaëlle Audren (TELEMME, MMSH, Inspé- AMU)</li>
<li>Nadja Monnet (LAA-LAVUE, délégation CNRS, Telemme, ENSAM)</li>
<li>Maria-Antonietta Impedovo (ADEF, Inspé-AMU)</li>
<li>Claire Fonticelli (LIEU, LAREP, ENSP, IUT-AMU</li>
</ul>
<p><a href="https://telemme.mmsh.fr/?evenement=prendre-place-enfances-adolescences-et-transformations-urbaines-en-mediterranee">Programme</a></p>

<p>Prendre place : enfances, adolescences et transformations urbaines en Méditerranée Quelle(s) place(s) pour les enfants dans la cité ? Responsables scientifiques : Gwenaëlle Audren (TELEMME, MMSH, Inspé- AMU) Nadja Monnet&hellip;&nbsp;<a href="https://telemme.mmsh.fr/?tribe_events=quelles-places-pour-les-enfants-dans-la-cite" rel="bookmark">Lire la suite &raquo;<span class="screen-reader-text">Quelle(s) place(s) pour les enfants dans la cité ?</span></a></p>

<!-- This site is optimized with the Yoast SEO plugin v27.4 - https://yoast.com/product/yoast-seo-wordpress/ -->
<title>Quelle(s) place(s) pour les enfants dans la cité ? - TELEMMe - Temps, espaces, langages, Europe méridionale, Méditerranée</title>
<meta name="description" content="Prendre place :enfances, adolescences et transformations urbaines enMéditerranéeQuelle(s) place(s) pour les enfants dans la cité ?" />
<meta name="robots" content="index, follow, max-snippet:-1, max-image-preview:large, max-video-preview:-1" />
<link rel="canonical" href="https://telemme.mmsh.fr/?tribe_events=quelles-places-pour-les-enfants-dans-la-cite" />
<meta property="og:locale" content="fr_FR" />
<meta property="og:type" content="article" />
<meta property="og:title" content="Quelle(s) place(s) pour les enfants dans la cité ? - TELEMMe - Temps, espaces, langages, Europe méridionale, Méditerranée" />
<meta property="og:description" content="Prendre place :enfances, adolescences et transformations urbaines enMéditerranéeQuelle(s) place(s) pour les enfants dans la cité ?" />
<meta property="og:url" content="https://telemme.mmsh.fr/?tribe_events=quelles-places-pour-les-enfants-dans-la-cite" />
<meta property="og:site_name" content="TELEMMe - Temps, espaces, langages, Europe méridionale, Méditerranée" />
<meta name="twitter:card" content="summary_large_image" />
<script type="application/ld+json" class="yoast-schema-graph">{"@context":"https:\/\/schema.org","@graph":[{"@type":"WebPage","@id":"https:\/\/telemme.mmsh.fr\/?tribe_events=quelles-places-pour-les-enfants-dans-la-cite","url":"https:\/\/telemme.mmsh.fr\/?tribe_events=quelles-places-pour-les-enfants-dans-la-cite","name":"Quelle(s) place(s) pour les enfants dans la cité ? - TELEMMe - Temps, espaces, langages, Europe méridionale, Méditerranée","isPartOf":{"@id":"https:\/\/telemme.mmsh.fr\/#website"},"datePublished":"2023-01-23T12:55:58+00:00","description":"Prendre place :enfances, adolescences et transformations urbaines enMéditerranéeQuelle(s) place(s) pour les enfants dans la cité ?","breadcrumb":{"@id":"https:\/\/telemme.mmsh.fr\/?tribe_events=quelles-places-pour-les-enfants-dans-la-cite#breadcrumb"},"inLanguage":"fr-FR","potentialAction":[{"@type":"ReadAction","target":["https:\/\/telemme.mmsh.fr\/?tribe_events=quelles-places-pour-les-enfants-dans-la-cite"]}]},{"@type":"BreadcrumbList","@id":"https:\/\/telemme.mmsh.fr\/?tribe_events=quelles-places-pour-les-enfants-dans-la-cite#breadcrumb","itemListElement":[{"@type":"ListItem","position":1,"name":"Accueil","item":"https:\/\/telemme.mmsh.fr\/"},{"@type":"ListItem","position":2,"name":"Évènements","item":"https:\/\/telemme.mmsh.fr\/?post_type=tribe_events"},{"@type":"ListItem","position":3,"name":"Journée d'études","item":"https:\/\/telemme.mmsh.fr\/?tribe_events_cat=journee-detudes"},{"@type":"ListItem","position":4,"name":"Quelle(s) place(s) pour les enfants dans la cité ?"}]},{"@type":"WebSite","@id":"https:\/\/telemme.mmsh.fr\/#website","url":"https:\/\/telemme.mmsh.fr\/","name":"TELEMMe - Temps, espaces, langages, Europe méridionale, Méditerranée","description":"","publisher":{"@id":"https:\/\/telemme.mmsh.fr\/#organization"},"potentialAction":[{"@type":"SearchAction","target":{"@type":"EntryPoint","urlTemplate":"https:\/\/telemme.mmsh.fr\/?s={search_term_string}"},"query-input":{"@type":"PropertyValueSpecification","valueRequired":true,"valueName":"search_term_string"}}],"inLanguage":"fr-FR"},{"@type":"Organization","@id":"https:\/\/telemme.mmsh.fr\/#organization","name":"TELEMMe","url":"https:\/\/telemme.mmsh.fr\/","logo":{"@type":"ImageObject","inLanguage":"fr-FR","@id":"https:\/\/telemme.mmsh.fr\/#\/schema\/logo\/image\/","url":"https:\/\/telemme.mmsh.fr\/wp-content\/uploads\/2020\/03\/LogoTELEMMe-horizontal-fond-transparent.png","contentUrl":"https:\/\/telemme.mmsh.fr\/wp-content\/uploads\/2020\/03\/LogoTELEMMe-horizontal-fond-transparent.png","width":1500,"height":437,"caption":"TELEMMe"},"image":{"@id":"https:\/\/telemme.mmsh.fr\/#\/schema\/logo\/image\/"}}]}</script>
<!-- / Yoast SEO plugin. -->

Quelle(s) place(s) pour les enfants dans la cité ? - TELEMMe - Temps, espaces, langages, Europe méridionale, Méditerranée

Prendre place :enfances, adolescences et transformations urbaines enMéditerranéeQuelle(s) place(s) pour les enfants dans la cité ?

TELEMMe - Temps, espaces, langages, Europe méridionale, Méditerranée

Évènements

Journée d'études
