{"id":11338,"date":"2022-07-13T17:21:07","date_gmt":"2022-07-13T15:21:07","guid":{"rendered":"https:\/\/telemme.mmsh.fr\/?post_type=tribe_events&#038;p=11338"},"modified":"2022-07-13T17:29:56","modified_gmt":"2022-07-13T15:29:56","slug":"seance-de-travail-de-lanr-picch","status":"publish","type":"tribe_events","link":"https:\/\/telemme.mmsh.fr\/?tribe_events=seance-de-travail-de-lanr-picch","title":{"rendered":"S\u00e9ance de travail de l&rsquo;ANR PICCH"},"content":{"rendered":"<p><span style=\"font-family: 'Georgia',serif; color: black;\">Cette s\u00e9ance sera l&rsquo;occasion de recevoir <a href=\"https:\/\/lesa.univ-amu.fr\/membres-lesa\/judith-dehail\/\">Judith Dehail<\/a>, sp\u00e9cialiste des m\u00e9diations mus\u00e9ales et membre du LESA.\u00a0<\/span><\/p>\n<p><a href=\"https:\/\/telemme.mmsh.fr\/?evenement=seance-de-travail-de-lanr-picch\"><strong>Programme complet<\/strong><\/a><\/p>\n","protected":false},"excerpt":{"rendered":"<p>Cette s\u00e9ance sera l&rsquo;occasion de recevoir Judith Dehail, sp\u00e9cialiste des m\u00e9diations mus\u00e9ales et membre du LESA.\u00a0 Programme complet<\/p>\n","protected":false},"author":6,"featured_media":9717,"template":"","meta":{"neve_meta_sidebar":"","neve_meta_container":"","neve_meta_enable_content_width":"","neve_meta_content_width":0,"neve_meta_title_alignment":"","neve_meta_author_avatar":"","neve_post_elements_order":"","neve_meta_disable_header":"","neve_meta_disable_footer":"","neve_meta_disable_title":"","_tribe_events_status":"","_tribe_events_status_reason":"","footnotes":""},"tags":[2211],"tribe_events_cat":[1831],"class_list":["post-11338","tribe_events","type-tribe_events","status-publish","has-post-thumbnail","hentry","tag-anr-picch","tribe_events_cat-seminaire","cat_seminaire"],"yoast_head":"<!-- This site is optimized with the Yoast SEO plugin v27.4 - https:\/\/yoast.com\/product\/yoast-seo-wordpress\/ -->\n<title>S\u00e9ance de travail de l&#039;ANR PICCH - TELEMMe - Temps, espaces, langages, Europe m\u00e9ridionale, M\u00e9diterran\u00e9e<\/title>\n<meta name=\"description\" content=\"Cette s\u00e9ance sera l&#039;occasion de recevoir Judith Dehail, sp\u00e9cialiste des m\u00e9diations mus\u00e9ales et membre du LESA.\u00a0\" \/>\n<meta name=\"robots\" content=\"index, follow, max-snippet:-1, max-image-preview:large, max-video-preview:-1\" \/>\n<link rel=\"canonical\" href=\"https:\/\/telemme.mmsh.fr\/?tribe_events=seance-de-travail-de-lanr-picch\" \/>\n<meta property=\"og:locale\" content=\"fr_FR\" \/>\n<meta property=\"og:type\" content=\"article\" \/>\n<meta property=\"og:title\" content=\"S\u00e9ance de travail de l&#039;ANR PICCH - TELEMMe - Temps, espaces, langages, Europe m\u00e9ridionale, M\u00e9diterran\u00e9e\" \/>\n<meta property=\"og:description\" content=\"Cette s\u00e9ance sera l&#039;occasion de recevoir Judith Dehail, sp\u00e9cialiste des m\u00e9diations mus\u00e9ales et membre du LESA.\u00a0\" \/>\n<meta property=\"og:url\" content=\"https:\/\/telemme.mmsh.fr\/?tribe_events=seance-de-travail-de-lanr-picch\" \/>\n<meta property=\"og:site_name\" content=\"TELEMMe - Temps, espaces, langages, Europe m\u00e9ridionale, M\u00e9diterran\u00e9e\" \/>\n<meta property=\"article:modified_time\" content=\"2022-07-13T15:29:56+00:00\" \/>\n<meta property=\"og:image\" content=\"https:\/\/telemme.mmsh.fr\/wp-content\/uploads\/2021\/09\/logo_PICCH_2.jpg\" \/>\n\t<meta property=\"og:image:width\" content=\"1000\" \/>\n\t<meta property=\"og:image:height\" content=\"250\" \/>\n\t<meta property=\"og:image:type\" content=\"image\/jpeg\" \/>\n<meta name=\"twitter:card\" content=\"summary_large_image\" \/>\n<script type=\"application\/ld+json\" class=\"yoast-schema-graph\">{\"@context\":\"https:\\\/\\\/schema.org\",\"@graph\":[{\"@type\":\"WebPage\",\"@id\":\"https:\\\/\\\/telemme.mmsh.fr\\\/?tribe_events=seance-de-travail-de-lanr-picch\",\"url\":\"https:\\\/\\\/telemme.mmsh.fr\\\/?tribe_events=seance-de-travail-de-lanr-picch\",\"name\":\"S\u00e9ance de travail de l'ANR PICCH - TELEMMe - Temps, espaces, langages, Europe m\u00e9ridionale, M\u00e9diterran\u00e9e\",\"isPartOf\":{\"@id\":\"https:\\\/\\\/telemme.mmsh.fr\\\/#website\"},\"primaryImageOfPage\":{\"@id\":\"https:\\\/\\\/telemme.mmsh.fr\\\/?tribe_events=seance-de-travail-de-lanr-picch#primaryimage\"},\"image\":{\"@id\":\"https:\\\/\\\/telemme.mmsh.fr\\\/?tribe_events=seance-de-travail-de-lanr-picch#primaryimage\"},\"thumbnailUrl\":\"https:\\\/\\\/telemme.mmsh.fr\\\/wp-content\\\/uploads\\\/2021\\\/09\\\/logo_PICCH_2.jpg\",\"datePublished\":\"2022-07-13T15:21:07+00:00\",\"dateModified\":\"2022-07-13T15:29:56+00:00\",\"description\":\"Cette s\u00e9ance sera l'occasion de recevoir Judith Dehail, sp\u00e9cialiste des m\u00e9diations mus\u00e9ales et membre du LESA.\u00a0\",\"breadcrumb\":{\"@id\":\"https:\\\/\\\/telemme.mmsh.fr\\\/?tribe_events=seance-de-travail-de-lanr-picch#breadcrumb\"},\"inLanguage\":\"fr-FR\",\"potentialAction\":[{\"@type\":\"ReadAction\",\"target\":[\"https:\\\/\\\/telemme.mmsh.fr\\\/?tribe_events=seance-de-travail-de-lanr-picch\"]}]},{\"@type\":\"ImageObject\",\"inLanguage\":\"fr-FR\",\"@id\":\"https:\\\/\\\/telemme.mmsh.fr\\\/?tribe_events=seance-de-travail-de-lanr-picch#primaryimage\",\"url\":\"https:\\\/\\\/telemme.mmsh.fr\\\/wp-content\\\/uploads\\\/2021\\\/09\\\/logo_PICCH_2.jpg\",\"contentUrl\":\"https:\\\/\\\/telemme.mmsh.fr\\\/wp-content\\\/uploads\\\/2021\\\/09\\\/logo_PICCH_2.jpg\",\"width\":1000,\"height\":250,\"caption\":\"Logo de l'ANR PICCH\"},{\"@type\":\"BreadcrumbList\",\"@id\":\"https:\\\/\\\/telemme.mmsh.fr\\\/?tribe_events=seance-de-travail-de-lanr-picch#breadcrumb\",\"itemListElement\":[{\"@type\":\"ListItem\",\"position\":1,\"name\":\"Accueil\",\"item\":\"https:\\\/\\\/telemme.mmsh.fr\\\/\"},{\"@type\":\"ListItem\",\"position\":2,\"name\":\"\u00c9v\u00e8nements\",\"item\":\"https:\\\/\\\/telemme.mmsh.fr\\\/?post_type=tribe_events\"},{\"@type\":\"ListItem\",\"position\":3,\"name\":\"S\u00e9minaire\",\"item\":\"https:\\\/\\\/telemme.mmsh.fr\\\/?tribe_events_cat=seminaire\"},{\"@type\":\"ListItem\",\"position\":4,\"name\":\"S\u00e9ance de travail de l&#8217;ANR PICCH\"}]},{\"@type\":\"WebSite\",\"@id\":\"https:\\\/\\\/telemme.mmsh.fr\\\/#website\",\"url\":\"https:\\\/\\\/telemme.mmsh.fr\\\/\",\"name\":\"TELEMMe - Temps, espaces, langages, Europe m\u00e9ridionale, M\u00e9diterran\u00e9e\",\"description\":\"\",\"publisher\":{\"@id\":\"https:\\\/\\\/telemme.mmsh.fr\\\/#organization\"},\"potentialAction\":[{\"@type\":\"SearchAction\",\"target\":{\"@type\":\"EntryPoint\",\"urlTemplate\":\"https:\\\/\\\/telemme.mmsh.fr\\\/?s={search_term_string}\"},\"query-input\":{\"@type\":\"PropertyValueSpecification\",\"valueRequired\":true,\"valueName\":\"search_term_string\"}}],\"inLanguage\":\"fr-FR\"},{\"@type\":\"Organization\",\"@id\":\"https:\\\/\\\/telemme.mmsh.fr\\\/#organization\",\"name\":\"TELEMMe\",\"url\":\"https:\\\/\\\/telemme.mmsh.fr\\\/\",\"logo\":{\"@type\":\"ImageObject\",\"inLanguage\":\"fr-FR\",\"@id\":\"https:\\\/\\\/telemme.mmsh.fr\\\/#\\\/schema\\\/logo\\\/image\\\/\",\"url\":\"https:\\\/\\\/telemme.mmsh.fr\\\/wp-content\\\/uploads\\\/2020\\\/03\\\/LogoTELEMMe-horizontal-fond-transparent.png\",\"contentUrl\":\"https:\\\/\\\/telemme.mmsh.fr\\\/wp-content\\\/uploads\\\/2020\\\/03\\\/LogoTELEMMe-horizontal-fond-transparent.png\",\"width\":1500,\"height\":437,\"caption\":\"TELEMMe\"},\"image\":{\"@id\":\"https:\\\/\\\/telemme.mmsh.fr\\\/#\\\/schema\\\/logo\\\/image\\\/\"}}]}<\/script>\n<!-- \/ Yoast SEO plugin. -->","yoast_head_json":{"title":"S\u00e9ance de travail de l'ANR PICCH - TELEMMe - Temps, espaces, langages, Europe m\u00e9ridionale, M\u00e9diterran\u00e9e","description":"Cette s\u00e9ance sera l'occasion de recevoir Judith Dehail, sp\u00e9cialiste des m\u00e9diations mus\u00e9ales et membre du LESA.\u00a0","robots":{"index":"index","follow":"follow","max-snippet":"max-snippet:-1","max-image-preview":"max-image-preview:large","max-video-preview":"max-video-preview:-1"},"canonical":"https:\/\/telemme.mmsh.fr\/?tribe_events=seance-de-travail-de-lanr-picch","og_locale":"fr_FR","og_type":"article","og_title":"S\u00e9ance de travail de l'ANR PICCH - TELEMMe - Temps, espaces, langages, Europe m\u00e9ridionale, M\u00e9diterran\u00e9e","og_description":"Cette s\u00e9ance sera l'occasion de recevoir Judith Dehail, sp\u00e9cialiste des m\u00e9diations mus\u00e9ales et membre du LESA.\u00a0","og_url":"https:\/\/telemme.mmsh.fr\/?tribe_events=seance-de-travail-de-lanr-picch","og_site_name":"TELEMMe - Temps, espaces, langages, Europe m\u00e9ridionale, M\u00e9diterran\u00e9e","article_modified_time":"2022-07-13T15:29:56+00:00","og_image":[{"width":1000,"height":250,"url":"https:\/\/telemme.mmsh.fr\/wp-content\/uploads\/2021\/09\/logo_PICCH_2.jpg","type":"image\/jpeg"}],"twitter_card":"summary_large_image","schema":{"@context":"https:\/\/schema.org","@graph":[{"@type":"WebPage","@id":"https:\/\/telemme.mmsh.fr\/?tribe_events=seance-de-travail-de-lanr-picch","url":"https:\/\/telemme.mmsh.fr\/?tribe_events=seance-de-travail-de-lanr-picch","name":"S\u00e9ance de travail de l'ANR PICCH - TELEMMe - Temps, espaces, langages, Europe m\u00e9ridionale, M\u00e9diterran\u00e9e","isPartOf":{"@id":"https:\/\/telemme.mmsh.fr\/#website"},"primaryImageOfPage":{"@id":"https:\/\/telemme.mmsh.fr\/?tribe_events=seance-de-travail-de-lanr-picch#primaryimage"},"image":{"@id":"https:\/\/telemme.mmsh.fr\/?tribe_events=seance-de-travail-de-lanr-picch#primaryimage"},"thumbnailUrl":"https:\/\/telemme.mmsh.fr\/wp-content\/uploads\/2021\/09\/logo_PICCH_2.jpg","datePublished":"2022-07-13T15:21:07+00:00","dateModified":"2022-07-13T15:29:56+00:00","description":"Cette s\u00e9ance sera l'occasion de recevoir Judith Dehail, sp\u00e9cialiste des m\u00e9diations mus\u00e9ales et membre du LESA.\u00a0","breadcrumb":{"@id":"https:\/\/telemme.mmsh.fr\/?tribe_events=seance-de-travail-de-lanr-picch#breadcrumb"},"inLanguage":"fr-FR","potentialAction":[{"@type":"ReadAction","target":["https:\/\/telemme.mmsh.fr\/?tribe_events=seance-de-travail-de-lanr-picch"]}]},{"@type":"ImageObject","inLanguage":"fr-FR","@id":"https:\/\/telemme.mmsh.fr\/?tribe_events=seance-de-travail-de-lanr-picch#primaryimage","url":"https:\/\/telemme.mmsh.fr\/wp-content\/uploads\/2021\/09\/logo_PICCH_2.jpg","contentUrl":"https:\/\/telemme.mmsh.fr\/wp-content\/uploads\/2021\/09\/logo_PICCH_2.jpg","width":1000,"height":250,"caption":"Logo de l'ANR PICCH"},{"@type":"BreadcrumbList","@id":"https:\/\/telemme.mmsh.fr\/?tribe_events=seance-de-travail-de-lanr-picch#breadcrumb","itemListElement":[{"@type":"ListItem","position":1,"name":"Accueil","item":"https:\/\/telemme.mmsh.fr\/"},{"@type":"ListItem","position":2,"name":"\u00c9v\u00e8nements","item":"https:\/\/telemme.mmsh.fr\/?post_type=tribe_events"},{"@type":"ListItem","position":3,"name":"S\u00e9minaire","item":"https:\/\/telemme.mmsh.fr\/?tribe_events_cat=seminaire"},{"@type":"ListItem","position":4,"name":"S\u00e9ance de travail de l&#8217;ANR PICCH"}]},{"@type":"WebSite","@id":"https:\/\/telemme.mmsh.fr\/#website","url":"https:\/\/telemme.mmsh.fr\/","name":"TELEMMe - Temps, espaces, langages, Europe m\u00e9ridionale, M\u00e9diterran\u00e9e","description":"","publisher":{"@id":"https:\/\/telemme.mmsh.fr\/#organization"},"potentialAction":[{"@type":"SearchAction","target":{"@type":"EntryPoint","urlTemplate":"https:\/\/telemme.mmsh.fr\/?s={search_term_string}"},"query-input":{"@type":"PropertyValueSpecification","valueRequired":true,"valueName":"search_term_string"}}],"inLanguage":"fr-FR"},{"@type":"Organization","@id":"https:\/\/telemme.mmsh.fr\/#organization","name":"TELEMMe","url":"https:\/\/telemme.mmsh.fr\/","logo":{"@type":"ImageObject","inLanguage":"fr-FR","@id":"https:\/\/telemme.mmsh.fr\/#\/schema\/logo\/image\/","url":"https:\/\/telemme.mmsh.fr\/wp-content\/uploads\/2020\/03\/LogoTELEMMe-horizontal-fond-transparent.png","contentUrl":"https:\/\/telemme.mmsh.fr\/wp-content\/uploads\/2020\/03\/LogoTELEMMe-horizontal-fond-transparent.png","width":1500,"height":437,"caption":"TELEMMe"},"image":{"@id":"https:\/\/telemme.mmsh.fr\/#\/schema\/logo\/image\/"}}]}},"_links":{"self":[{"href":"https:\/\/telemme.mmsh.fr\/index.php?rest_route=\/wp\/v2\/tribe_events\/11338","targetHints":{"allow":["GET"]}}],"collection":[{"href":"https:\/\/telemme.mmsh.fr\/index.php?rest_route=\/wp\/v2\/tribe_events"}],"about":[{"href":"https:\/\/telemme.mmsh.fr\/index.php?rest_route=\/wp\/v2\/types\/tribe_events"}],"author":[{"embeddable":true,"href":"https:\/\/telemme.mmsh.fr\/index.php?rest_route=\/wp\/v2\/users\/6"}],"version-history":[{"count":3,"href":"https:\/\/telemme.mmsh.fr\/index.php?rest_route=\/wp\/v2\/tribe_events\/11338\/revisions"}],"predecessor-version":[{"id":11342,"href":"https:\/\/telemme.mmsh.fr\/index.php?rest_route=\/wp\/v2\/tribe_events\/11338\/revisions\/11342"}],"wp:featuredmedia":[{"embeddable":true,"href":"https:\/\/telemme.mmsh.fr\/index.php?rest_route=\/wp\/v2\/media\/9717"}],"wp:attachment":[{"href":"https:\/\/telemme.mmsh.fr\/index.php?rest_route=%2Fwp%2Fv2%2Fmedia&parent=11338"}],"wp:term":[{"taxonomy":"post_tag","embeddable":true,"href":"https:\/\/telemme.mmsh.fr\/index.php?rest_route=%2Fwp%2Fv2%2Ftags&post=11338"},{"taxonomy":"tribe_events_cat","embeddable":true,"href":"https:\/\/telemme.mmsh.fr\/index.php?rest_route=%2Fwp%2Fv2%2Ftribe_events_cat&post=11338"}],"curies":[{"name":"wp","href":"https:\/\/api.w.org\/{rel}","templated":true}]}}

Séance de travail de l&rsquo;ANR PICCH

<p><span style="font-family: 'Georgia',serif; color: black;">Cette séance sera l&rsquo;occasion de recevoir <a href="https://lesa.univ-amu.fr/membres-lesa/judith-dehail/">Judith Dehail</a>, spécialiste des médiations muséales et membre du LESA. </span></p>
<p><a href="https://telemme.mmsh.fr/?evenement=seance-de-travail-de-lanr-picch"><strong>Programme complet</strong></a></p>

<p>Cette séance sera l&rsquo;occasion de recevoir Judith Dehail, spécialiste des médiations muséales et membre du LESA.  Programme complet</p>

<!-- This site is optimized with the Yoast SEO plugin v27.4 - https://yoast.com/product/yoast-seo-wordpress/ -->
<title>Séance de travail de l&#039;ANR PICCH - TELEMMe - Temps, espaces, langages, Europe méridionale, Méditerranée</title>
<meta name="description" content="Cette séance sera l&#039;occasion de recevoir Judith Dehail, spécialiste des médiations muséales et membre du LESA. " />
<meta name="robots" content="index, follow, max-snippet:-1, max-image-preview:large, max-video-preview:-1" />
<link rel="canonical" href="https://telemme.mmsh.fr/?tribe_events=seance-de-travail-de-lanr-picch" />
<meta property="og:locale" content="fr_FR" />
<meta property="og:type" content="article" />
<meta property="og:title" content="Séance de travail de l&#039;ANR PICCH - TELEMMe - Temps, espaces, langages, Europe méridionale, Méditerranée" />
<meta property="og:description" content="Cette séance sera l&#039;occasion de recevoir Judith Dehail, spécialiste des médiations muséales et membre du LESA. " />
<meta property="og:url" content="https://telemme.mmsh.fr/?tribe_events=seance-de-travail-de-lanr-picch" />
<meta property="og:site_name" content="TELEMMe - Temps, espaces, langages, Europe méridionale, Méditerranée" />
<meta property="article:modified_time" content="2022-07-13T15:29:56+00:00" />
<meta property="og:image" content="https://telemme.mmsh.fr/wp-content/uploads/2021/09/logo_PICCH_2.jpg" />
	<meta property="og:image:width" content="1000" />
	<meta property="og:image:height" content="250" />
	<meta property="og:image:type" content="image/jpeg" />
<meta name="twitter:card" content="summary_large_image" />
<script type="application/ld+json" class="yoast-schema-graph">{"@context":"https:\/\/schema.org","@graph":[{"@type":"WebPage","@id":"https:\/\/telemme.mmsh.fr\/?tribe_events=seance-de-travail-de-lanr-picch","url":"https:\/\/telemme.mmsh.fr\/?tribe_events=seance-de-travail-de-lanr-picch","name":"Séance de travail de l'ANR PICCH - TELEMMe - Temps, espaces, langages, Europe méridionale, Méditerranée","isPartOf":{"@id":"https:\/\/telemme.mmsh.fr\/#website"},"primaryImageOfPage":{"@id":"https:\/\/telemme.mmsh.fr\/?tribe_events=seance-de-travail-de-lanr-picch#primaryimage"},"image":{"@id":"https:\/\/telemme.mmsh.fr\/?tribe_events=seance-de-travail-de-lanr-picch#primaryimage"},"thumbnailUrl":"https:\/\/telemme.mmsh.fr\/wp-content\/uploads\/2021\/09\/logo_PICCH_2.jpg","datePublished":"2022-07-13T15:21:07+00:00","dateModified":"2022-07-13T15:29:56+00:00","description":"Cette séance sera l'occasion de recevoir Judith Dehail, spécialiste des médiations muséales et membre du LESA. ","breadcrumb":{"@id":"https:\/\/telemme.mmsh.fr\/?tribe_events=seance-de-travail-de-lanr-picch#breadcrumb"},"inLanguage":"fr-FR","potentialAction":[{"@type":"ReadAction","target":["https:\/\/telemme.mmsh.fr\/?tribe_events=seance-de-travail-de-lanr-picch"]}]},{"@type":"ImageObject","inLanguage":"fr-FR","@id":"https:\/\/telemme.mmsh.fr\/?tribe_events=seance-de-travail-de-lanr-picch#primaryimage","url":"https:\/\/telemme.mmsh.fr\/wp-content\/uploads\/2021\/09\/logo_PICCH_2.jpg","contentUrl":"https:\/\/telemme.mmsh.fr\/wp-content\/uploads\/2021\/09\/logo_PICCH_2.jpg","width":1000,"height":250,"caption":"Logo de l'ANR PICCH"},{"@type":"BreadcrumbList","@id":"https:\/\/telemme.mmsh.fr\/?tribe_events=seance-de-travail-de-lanr-picch#breadcrumb","itemListElement":[{"@type":"ListItem","position":1,"name":"Accueil","item":"https:\/\/telemme.mmsh.fr\/"},{"@type":"ListItem","position":2,"name":"Évènements","item":"https:\/\/telemme.mmsh.fr\/?post_type=tribe_events"},{"@type":"ListItem","position":3,"name":"Séminaire","item":"https:\/\/telemme.mmsh.fr\/?tribe_events_cat=seminaire"},{"@type":"ListItem","position":4,"name":"Séance de travail de l&#8217;ANR PICCH"}]},{"@type":"WebSite","@id":"https:\/\/telemme.mmsh.fr\/#website","url":"https:\/\/telemme.mmsh.fr\/","name":"TELEMMe - Temps, espaces, langages, Europe méridionale, Méditerranée","description":"","publisher":{"@id":"https:\/\/telemme.mmsh.fr\/#organization"},"potentialAction":[{"@type":"SearchAction","target":{"@type":"EntryPoint","urlTemplate":"https:\/\/telemme.mmsh.fr\/?s={search_term_string}"},"query-input":{"@type":"PropertyValueSpecification","valueRequired":true,"valueName":"search_term_string"}}],"inLanguage":"fr-FR"},{"@type":"Organization","@id":"https:\/\/telemme.mmsh.fr\/#organization","name":"TELEMMe","url":"https:\/\/telemme.mmsh.fr\/","logo":{"@type":"ImageObject","inLanguage":"fr-FR","@id":"https:\/\/telemme.mmsh.fr\/#\/schema\/logo\/image\/","url":"https:\/\/telemme.mmsh.fr\/wp-content\/uploads\/2020\/03\/LogoTELEMMe-horizontal-fond-transparent.png","contentUrl":"https:\/\/telemme.mmsh.fr\/wp-content\/uploads\/2020\/03\/LogoTELEMMe-horizontal-fond-transparent.png","width":1500,"height":437,"caption":"TELEMMe"},"image":{"@id":"https:\/\/telemme.mmsh.fr\/#\/schema\/logo\/image\/"}}]}</script>
<!-- / Yoast SEO plugin. -->

Séance de travail de l'ANR PICCH - TELEMMe - Temps, espaces, langages, Europe méridionale, Méditerranée

Cette séance sera l'occasion de recevoir Judith Dehail, spécialiste des médiations muséales et membre du LESA.

TELEMMe - Temps, espaces, langages, Europe méridionale, Méditerranée

Évènements

Séminaire

Séance de travail de l&#8217;ANR PICCH
