{"id":8569,"date":"2021-06-28T14:25:30","date_gmt":"2021-06-28T12:25:30","guid":{"rendered":"https:\/\/telemme.mmsh.fr\/?page_id=8569"},"modified":"2021-06-29T17:52:58","modified_gmt":"2021-06-29T15:52:58","slug":"webdocumentaires","status":"publish","type":"page","link":"https:\/\/telemme.mmsh.fr\/?page_id=8569","title":{"rendered":"Webdocumentaires"},"content":{"rendered":"\n<p>Exp\u00e9rimenter de nouvelles formes d\u2019\u00e9critures autour des recherches de TELEMMe avec les acteurs et actrices, des cin\u00e9astes, des concepteurs web, des documentalistes et archivistes.<\/p>\n\n\n      <div id=\"post-grid-lazy-8568\" class=\"post-grid-lazy\"><img decoding=\"async\" alt=\"\" src=\"\" \/><\/div>\n    <script>\n      jQuery('#post-grid-lazy-8568').ready(function($) {\n        $('#post-grid-lazy-8568').fadeOut();\n        $('#post-grid-8568   ').fadeIn();\n      })\n    <\/script>\n    <style type=\"text\/css\">\n      #post-grid-8568 {\n        display: none;\n      }\n\n      .post-grid-lazy {\n        text-align: center;\n      }\n    <\/style>\n    <div data-options='{&quot;id&quot;:&quot;8568&quot;,&quot;lazy_load&quot;:&quot;yes&quot;,&quot;masonry_enable&quot;:&quot;no&quot;,&quot;view_type&quot;:&quot;grid&quot;}' id=\"post-grid-8568\" class=\"post-grid grid\">\n    \n\n\n    <div class=\"grid-items\">\n      <div class=\"item item-10085 skin flat even 0 \">\n        <div class=\"layer-wrapper layout-5779\">\n          <div class=\" element_1617027353503\"\r\n        id=\"\">\r\n        <div class=\"element element_1617027342065  thumb \">\r\n                    <img decoding=\"async\" alt=\"SAF\u00e9\" src=\"https:\/\/telemme.mmsh.fr\/wp-content\/uploads\/2021\/11\/SAFe-1024x569.jpg\">\r\n            <\/div>\r\n    <div class=\"element element_1617027348774  title \">\r\n                    Un webdocumentaire art\/science sur les f\u00e9minicides            <\/div>\r\n    <div\r\n        class=\"element element_1617027350182  excerpt_read_more \">\r\n        Le 25 novembre, \u00e0 l'occasion de la journ\u00e9e internationale de lutte contre les violences faites aux femmes, chercheuses et artistes publient un webdocumentaire sur les f\u00e9minicides. En m\u00ealant arts et sciences, cette cr\u00e9ation propos\u00e9e par Aartemis, Adrienne Arth, Claude Ber, Sylvette Den\u00e8fle, Isabelle Demangeat, Karine Lambert, Irene Pittatore permet de mieux comprendre ce fait social qui traverse les \u00e9poques.        <a target=\"_self\"\r\n            href=\"https:\/\/telemme.mmsh.fr\/?p=10085\">En savoir plus<\/a>\r\n    <\/div>\r\n    <\/div>\r\n    <\/div>\n  <\/div><div class=\"item item-2364 skin flat odd 1 \">\n        <div class=\"layer-wrapper layout-5779\">\n          <div class=\" element_1617027353503\"\r\n        id=\"\">\r\n        <div class=\"element element_1617027342065  thumb \">\r\n                    <img decoding=\"async\" alt=\"Webdocumentaire Fos \/ \u00e9tang de Berre\" src=\"https:\/\/telemme.mmsh.fr\/wp-content\/uploads\/2020\/12\/fos200ans-2000x1200-1-1024x614.jpg\">\r\n            <\/div>\r\n    <div class=\"element element_1617027348774  title \">\r\n                    Fos \/ \u00e9tang de Berre. 200 ans d\u2019histoire industrielle et environnementale            <\/div>\r\n    <div\r\n        class=\"element element_1617027350182  excerpt_read_more \">\r\n        Nous connaissons Fos, port de Marseille, une des plus grandes zones industrialo-portuaires d\u2019Europe, construite au tournant des ann\u00e9es 1970. Mais nous ignorons souvent que cette zone s\u2019est implant\u00e9e sur un territoire d\u00e9j\u00e0 riche d\u2019une longue histoire industrielle et environnementale.        <a target=\"_self\"\r\n            href=\"https:\/\/telemme.mmsh.fr\/?p=2364\">En savoir plus<\/a>\r\n    <\/div>\r\n    <\/div>\r\n    <\/div>\n  <\/div>    <\/div>\n    <div class=\"pagination\">\n      <div class=\"paginate\">\n      <\/div>\n  <style type=\"text\/css\">\n    #post-grid-8568 .pagination .page-numbers {\n      font-size: 16px;\n      color: #fff;\n      background: #646464;\n    }\n\n    #post-grid-8568 .pagination .page-numbers:hover,\n    #post-grid-8568 .pagination .page-numbers.current {\n      background: #4b4b4b;\n    }\n  <\/style>\n  <\/div>\n        <style type=\"text\/css\">\r\n            .layout-5779 .element_1617027353503 {\r\n                            }\r\n\r\n                    <\/style>\r\n        <style type=\"text\/css\">\r\n        .layout-5779 .element_1617027342065 {\r\n            overflow: hidden;\r\n                    }\r\n\r\n        .layout-5779 .element_1617027342065 img {\r\n            max-width: 100%;\r\n            height: auto;\r\n        }\r\n\r\n        @media only screen and (min-width: 1024px) {\r\n            .layout-5779 .element_1617027342065 {\r\n                            }\r\n        }\r\n\r\n        @media only screen and (min-width: 768px) and (max-width: 1023px) {\r\n            .layout-5779 .element_1617027342065 {\r\n                            }\r\n        }\r\n\r\n        @media only screen and (min-width: 0px) and (max-width: 767px) {\r\n            .layout-5779 .element_1617027342065 {\r\n                            }\r\n        }\r\n    <\/style>\r\n    <style type=\"text\/css\">\r\n        .layout-5779 .element_1617027348774 {\r\n            font-size: 20px;\r\n            font-family: Alata;\r\n            margin: 10px 0;\r\n            text-align: left;\r\n            font-weight:bold;        }\r\n\r\n        .layout-5779 .element_1617027348774 a {\r\n            font-size: 20px;\r\n            font-family: Alata;\r\n            margin: 10px 0;\r\n            text-align: left;\r\n            font-weight:bold;        }\r\n    <\/style>\r\n    <style type=\"text\/css\">\r\n        .layout-5779 .element_1617027350182 {\r\n            text-align: left;\r\n                    }\r\n\r\n        .layout-5779 .element_1617027350182 a {\r\n                    }\r\n    <\/style>\r\n      <script>\n          <\/script>\n    <style type=\"text\/css\">\n    #post-grid-8568 {\n      padding: 10px;\n          }\n\n    #post-grid-8568 .item {\n      padding: 0px;\n      background: #fff;\n          }\n\n    #post-grid-8568 .item .layer-media {\n      height:auto;    }\n\n    @media only screen and (min-width: 0px) and (max-width: 767px) {\n      #post-grid-8568 .grid-items {\n        text-align: center;\n              }\n\n      #post-grid-8568 .item {\n        width: 90%;\n        margin: 10px;\n        display: inline-block;\n        vertical-align: top;\n        height:auto;      }\n    }\n\n    @media only screen and (min-width: 768px) and (max-width: 1023px) {\n      #post-grid-8568 .grid-items {\n        text-align: center;\n              }\n\n      #post-grid-8568 .item {\n        width: 280px;\n        margin: 10px;\n        display: inline-block;\n        vertical-align: top;\n        max-height:auto;      }\n    }\n\n    @media only screen and (min-width: 1024px) {\n      #post-grid-8568 .grid-items {\n        text-align: center;\n              }\n\n      #post-grid-8568 .item {\n        width: 280px;\n        display: inline-block;\n        margin: 10px;\n        vertical-align: top;\n        height:auto;      }\n    }\n\n      <\/style>\n  <\/div>\n\n","protected":false},"excerpt":{"rendered":"<p>Exp\u00e9rimenter de nouvelles formes d\u2019\u00e9critures autour des recherches de TELEMMe avec les acteurs et actrices, des cin\u00e9astes, des concepteurs web, des documentalistes et archivistes.<\/p>\n","protected":false},"author":6,"featured_media":0,"parent":2358,"menu_order":50,"comment_status":"closed","ping_status":"closed","template":"","meta":{"neve_meta_sidebar":"full-width","neve_meta_container":"","neve_meta_enable_content_width":"on","neve_meta_content_width":90,"neve_meta_title_alignment":"","neve_meta_author_avatar":"","neve_post_elements_order":"","neve_meta_disable_header":"","neve_meta_disable_footer":"","neve_meta_disable_title":"","footnotes":""},"class_list":["post-8569","page","type-page","status-publish","hentry"],"yoast_head":"<!-- This site is optimized with the Yoast SEO plugin v27.5 - https:\/\/yoast.com\/product\/yoast-seo-wordpress\/ -->\n<title>Webdocumentaires - TELEMMe - Temps, espaces, langages, Europe m\u00e9ridionale, M\u00e9diterran\u00e9e<\/title>\n<meta name=\"description\" content=\"Exp\u00e9rimenter de nouvelles formes d\u2019\u00e9critures autour des recherches de TELEMMe avec les acteurs et actrices, des cin\u00e9astes, des concepteurs web, des documentalistes et archivistes.\" \/>\n<meta name=\"robots\" content=\"index, follow, max-snippet:-1, max-image-preview:large, max-video-preview:-1\" \/>\n<link rel=\"canonical\" href=\"https:\/\/telemme.mmsh.fr\/?page_id=8569\" \/>\n<meta property=\"og:locale\" content=\"fr_FR\" \/>\n<meta property=\"og:type\" content=\"article\" \/>\n<meta property=\"og:title\" content=\"Webdocumentaires - TELEMMe - Temps, espaces, langages, Europe m\u00e9ridionale, M\u00e9diterran\u00e9e\" \/>\n<meta property=\"og:description\" content=\"Exp\u00e9rimenter de nouvelles formes d\u2019\u00e9critures autour des recherches de TELEMMe avec les acteurs et actrices, des cin\u00e9astes, des concepteurs web, des documentalistes et archivistes.\" \/>\n<meta property=\"og:url\" content=\"https:\/\/telemme.mmsh.fr\/?page_id=8569\" \/>\n<meta property=\"og:site_name\" content=\"TELEMMe - Temps, espaces, langages, Europe m\u00e9ridionale, M\u00e9diterran\u00e9e\" \/>\n<meta property=\"article:modified_time\" content=\"2021-06-29T15:52:58+00:00\" \/>\n<meta name=\"twitter:card\" content=\"summary_large_image\" \/>\n<meta name=\"twitter:label1\" content=\"Dur\u00e9e de lecture estim\u00e9e\" \/>\n\t<meta name=\"twitter:data1\" content=\"1 minute\" \/>\n<script type=\"application\/ld+json\" class=\"yoast-schema-graph\">{\"@context\":\"https:\\\/\\\/schema.org\",\"@graph\":[{\"@type\":\"WebPage\",\"@id\":\"https:\\\/\\\/telemme.mmsh.fr\\\/?page_id=8569\",\"url\":\"https:\\\/\\\/telemme.mmsh.fr\\\/?page_id=8569\",\"name\":\"Webdocumentaires - TELEMMe - Temps, espaces, langages, Europe m\u00e9ridionale, M\u00e9diterran\u00e9e\",\"isPartOf\":{\"@id\":\"https:\\\/\\\/telemme.mmsh.fr\\\/#website\"},\"datePublished\":\"2021-06-28T12:25:30+00:00\",\"dateModified\":\"2021-06-29T15:52:58+00:00\",\"description\":\"Exp\u00e9rimenter de nouvelles formes d\u2019\u00e9critures autour des recherches de TELEMMe avec les acteurs et actrices, des cin\u00e9astes, des concepteurs web, des documentalistes et archivistes.\",\"breadcrumb\":{\"@id\":\"https:\\\/\\\/telemme.mmsh.fr\\\/?page_id=8569#breadcrumb\"},\"inLanguage\":\"fr-FR\",\"potentialAction\":[{\"@type\":\"ReadAction\",\"target\":[\"https:\\\/\\\/telemme.mmsh.fr\\\/?page_id=8569\"]}]},{\"@type\":\"BreadcrumbList\",\"@id\":\"https:\\\/\\\/telemme.mmsh.fr\\\/?page_id=8569#breadcrumb\",\"itemListElement\":[{\"@type\":\"ListItem\",\"position\":1,\"name\":\"Accueil\",\"item\":\"https:\\\/\\\/telemme.mmsh.fr\\\/\"},{\"@type\":\"ListItem\",\"position\":2,\"name\":\"M\u00e9diation et diffusion\",\"item\":\"https:\\\/\\\/telemme.mmsh.fr\\\/?page_id=2358\"},{\"@type\":\"ListItem\",\"position\":3,\"name\":\"Webdocumentaires\"}]},{\"@type\":\"WebSite\",\"@id\":\"https:\\\/\\\/telemme.mmsh.fr\\\/#website\",\"url\":\"https:\\\/\\\/telemme.mmsh.fr\\\/\",\"name\":\"TELEMMe - Temps, espaces, langages, Europe m\u00e9ridionale, M\u00e9diterran\u00e9e\",\"description\":\"\",\"publisher\":{\"@id\":\"https:\\\/\\\/telemme.mmsh.fr\\\/#organization\"},\"potentialAction\":[{\"@type\":\"SearchAction\",\"target\":{\"@type\":\"EntryPoint\",\"urlTemplate\":\"https:\\\/\\\/telemme.mmsh.fr\\\/?s={search_term_string}\"},\"query-input\":{\"@type\":\"PropertyValueSpecification\",\"valueRequired\":true,\"valueName\":\"search_term_string\"}}],\"inLanguage\":\"fr-FR\"},{\"@type\":\"Organization\",\"@id\":\"https:\\\/\\\/telemme.mmsh.fr\\\/#organization\",\"name\":\"TELEMMe\",\"url\":\"https:\\\/\\\/telemme.mmsh.fr\\\/\",\"logo\":{\"@type\":\"ImageObject\",\"inLanguage\":\"fr-FR\",\"@id\":\"https:\\\/\\\/telemme.mmsh.fr\\\/#\\\/schema\\\/logo\\\/image\\\/\",\"url\":\"https:\\\/\\\/telemme.mmsh.fr\\\/wp-content\\\/uploads\\\/2020\\\/03\\\/LogoTELEMMe-horizontal-fond-transparent.png\",\"contentUrl\":\"https:\\\/\\\/telemme.mmsh.fr\\\/wp-content\\\/uploads\\\/2020\\\/03\\\/LogoTELEMMe-horizontal-fond-transparent.png\",\"width\":1500,\"height\":437,\"caption\":\"TELEMMe\"},\"image\":{\"@id\":\"https:\\\/\\\/telemme.mmsh.fr\\\/#\\\/schema\\\/logo\\\/image\\\/\"}}]}<\/script>\n<!-- \/ Yoast SEO plugin. -->","yoast_head_json":{"title":"Webdocumentaires - TELEMMe - Temps, espaces, langages, Europe m\u00e9ridionale, M\u00e9diterran\u00e9e","description":"Exp\u00e9rimenter de nouvelles formes d\u2019\u00e9critures autour des recherches de TELEMMe avec les acteurs et actrices, des cin\u00e9astes, des concepteurs web, des documentalistes et archivistes.","robots":{"index":"index","follow":"follow","max-snippet":"max-snippet:-1","max-image-preview":"max-image-preview:large","max-video-preview":"max-video-preview:-1"},"canonical":"https:\/\/telemme.mmsh.fr\/?page_id=8569","og_locale":"fr_FR","og_type":"article","og_title":"Webdocumentaires - TELEMMe - Temps, espaces, langages, Europe m\u00e9ridionale, M\u00e9diterran\u00e9e","og_description":"Exp\u00e9rimenter de nouvelles formes d\u2019\u00e9critures autour des recherches de TELEMMe avec les acteurs et actrices, des cin\u00e9astes, des concepteurs web, des documentalistes et archivistes.","og_url":"https:\/\/telemme.mmsh.fr\/?page_id=8569","og_site_name":"TELEMMe - Temps, espaces, langages, Europe m\u00e9ridionale, M\u00e9diterran\u00e9e","article_modified_time":"2021-06-29T15:52:58+00:00","twitter_card":"summary_large_image","twitter_misc":{"Dur\u00e9e de lecture estim\u00e9e":"1 minute"},"schema":{"@context":"https:\/\/schema.org","@graph":[{"@type":"WebPage","@id":"https:\/\/telemme.mmsh.fr\/?page_id=8569","url":"https:\/\/telemme.mmsh.fr\/?page_id=8569","name":"Webdocumentaires - TELEMMe - Temps, espaces, langages, Europe m\u00e9ridionale, M\u00e9diterran\u00e9e","isPartOf":{"@id":"https:\/\/telemme.mmsh.fr\/#website"},"datePublished":"2021-06-28T12:25:30+00:00","dateModified":"2021-06-29T15:52:58+00:00","description":"Exp\u00e9rimenter de nouvelles formes d\u2019\u00e9critures autour des recherches de TELEMMe avec les acteurs et actrices, des cin\u00e9astes, des concepteurs web, des documentalistes et archivistes.","breadcrumb":{"@id":"https:\/\/telemme.mmsh.fr\/?page_id=8569#breadcrumb"},"inLanguage":"fr-FR","potentialAction":[{"@type":"ReadAction","target":["https:\/\/telemme.mmsh.fr\/?page_id=8569"]}]},{"@type":"BreadcrumbList","@id":"https:\/\/telemme.mmsh.fr\/?page_id=8569#breadcrumb","itemListElement":[{"@type":"ListItem","position":1,"name":"Accueil","item":"https:\/\/telemme.mmsh.fr\/"},{"@type":"ListItem","position":2,"name":"M\u00e9diation et diffusion","item":"https:\/\/telemme.mmsh.fr\/?page_id=2358"},{"@type":"ListItem","position":3,"name":"Webdocumentaires"}]},{"@type":"WebSite","@id":"https:\/\/telemme.mmsh.fr\/#website","url":"https:\/\/telemme.mmsh.fr\/","name":"TELEMMe - Temps, espaces, langages, Europe m\u00e9ridionale, M\u00e9diterran\u00e9e","description":"","publisher":{"@id":"https:\/\/telemme.mmsh.fr\/#organization"},"potentialAction":[{"@type":"SearchAction","target":{"@type":"EntryPoint","urlTemplate":"https:\/\/telemme.mmsh.fr\/?s={search_term_string}"},"query-input":{"@type":"PropertyValueSpecification","valueRequired":true,"valueName":"search_term_string"}}],"inLanguage":"fr-FR"},{"@type":"Organization","@id":"https:\/\/telemme.mmsh.fr\/#organization","name":"TELEMMe","url":"https:\/\/telemme.mmsh.fr\/","logo":{"@type":"ImageObject","inLanguage":"fr-FR","@id":"https:\/\/telemme.mmsh.fr\/#\/schema\/logo\/image\/","url":"https:\/\/telemme.mmsh.fr\/wp-content\/uploads\/2020\/03\/LogoTELEMMe-horizontal-fond-transparent.png","contentUrl":"https:\/\/telemme.mmsh.fr\/wp-content\/uploads\/2020\/03\/LogoTELEMMe-horizontal-fond-transparent.png","width":1500,"height":437,"caption":"TELEMMe"},"image":{"@id":"https:\/\/telemme.mmsh.fr\/#\/schema\/logo\/image\/"}}]}},"_links":{"self":[{"href":"https:\/\/telemme.mmsh.fr\/index.php?rest_route=\/wp\/v2\/pages\/8569","targetHints":{"allow":["GET"]}}],"collection":[{"href":"https:\/\/telemme.mmsh.fr\/index.php?rest_route=\/wp\/v2\/pages"}],"about":[{"href":"https:\/\/telemme.mmsh.fr\/index.php?rest_route=\/wp\/v2\/types\/page"}],"author":[{"embeddable":true,"href":"https:\/\/telemme.mmsh.fr\/index.php?rest_route=\/wp\/v2\/users\/6"}],"replies":[{"embeddable":true,"href":"https:\/\/telemme.mmsh.fr\/index.php?rest_route=%2Fwp%2Fv2%2Fcomments&post=8569"}],"version-history":[{"count":1,"href":"https:\/\/telemme.mmsh.fr\/index.php?rest_route=\/wp\/v2\/pages\/8569\/revisions"}],"predecessor-version":[{"id":8570,"href":"https:\/\/telemme.mmsh.fr\/index.php?rest_route=\/wp\/v2\/pages\/8569\/revisions\/8570"}],"up":[{"embeddable":true,"href":"https:\/\/telemme.mmsh.fr\/index.php?rest_route=\/wp\/v2\/pages\/2358"}],"wp:attachment":[{"href":"https:\/\/telemme.mmsh.fr\/index.php?rest_route=%2Fwp%2Fv2%2Fmedia&parent=8569"}],"curies":[{"name":"wp","href":"https:\/\/api.w.org\/{rel}","templated":true}]}}