{"id":6206,"date":"2021-04-06T17:28:47","date_gmt":"2021-04-06T15:28:47","guid":{"rendered":"http:\/\/telemme.mmsh.fr\/?page_id=6206"},"modified":"2021-07-05T14:40:55","modified_gmt":"2021-07-05T12:40:55","slug":"visual-studies-hn","status":"publish","type":"page","link":"https:\/\/telemme.mmsh.fr\/?page_id=6206","title":{"rendered":"Atelier Visual Studies et humanit\u00e9s num\u00e9riques"},"content":{"rendered":"\n<h2 class=\"wp-block-heading\"><strong>Responsable<\/strong> <strong>: <a href=\"https:\/\/telemme.mmsh.fr\/?membres=sophie-gebeil\">Sophie Gebeil<\/a><\/strong><\/h2>\n\n\n\n<blockquote class=\"wp-block-quote is-layout-flow wp-block-quote-is-layout-flow\"><p>L&rsquo;objectif de l&rsquo;atelier est de construire une dynamique transversale autour des questions de recherche li\u00e9es aux \u00e9tudes visuelles et aux humanit\u00e9s num\u00e9riques en M\u00e9diterran\u00e9e. L&rsquo;enjeu est de concevoir, \u00e0 partir de th\u00e9matiques, de m\u00e9thodes, d&rsquo;objets pr\u00e9existants, des probl\u00e9matiques communes sur les donn\u00e9es de la recherche en SHS, les dispositifs visuels comme objets culturels ou encore la m\u00e9diation num\u00e9rique et audiovisuelle des savoirs. TELEMMe entend interroger les transformations r\u00e9centes li\u00e9es au num\u00e9rique en privil\u00e9giant l&rsquo;analyse des dispositifs visuels replac\u00e9s dans des temporalit\u00e9s et des \u00e9chelles multiples.<\/p><\/blockquote>\n\n\n\n<div class=\"wp-block-media-text alignwide is-stacked-on-mobile\" style=\"grid-template-columns:21% auto\"><figure class=\"wp-block-media-text__media\"><img loading=\"lazy\" decoding=\"async\" width=\"1079\" height=\"591\" src=\"https:\/\/telemme.mmsh.fr\/wp-content\/uploads\/2021\/06\/Logo-VSetHN-V2-transparent.png\" alt=\"Logo Atelier Visual studies et humanit\u00e9s num\u00e9riques de TELEMMe\" class=\"wp-image-8415 size-full\" srcset=\"https:\/\/telemme.mmsh.fr\/wp-content\/uploads\/2021\/06\/Logo-VSetHN-V2-transparent.png 1079w, https:\/\/telemme.mmsh.fr\/wp-content\/uploads\/2021\/06\/Logo-VSetHN-V2-transparent-300x164.png 300w, https:\/\/telemme.mmsh.fr\/wp-content\/uploads\/2021\/06\/Logo-VSetHN-V2-transparent-1024x561.png 1024w, https:\/\/telemme.mmsh.fr\/wp-content\/uploads\/2021\/06\/Logo-VSetHN-V2-transparent-768x421.png 768w\" sizes=\"auto, (max-width: 1079px) 100vw, 1079px\" \/><\/figure><div class=\"wp-block-media-text__content\">\n<p class=\"has-text-align-left has-normal-font-size\">\u00c0 travers cet&nbsp;atelier, le laboratoire poursuit sa r\u00e9flexion sur la g\u00e9n\u00e9ralisation du recours aux&nbsp;technologies num\u00e9riques en sciences humaines et sociales et sur l\u2019exploitation de sources non \u00e9crites.&nbsp;Il constitue un espace interdisciplinaire de r\u00e9flexion concernant les humanit\u00e9s num\u00e9riques et l\u2019\u00e9tude des dispositifs visuels en M\u00e9diterran\u00e9e, en lien avec le <a href=\"https:\/\/imageson.hypotheses.org\/3541\">P\u00f4le Images Sons \u2013 Pratiques du num\u00e9riques<\/a> en SHS de la MMSH et divers partenaires tels que l\u2019<a href=\"https:\/\/institut.ina.fr\/institut\/en-regions\/ina-mediterranee\">Ina-M\u00e9diterran\u00e9e<\/a>. &nbsp;<\/p>\n<\/div><\/div>\n\n\n\n<p>La g\u00e9n\u00e9ralisation des TIC et le d\u00e9veloppement du Web transforment notre rapport aux images et plus largement la fabrication et la diffusion des savoirs de la recherche. Le d\u00e9ploiement de discours en ligne, sur les m\u00e9dias sociaux en particulier, questionne la fonction sociale du chercheur en SHS, \u00e0 travers une mise en concurrence accrue des r\u00e9cits tout en bouleversant des concepts fondamentaux de nos disciplines (archive, patrimoine, document, \u0153uvre, auteur par exemple).&nbsp; L\u2019atelier VSHN entend prendre ses transformations pour objet d\u2019\u00e9tude en les appr\u00e9hendant, selon une perspective interdisciplinaire, au prisme du visuel, sans pour autant exclure les enjeux d\u2019articulations entre image et \u00e9crit num\u00e9rique.<\/p>\n\n\n\n<h2 class=\"wp-block-heading\">Principaux axes de recherche<\/h2>\n\n\n\n<ol class=\"wp-block-list\" type=\"1\"><li>Analyser les m\u00e9tamorphoses de l\u2019image qui occupe une place croissante dans les dispositifs num\u00e9riques, bouleversant les genres et les cat\u00e9gories. Consid\u00e9rant que les usages num\u00e9riques sont situ\u00e9s socialement mais aussi dans le temps et l\u2019espace, il s\u2019agit d\u2019\u00e9tudier, en pla\u00e7ant la focale sur l\u2019espace m\u00e9diterran\u00e9en, les m\u00e9diations et les repr\u00e9sentations visuelles dans le temps long, permettant ainsi de mettre en perspective les pratiques r\u00e9centes.<\/li><li>\u00c9tudier des soci\u00e9t\u00e9s m\u00e9diterran\u00e9ennes par le visuel, en mettant l\u2019accent sur les modes de repr\u00e9sentations ainsi que sur les d\u00e9fis m\u00e9thodologiques impos\u00e9s par la g\u00e9n\u00e9ralisation des TIC en lien avec les humanit\u00e9s num\u00e9riques.<\/li><li>Interroger les transformations des modes de m\u00e9diation des savoirs produits au sein du laboratoire, en prenant appui sur les multiples projets innovants port\u00e9s de longue date au sein de l\u2019UMR TELEMMe (<a href=\"https:\/\/telemme.mmsh.fr\/?page_id=7241\">films<\/a>, murs d\u2019image, bases de donn\u00e9es, <a href=\"https:\/\/telemme.mmsh.fr\/?page_id=8569\">webdocumentaires<\/a>, sites Internet).<\/li><li>Proposer une r\u00e9flexion sur l\u2019archivage et la patrimonialisation des sources visuelles et nativement num\u00e9riques (enjeux li\u00e9s \u00e0 la num\u00e9risation, m\u00e9diation en ligne, archives de la recherche, archives du Web).<\/li><li>D\u00e9velopper des liens entre recherche et formation \u00e0 destination des \u00e9tudiants inscrits en Master ou en Doctorat concernant les aspects m\u00e9thodologiques et les enjeux li\u00e9s \u00e0 l\u2019\u00e9ducation aux m\u00e9dias et \u00e0 la litt\u00e9ratie num\u00e9rique.<\/li><\/ol>\n","protected":false},"excerpt":{"rendered":"<p>Responsable : Sophie Gebeil L&rsquo;objectif de l&rsquo;atelier est de construire une dynamique transversale autour des questions de recherche li\u00e9es aux \u00e9tudes visuelles et aux humanit\u00e9s num\u00e9riques en M\u00e9diterran\u00e9e. L&rsquo;enjeu est&hellip;&nbsp;<a href=\"https:\/\/telemme.mmsh.fr\/?page_id=6206\" rel=\"bookmark\">Lire la suite &raquo;<span class=\"screen-reader-text\">Atelier Visual Studies et humanit\u00e9s num\u00e9riques<\/span><\/a><\/p>\n","protected":false},"author":6,"featured_media":0,"parent":8687,"menu_order":10,"comment_status":"closed","ping_status":"closed","template":"","meta":{"neve_meta_sidebar":"right","neve_meta_container":"","neve_meta_enable_content_width":"on","neve_meta_content_width":75,"neve_meta_title_alignment":"","neve_meta_author_avatar":"","neve_post_elements_order":"","neve_meta_disable_header":"","neve_meta_disable_footer":"","neve_meta_disable_title":"","footnotes":""},"class_list":["post-6206","page","type-page","status-publish","hentry"],"yoast_head":"<!-- This site is optimized with the Yoast SEO plugin v27.4 - https:\/\/yoast.com\/product\/yoast-seo-wordpress\/ -->\n<title>Atelier Visual Studies et humanit\u00e9s num\u00e9riques - TELEMMe - Temps, espaces, langages, Europe m\u00e9ridionale, M\u00e9diterran\u00e9e<\/title>\n<meta name=\"description\" content=\"Atelier Visual Studies et humanit\u00e9s num\u00e9riques humanit\u00e9s num\u00e9riques, Digital Humanities, \u00e9tudes visuelles, visual studies\" \/>\n<meta name=\"robots\" content=\"index, follow, max-snippet:-1, max-image-preview:large, max-video-preview:-1\" \/>\n<link rel=\"canonical\" href=\"https:\/\/telemme.mmsh.fr\/?page_id=6206\" \/>\n<meta property=\"og:locale\" content=\"fr_FR\" \/>\n<meta property=\"og:type\" content=\"article\" \/>\n<meta property=\"og:title\" content=\"Atelier Visual Studies et humanit\u00e9s num\u00e9riques - TELEMMe - Temps, espaces, langages, Europe m\u00e9ridionale, M\u00e9diterran\u00e9e\" \/>\n<meta property=\"og:description\" content=\"Atelier Visual Studies et humanit\u00e9s num\u00e9riques humanit\u00e9s num\u00e9riques, Digital Humanities, \u00e9tudes visuelles, visual studies\" \/>\n<meta property=\"og:url\" content=\"https:\/\/telemme.mmsh.fr\/?page_id=6206\" \/>\n<meta property=\"og:site_name\" content=\"TELEMMe - Temps, espaces, langages, Europe m\u00e9ridionale, M\u00e9diterran\u00e9e\" \/>\n<meta property=\"article:modified_time\" content=\"2021-07-05T12:40:55+00:00\" \/>\n<meta property=\"og:image\" content=\"http:\/\/telemme.mmsh.fr\/wp-content\/uploads\/2021\/06\/Logo-VSetHN-V2-transparent.png\" \/>\n<meta name=\"twitter:card\" content=\"summary_large_image\" \/>\n<meta name=\"twitter:label1\" content=\"Dur\u00e9e de lecture estim\u00e9e\" \/>\n\t<meta name=\"twitter:data1\" content=\"3 minutes\" \/>\n<script type=\"application\/ld+json\" class=\"yoast-schema-graph\">{\"@context\":\"https:\\\/\\\/schema.org\",\"@graph\":[{\"@type\":\"WebPage\",\"@id\":\"https:\\\/\\\/telemme.mmsh.fr\\\/?page_id=6206\",\"url\":\"https:\\\/\\\/telemme.mmsh.fr\\\/?page_id=6206\",\"name\":\"Atelier Visual Studies et humanit\u00e9s num\u00e9riques - TELEMMe - Temps, espaces, langages, Europe m\u00e9ridionale, M\u00e9diterran\u00e9e\",\"isPartOf\":{\"@id\":\"https:\\\/\\\/telemme.mmsh.fr\\\/#website\"},\"primaryImageOfPage\":{\"@id\":\"https:\\\/\\\/telemme.mmsh.fr\\\/?page_id=6206#primaryimage\"},\"image\":{\"@id\":\"https:\\\/\\\/telemme.mmsh.fr\\\/?page_id=6206#primaryimage\"},\"thumbnailUrl\":\"http:\\\/\\\/telemme.mmsh.fr\\\/wp-content\\\/uploads\\\/2021\\\/06\\\/Logo-VSetHN-V2-transparent.png\",\"datePublished\":\"2021-04-06T15:28:47+00:00\",\"dateModified\":\"2021-07-05T12:40:55+00:00\",\"description\":\"Atelier Visual Studies et humanit\u00e9s num\u00e9riques humanit\u00e9s num\u00e9riques, Digital Humanities, \u00e9tudes visuelles, visual studies\",\"breadcrumb\":{\"@id\":\"https:\\\/\\\/telemme.mmsh.fr\\\/?page_id=6206#breadcrumb\"},\"inLanguage\":\"fr-FR\",\"potentialAction\":[{\"@type\":\"ReadAction\",\"target\":[\"https:\\\/\\\/telemme.mmsh.fr\\\/?page_id=6206\"]}]},{\"@type\":\"ImageObject\",\"inLanguage\":\"fr-FR\",\"@id\":\"https:\\\/\\\/telemme.mmsh.fr\\\/?page_id=6206#primaryimage\",\"url\":\"http:\\\/\\\/telemme.mmsh.fr\\\/wp-content\\\/uploads\\\/2021\\\/06\\\/Logo-VSetHN-V2-transparent.png\",\"contentUrl\":\"http:\\\/\\\/telemme.mmsh.fr\\\/wp-content\\\/uploads\\\/2021\\\/06\\\/Logo-VSetHN-V2-transparent.png\"},{\"@type\":\"BreadcrumbList\",\"@id\":\"https:\\\/\\\/telemme.mmsh.fr\\\/?page_id=6206#breadcrumb\",\"itemListElement\":[{\"@type\":\"ListItem\",\"position\":1,\"name\":\"Accueil\",\"item\":\"https:\\\/\\\/telemme.mmsh.fr\\\/\"},{\"@type\":\"ListItem\",\"position\":2,\"name\":\"La recherche \u00e0 TELEMMe\",\"item\":\"https:\\\/\\\/telemme.mmsh.fr\\\/?page_id=6201\"},{\"@type\":\"ListItem\",\"position\":3,\"name\":\"Ateliers transversaux\",\"item\":\"https:\\\/\\\/telemme.mmsh.fr\\\/?page_id=8687\"},{\"@type\":\"ListItem\",\"position\":4,\"name\":\"Atelier Visual Studies et humanit\u00e9s num\u00e9riques\"}]},{\"@type\":\"WebSite\",\"@id\":\"https:\\\/\\\/telemme.mmsh.fr\\\/#website\",\"url\":\"https:\\\/\\\/telemme.mmsh.fr\\\/\",\"name\":\"TELEMMe - Temps, espaces, langages, Europe m\u00e9ridionale, M\u00e9diterran\u00e9e\",\"description\":\"\",\"publisher\":{\"@id\":\"https:\\\/\\\/telemme.mmsh.fr\\\/#organization\"},\"potentialAction\":[{\"@type\":\"SearchAction\",\"target\":{\"@type\":\"EntryPoint\",\"urlTemplate\":\"https:\\\/\\\/telemme.mmsh.fr\\\/?s={search_term_string}\"},\"query-input\":{\"@type\":\"PropertyValueSpecification\",\"valueRequired\":true,\"valueName\":\"search_term_string\"}}],\"inLanguage\":\"fr-FR\"},{\"@type\":\"Organization\",\"@id\":\"https:\\\/\\\/telemme.mmsh.fr\\\/#organization\",\"name\":\"TELEMMe\",\"url\":\"https:\\\/\\\/telemme.mmsh.fr\\\/\",\"logo\":{\"@type\":\"ImageObject\",\"inLanguage\":\"fr-FR\",\"@id\":\"https:\\\/\\\/telemme.mmsh.fr\\\/#\\\/schema\\\/logo\\\/image\\\/\",\"url\":\"https:\\\/\\\/telemme.mmsh.fr\\\/wp-content\\\/uploads\\\/2020\\\/03\\\/LogoTELEMMe-horizontal-fond-transparent.png\",\"contentUrl\":\"https:\\\/\\\/telemme.mmsh.fr\\\/wp-content\\\/uploads\\\/2020\\\/03\\\/LogoTELEMMe-horizontal-fond-transparent.png\",\"width\":1500,\"height\":437,\"caption\":\"TELEMMe\"},\"image\":{\"@id\":\"https:\\\/\\\/telemme.mmsh.fr\\\/#\\\/schema\\\/logo\\\/image\\\/\"}}]}<\/script>\n<!-- \/ Yoast SEO plugin. -->","yoast_head_json":{"title":"Atelier Visual Studies et humanit\u00e9s num\u00e9riques - TELEMMe - Temps, espaces, langages, Europe m\u00e9ridionale, M\u00e9diterran\u00e9e","description":"Atelier Visual Studies et humanit\u00e9s num\u00e9riques humanit\u00e9s num\u00e9riques, Digital Humanities, \u00e9tudes visuelles, visual studies","robots":{"index":"index","follow":"follow","max-snippet":"max-snippet:-1","max-image-preview":"max-image-preview:large","max-video-preview":"max-video-preview:-1"},"canonical":"https:\/\/telemme.mmsh.fr\/?page_id=6206","og_locale":"fr_FR","og_type":"article","og_title":"Atelier Visual Studies et humanit\u00e9s num\u00e9riques - TELEMMe - Temps, espaces, langages, Europe m\u00e9ridionale, M\u00e9diterran\u00e9e","og_description":"Atelier Visual Studies et humanit\u00e9s num\u00e9riques humanit\u00e9s num\u00e9riques, Digital Humanities, \u00e9tudes visuelles, visual studies","og_url":"https:\/\/telemme.mmsh.fr\/?page_id=6206","og_site_name":"TELEMMe - Temps, espaces, langages, Europe m\u00e9ridionale, M\u00e9diterran\u00e9e","article_modified_time":"2021-07-05T12:40:55+00:00","og_image":[{"url":"http:\/\/telemme.mmsh.fr\/wp-content\/uploads\/2021\/06\/Logo-VSetHN-V2-transparent.png","type":"","width":"","height":""}],"twitter_card":"summary_large_image","twitter_misc":{"Dur\u00e9e de lecture estim\u00e9e":"3 minutes"},"schema":{"@context":"https:\/\/schema.org","@graph":[{"@type":"WebPage","@id":"https:\/\/telemme.mmsh.fr\/?page_id=6206","url":"https:\/\/telemme.mmsh.fr\/?page_id=6206","name":"Atelier Visual Studies et humanit\u00e9s num\u00e9riques - TELEMMe - Temps, espaces, langages, Europe m\u00e9ridionale, M\u00e9diterran\u00e9e","isPartOf":{"@id":"https:\/\/telemme.mmsh.fr\/#website"},"primaryImageOfPage":{"@id":"https:\/\/telemme.mmsh.fr\/?page_id=6206#primaryimage"},"image":{"@id":"https:\/\/telemme.mmsh.fr\/?page_id=6206#primaryimage"},"thumbnailUrl":"http:\/\/telemme.mmsh.fr\/wp-content\/uploads\/2021\/06\/Logo-VSetHN-V2-transparent.png","datePublished":"2021-04-06T15:28:47+00:00","dateModified":"2021-07-05T12:40:55+00:00","description":"Atelier Visual Studies et humanit\u00e9s num\u00e9riques humanit\u00e9s num\u00e9riques, Digital Humanities, \u00e9tudes visuelles, visual studies","breadcrumb":{"@id":"https:\/\/telemme.mmsh.fr\/?page_id=6206#breadcrumb"},"inLanguage":"fr-FR","potentialAction":[{"@type":"ReadAction","target":["https:\/\/telemme.mmsh.fr\/?page_id=6206"]}]},{"@type":"ImageObject","inLanguage":"fr-FR","@id":"https:\/\/telemme.mmsh.fr\/?page_id=6206#primaryimage","url":"http:\/\/telemme.mmsh.fr\/wp-content\/uploads\/2021\/06\/Logo-VSetHN-V2-transparent.png","contentUrl":"http:\/\/telemme.mmsh.fr\/wp-content\/uploads\/2021\/06\/Logo-VSetHN-V2-transparent.png"},{"@type":"BreadcrumbList","@id":"https:\/\/telemme.mmsh.fr\/?page_id=6206#breadcrumb","itemListElement":[{"@type":"ListItem","position":1,"name":"Accueil","item":"https:\/\/telemme.mmsh.fr\/"},{"@type":"ListItem","position":2,"name":"La recherche \u00e0 TELEMMe","item":"https:\/\/telemme.mmsh.fr\/?page_id=6201"},{"@type":"ListItem","position":3,"name":"Ateliers transversaux","item":"https:\/\/telemme.mmsh.fr\/?page_id=8687"},{"@type":"ListItem","position":4,"name":"Atelier Visual Studies et humanit\u00e9s num\u00e9riques"}]},{"@type":"WebSite","@id":"https:\/\/telemme.mmsh.fr\/#website","url":"https:\/\/telemme.mmsh.fr\/","name":"TELEMMe - Temps, espaces, langages, Europe m\u00e9ridionale, M\u00e9diterran\u00e9e","description":"","publisher":{"@id":"https:\/\/telemme.mmsh.fr\/#organization"},"potentialAction":[{"@type":"SearchAction","target":{"@type":"EntryPoint","urlTemplate":"https:\/\/telemme.mmsh.fr\/?s={search_term_string}"},"query-input":{"@type":"PropertyValueSpecification","valueRequired":true,"valueName":"search_term_string"}}],"inLanguage":"fr-FR"},{"@type":"Organization","@id":"https:\/\/telemme.mmsh.fr\/#organization","name":"TELEMMe","url":"https:\/\/telemme.mmsh.fr\/","logo":{"@type":"ImageObject","inLanguage":"fr-FR","@id":"https:\/\/telemme.mmsh.fr\/#\/schema\/logo\/image\/","url":"https:\/\/telemme.mmsh.fr\/wp-content\/uploads\/2020\/03\/LogoTELEMMe-horizontal-fond-transparent.png","contentUrl":"https:\/\/telemme.mmsh.fr\/wp-content\/uploads\/2020\/03\/LogoTELEMMe-horizontal-fond-transparent.png","width":1500,"height":437,"caption":"TELEMMe"},"image":{"@id":"https:\/\/telemme.mmsh.fr\/#\/schema\/logo\/image\/"}}]}},"_links":{"self":[{"href":"https:\/\/telemme.mmsh.fr\/index.php?rest_route=\/wp\/v2\/pages\/6206","targetHints":{"allow":["GET"]}}],"collection":[{"href":"https:\/\/telemme.mmsh.fr\/index.php?rest_route=\/wp\/v2\/pages"}],"about":[{"href":"https:\/\/telemme.mmsh.fr\/index.php?rest_route=\/wp\/v2\/types\/page"}],"author":[{"embeddable":true,"href":"https:\/\/telemme.mmsh.fr\/index.php?rest_route=\/wp\/v2\/users\/6"}],"replies":[{"embeddable":true,"href":"https:\/\/telemme.mmsh.fr\/index.php?rest_route=%2Fwp%2Fv2%2Fcomments&post=6206"}],"version-history":[{"count":10,"href":"https:\/\/telemme.mmsh.fr\/index.php?rest_route=\/wp\/v2\/pages\/6206\/revisions"}],"predecessor-version":[{"id":8575,"href":"https:\/\/telemme.mmsh.fr\/index.php?rest_route=\/wp\/v2\/pages\/6206\/revisions\/8575"}],"up":[{"embeddable":true,"href":"https:\/\/telemme.mmsh.fr\/index.php?rest_route=\/wp\/v2\/pages\/8687"}],"wp:attachment":[{"href":"https:\/\/telemme.mmsh.fr\/index.php?rest_route=%2Fwp%2Fv2%2Fmedia&parent=6206"}],"curies":[{"name":"wp","href":"https:\/\/api.w.org\/{rel}","templated":true}]}}