{"id":6201,"date":"2021-04-06T17:10:22","date_gmt":"2021-04-06T15:10:22","guid":{"rendered":"http:\/\/telemme.mmsh.fr\/?page_id=6201"},"modified":"2023-10-04T14:33:40","modified_gmt":"2023-10-04T12:33:40","slug":"la-recherche","status":"publish","type":"page","link":"https:\/\/telemme.mmsh.fr\/?page_id=6201","title":{"rendered":"La recherche \u00e0 TELEMMe"},"content":{"rendered":"\n<p>La politique de recherche \u00e0 TELEMMe est d\u00e9finie par le <a href=\"https:\/\/telemme.mmsh.fr\/?page_id=13200\">contrat quinquennal<\/a> pass\u00e9 avec ses tutelles, Aix-Marseille universit\u00e9 et le CNRS. Ce contrat d\u00e9finit les grandes orientations de son action pour les 5 ann\u00e9es en cours, structur\u00e9es notamment en trois axes et neuf groupes de recherche. L&rsquo;action de TELEMMe s&rsquo;appuie \u00e9galement sur des ateliers et des dispositifs transversaux destin\u00e9s \u00e0 valoriser et d\u00e9velopper les domaines de force de l&rsquo;unit\u00e9.<\/p>\n\n\n\n<div class=\"wp-block-media-text alignwide is-stacked-on-mobile\" style=\"grid-template-columns:41% auto\"><figure class=\"wp-block-media-text__media\"><img loading=\"lazy\" decoding=\"async\" width=\"500\" height=\"333\" src=\"https:\/\/telemme.mmsh.fr\/wp-content\/uploads\/2021\/04\/clem-onojeghuo-7uwbhGSH5Fg-unsplash_light.jpg\" alt=\"\" class=\"wp-image-6331 size-full\" srcset=\"https:\/\/telemme.mmsh.fr\/wp-content\/uploads\/2021\/04\/clem-onojeghuo-7uwbhGSH5Fg-unsplash_light.jpg 500w, https:\/\/telemme.mmsh.fr\/wp-content\/uploads\/2021\/04\/clem-onojeghuo-7uwbhGSH5Fg-unsplash_light-300x200.jpg 300w, https:\/\/telemme.mmsh.fr\/wp-content\/uploads\/2021\/04\/clem-onojeghuo-7uwbhGSH5Fg-unsplash_light-450x300.jpg 450w, https:\/\/telemme.mmsh.fr\/wp-content\/uploads\/2021\/04\/clem-onojeghuo-7uwbhGSH5Fg-unsplash_light-272x182.jpg 272w\" sizes=\"auto, (max-width: 500px) 100vw, 500px\" \/><\/figure><div class=\"wp-block-media-text__content\">\n<p class=\"has-medium-font-size\"><strong><a href=\"https:\/\/telemme.mmsh.fr\/?page_id=13200\">M\u00e9diterran\u00e9e en commun(s)<\/a><\/strong><\/p>\n\n\n\n<p>Programme quinquennal 2023-2028<\/p>\n<\/div><\/div>\n\n\n\n<div style=\"height:40px\" aria-hidden=\"true\" class=\"wp-block-spacer\"><\/div>\n\n\n\n<div class=\"wp-block-media-text alignwide is-stacked-on-mobile\" style=\"grid-template-columns:41% auto\"><figure class=\"wp-block-media-text__media\"><img loading=\"lazy\" decoding=\"async\" width=\"1024\" height=\"669\" src=\"https:\/\/telemme.mmsh.fr\/wp-content\/uploads\/2022\/09\/Terroir_ville_port_et_rade_..._btv1b53062315j_1-1024x669.jpeg\" alt=\"Terroir, ville, port et rade de Marseille et les environs... par... P. Chevalier de Soissons; 17.. , Marseille. Biblioth\u00e8que nationale de France, d\u00e9partement Cartes et plans, GE C-3724. ark:\/12148\/btv1b53062315j\" class=\"wp-image-11522 size-full\" srcset=\"https:\/\/telemme.mmsh.fr\/wp-content\/uploads\/2022\/09\/Terroir_ville_port_et_rade_..._btv1b53062315j_1-1024x669.jpeg 1024w, https:\/\/telemme.mmsh.fr\/wp-content\/uploads\/2022\/09\/Terroir_ville_port_et_rade_..._btv1b53062315j_1-300x196.jpeg 300w, https:\/\/telemme.mmsh.fr\/wp-content\/uploads\/2022\/09\/Terroir_ville_port_et_rade_..._btv1b53062315j_1-768x502.jpeg 768w, https:\/\/telemme.mmsh.fr\/wp-content\/uploads\/2022\/09\/Terroir_ville_port_et_rade_..._btv1b53062315j_1.jpeg 1075w\" sizes=\"auto, (max-width: 1024px) 100vw, 1024px\" \/><\/figure><div class=\"wp-block-media-text__content\">\n<p class=\"has-medium-font-size\"><strong>Axe 1 \u2013\u00a0<a href=\"https:\/\/telemme.mmsh.fr\/?axe_groupe=2023-2028-1-espace-et-politique-du-sensible\"><a href=\"https:\/\/telemme.mmsh.fr\/?axe_groupe=2023-2028-1-espace-et-politique-du-sensible\">Espace et politique du sensible<\/a><\/a><\/strong><\/p>\n<\/div><\/div>\n\n\n\n<div style=\"height:40px\" aria-hidden=\"true\" class=\"wp-block-spacer\"><\/div>\n\n\n\n<div class=\"wp-block-media-text alignwide is-stacked-on-mobile\" style=\"grid-template-columns:41% auto\"><figure class=\"wp-block-media-text__media\"><img loading=\"lazy\" decoding=\"async\" width=\"1024\" height=\"961\" src=\"https:\/\/telemme.mmsh.fr\/wp-content\/uploads\/2023\/01\/US-NARA-286-MP-fra-03987-travailleurs-portuaires-pendant-leur-pause-dejeuner-Marseille-1952-1024x961.jpg\" alt=\"\" class=\"wp-image-12468 size-full\" srcset=\"https:\/\/telemme.mmsh.fr\/wp-content\/uploads\/2023\/01\/US-NARA-286-MP-fra-03987-travailleurs-portuaires-pendant-leur-pause-dejeuner-Marseille-1952-1024x961.jpg 1024w, https:\/\/telemme.mmsh.fr\/wp-content\/uploads\/2023\/01\/US-NARA-286-MP-fra-03987-travailleurs-portuaires-pendant-leur-pause-dejeuner-Marseille-1952-300x281.jpg 300w, https:\/\/telemme.mmsh.fr\/wp-content\/uploads\/2023\/01\/US-NARA-286-MP-fra-03987-travailleurs-portuaires-pendant-leur-pause-dejeuner-Marseille-1952-768x721.jpg 768w, https:\/\/telemme.mmsh.fr\/wp-content\/uploads\/2023\/01\/US-NARA-286-MP-fra-03987-travailleurs-portuaires-pendant-leur-pause-dejeuner-Marseille-1952-1536x1441.jpg 1536w, https:\/\/telemme.mmsh.fr\/wp-content\/uploads\/2023\/01\/US-NARA-286-MP-fra-03987-travailleurs-portuaires-pendant-leur-pause-dejeuner-Marseille-1952-2048x1922.jpg 2048w\" sizes=\"auto, (max-width: 1024px) 100vw, 1024px\" \/><\/figure><div class=\"wp-block-media-text__content\">\n<p class=\"has-medium-font-size\"><strong>Axe 2 \u2013&nbsp;<a href=\"https:\/\/telemme.mmsh.fr\/?axe_groupe=2023-2028-2-des-vies-a-gagner\">Des vies \u00e0 gagner<\/a><\/strong><\/p>\n<\/div><\/div>\n\n\n\n<div style=\"height:40px\" aria-hidden=\"true\" class=\"wp-block-spacer\"><\/div>\n\n\n\n<div class=\"wp-block-media-text alignwide is-stacked-on-mobile\" style=\"grid-template-columns:41% auto\"><figure class=\"wp-block-media-text__media\"><img loading=\"lazy\" decoding=\"async\" width=\"500\" height=\"331\" src=\"https:\/\/telemme.mmsh.fr\/wp-content\/uploads\/2018\/11\/IILLUSTR_SETE_light.jpg\" alt=\"Le cordon littoral \u2013 S\u00e8te Source : Wikim\u00e9dia Commons\" class=\"wp-image-9418 size-full\" srcset=\"https:\/\/telemme.mmsh.fr\/wp-content\/uploads\/2018\/11\/IILLUSTR_SETE_light.jpg 500w, https:\/\/telemme.mmsh.fr\/wp-content\/uploads\/2018\/11\/IILLUSTR_SETE_light-300x199.jpg 300w\" sizes=\"auto, (max-width: 500px) 100vw, 500px\" \/><\/figure><div class=\"wp-block-media-text__content\">\n<p class=\"has-medium-font-size\"><strong>Axe 3 \u2013<a href=\"https:\/\/telemme.mmsh.fr\/?axe_groupe=2023-2028-3-mondes-soutenables\">Mondes soutenables<\/a><\/strong><\/p>\n<\/div><\/div>\n\n\n\n<div style=\"height:40px\" aria-hidden=\"true\" class=\"wp-block-spacer\"><\/div>\n\n\n\n<div class=\"wp-block-media-text alignwide is-stacked-on-mobile\" style=\"grid-template-columns:41% auto\"><figure class=\"wp-block-media-text__media\"><img loading=\"lazy\" decoding=\"async\" width=\"668\" height=\"444\" src=\"https:\/\/telemme.mmsh.fr\/wp-content\/uploads\/2021\/07\/30444385197_b3170143c3_c_sanscadre.jpg\" alt=\"\" class=\"wp-image-8696 size-full\" srcset=\"https:\/\/telemme.mmsh.fr\/wp-content\/uploads\/2021\/07\/30444385197_b3170143c3_c_sanscadre.jpg 668w, https:\/\/telemme.mmsh.fr\/wp-content\/uploads\/2021\/07\/30444385197_b3170143c3_c_sanscadre-300x199.jpg 300w, https:\/\/telemme.mmsh.fr\/wp-content\/uploads\/2021\/07\/30444385197_b3170143c3_c_sanscadre-450x300.jpg 450w, https:\/\/telemme.mmsh.fr\/wp-content\/uploads\/2021\/07\/30444385197_b3170143c3_c_sanscadre-272x182.jpg 272w\" sizes=\"auto, (max-width: 668px) 100vw, 668px\" \/><\/figure><div class=\"wp-block-media-text__content\">\n<p class=\"has-medium-font-size\"><strong><a href=\"https:\/\/telemme.mmsh.fr\/?page_id=8687\">Ateliers transversaux<\/a><\/strong><\/p>\n<\/div><\/div>\n","protected":false},"excerpt":{"rendered":"<p>La politique de recherche \u00e0 TELEMMe est d\u00e9finie par le contrat quinquennal pass\u00e9 avec ses tutelles, Aix-Marseille universit\u00e9 et le CNRS. Ce contrat d\u00e9finit les grandes orientations de son action&hellip;&nbsp;<a href=\"https:\/\/telemme.mmsh.fr\/?page_id=6201\" rel=\"bookmark\">Lire la suite &raquo;<span class=\"screen-reader-text\">La recherche \u00e0 TELEMMe<\/span><\/a><\/p>\n","protected":false},"author":6,"featured_media":0,"parent":0,"menu_order":2,"comment_status":"closed","ping_status":"closed","template":"","meta":{"neve_meta_sidebar":"default","neve_meta_container":"","neve_meta_enable_content_width":"off","neve_meta_content_width":100,"neve_meta_title_alignment":"","neve_meta_author_avatar":"","neve_post_elements_order":"","neve_meta_disable_header":"","neve_meta_disable_footer":"","neve_meta_disable_title":"","footnotes":""},"class_list":["post-6201","page","type-page","status-publish","hentry"],"yoast_head":"<!-- This site is optimized with the Yoast SEO plugin v27.4 - https:\/\/yoast.com\/product\/yoast-seo-wordpress\/ -->\n<title>La recherche \u00e0 TELEMMe - TELEMMe - Temps, espaces, langages, Europe m\u00e9ridionale, M\u00e9diterran\u00e9e<\/title>\n<meta name=\"robots\" content=\"index, follow, max-snippet:-1, max-image-preview:large, max-video-preview:-1\" \/>\n<link rel=\"canonical\" href=\"https:\/\/telemme.mmsh.fr\/?page_id=6201\" \/>\n<meta property=\"og:locale\" content=\"fr_FR\" \/>\n<meta property=\"og:type\" content=\"article\" \/>\n<meta property=\"og:title\" content=\"La recherche \u00e0 TELEMMe - TELEMMe - Temps, espaces, langages, Europe m\u00e9ridionale, M\u00e9diterran\u00e9e\" \/>\n<meta property=\"og:description\" content=\"La politique de recherche \u00e0 TELEMMe est d\u00e9finie par le contrat quinquennal pass\u00e9 avec ses tutelles, Aix-Marseille universit\u00e9 et le CNRS. Ce contrat d\u00e9finit les grandes orientations de son action&hellip;&nbsp;Lire la suite &raquo;La recherche \u00e0 TELEMMe\" \/>\n<meta property=\"og:url\" content=\"https:\/\/telemme.mmsh.fr\/?page_id=6201\" \/>\n<meta property=\"og:site_name\" content=\"TELEMMe - Temps, espaces, langages, Europe m\u00e9ridionale, M\u00e9diterran\u00e9e\" \/>\n<meta property=\"article:modified_time\" content=\"2023-10-04T12:33:40+00:00\" \/>\n<meta property=\"og:image\" content=\"http:\/\/telemme.mmsh.fr\/wp-content\/uploads\/2021\/04\/clem-onojeghuo-7uwbhGSH5Fg-unsplash_light.jpg\" \/>\n<meta name=\"twitter:card\" content=\"summary_large_image\" \/>\n<meta name=\"twitter:label1\" content=\"Dur\u00e9e de lecture estim\u00e9e\" \/>\n\t<meta name=\"twitter:data1\" content=\"2 minutes\" \/>\n<script type=\"application\/ld+json\" class=\"yoast-schema-graph\">{\"@context\":\"https:\\\/\\\/schema.org\",\"@graph\":[{\"@type\":\"WebPage\",\"@id\":\"https:\\\/\\\/telemme.mmsh.fr\\\/?page_id=6201\",\"url\":\"https:\\\/\\\/telemme.mmsh.fr\\\/?page_id=6201\",\"name\":\"La recherche \u00e0 TELEMMe - TELEMMe - Temps, espaces, langages, Europe m\u00e9ridionale, M\u00e9diterran\u00e9e\",\"isPartOf\":{\"@id\":\"https:\\\/\\\/telemme.mmsh.fr\\\/#website\"},\"primaryImageOfPage\":{\"@id\":\"https:\\\/\\\/telemme.mmsh.fr\\\/?page_id=6201#primaryimage\"},\"image\":{\"@id\":\"https:\\\/\\\/telemme.mmsh.fr\\\/?page_id=6201#primaryimage\"},\"thumbnailUrl\":\"http:\\\/\\\/telemme.mmsh.fr\\\/wp-content\\\/uploads\\\/2021\\\/04\\\/clem-onojeghuo-7uwbhGSH5Fg-unsplash_light.jpg\",\"datePublished\":\"2021-04-06T15:10:22+00:00\",\"dateModified\":\"2023-10-04T12:33:40+00:00\",\"breadcrumb\":{\"@id\":\"https:\\\/\\\/telemme.mmsh.fr\\\/?page_id=6201#breadcrumb\"},\"inLanguage\":\"fr-FR\",\"potentialAction\":[{\"@type\":\"ReadAction\",\"target\":[\"https:\\\/\\\/telemme.mmsh.fr\\\/?page_id=6201\"]}]},{\"@type\":\"ImageObject\",\"inLanguage\":\"fr-FR\",\"@id\":\"https:\\\/\\\/telemme.mmsh.fr\\\/?page_id=6201#primaryimage\",\"url\":\"http:\\\/\\\/telemme.mmsh.fr\\\/wp-content\\\/uploads\\\/2021\\\/04\\\/clem-onojeghuo-7uwbhGSH5Fg-unsplash_light.jpg\",\"contentUrl\":\"http:\\\/\\\/telemme.mmsh.fr\\\/wp-content\\\/uploads\\\/2021\\\/04\\\/clem-onojeghuo-7uwbhGSH5Fg-unsplash_light.jpg\"},{\"@type\":\"BreadcrumbList\",\"@id\":\"https:\\\/\\\/telemme.mmsh.fr\\\/?page_id=6201#breadcrumb\",\"itemListElement\":[{\"@type\":\"ListItem\",\"position\":1,\"name\":\"Accueil\",\"item\":\"https:\\\/\\\/telemme.mmsh.fr\\\/\"},{\"@type\":\"ListItem\",\"position\":2,\"name\":\"La recherche \u00e0 TELEMMe\"}]},{\"@type\":\"WebSite\",\"@id\":\"https:\\\/\\\/telemme.mmsh.fr\\\/#website\",\"url\":\"https:\\\/\\\/telemme.mmsh.fr\\\/\",\"name\":\"TELEMMe - Temps, espaces, langages, Europe m\u00e9ridionale, M\u00e9diterran\u00e9e\",\"description\":\"\",\"publisher\":{\"@id\":\"https:\\\/\\\/telemme.mmsh.fr\\\/#organization\"},\"potentialAction\":[{\"@type\":\"SearchAction\",\"target\":{\"@type\":\"EntryPoint\",\"urlTemplate\":\"https:\\\/\\\/telemme.mmsh.fr\\\/?s={search_term_string}\"},\"query-input\":{\"@type\":\"PropertyValueSpecification\",\"valueRequired\":true,\"valueName\":\"search_term_string\"}}],\"inLanguage\":\"fr-FR\"},{\"@type\":\"Organization\",\"@id\":\"https:\\\/\\\/telemme.mmsh.fr\\\/#organization\",\"name\":\"TELEMMe\",\"url\":\"https:\\\/\\\/telemme.mmsh.fr\\\/\",\"logo\":{\"@type\":\"ImageObject\",\"inLanguage\":\"fr-FR\",\"@id\":\"https:\\\/\\\/telemme.mmsh.fr\\\/#\\\/schema\\\/logo\\\/image\\\/\",\"url\":\"https:\\\/\\\/telemme.mmsh.fr\\\/wp-content\\\/uploads\\\/2020\\\/03\\\/LogoTELEMMe-horizontal-fond-transparent.png\",\"contentUrl\":\"https:\\\/\\\/telemme.mmsh.fr\\\/wp-content\\\/uploads\\\/2020\\\/03\\\/LogoTELEMMe-horizontal-fond-transparent.png\",\"width\":1500,\"height\":437,\"caption\":\"TELEMMe\"},\"image\":{\"@id\":\"https:\\\/\\\/telemme.mmsh.fr\\\/#\\\/schema\\\/logo\\\/image\\\/\"}}]}<\/script>\n<!-- \/ Yoast SEO plugin. -->","yoast_head_json":{"title":"La recherche \u00e0 TELEMMe - TELEMMe - Temps, espaces, langages, Europe m\u00e9ridionale, M\u00e9diterran\u00e9e","robots":{"index":"index","follow":"follow","max-snippet":"max-snippet:-1","max-image-preview":"max-image-preview:large","max-video-preview":"max-video-preview:-1"},"canonical":"https:\/\/telemme.mmsh.fr\/?page_id=6201","og_locale":"fr_FR","og_type":"article","og_title":"La recherche \u00e0 TELEMMe - TELEMMe - Temps, espaces, langages, Europe m\u00e9ridionale, M\u00e9diterran\u00e9e","og_description":"La politique de recherche \u00e0 TELEMMe est d\u00e9finie par le contrat quinquennal pass\u00e9 avec ses tutelles, Aix-Marseille universit\u00e9 et le CNRS. Ce contrat d\u00e9finit les grandes orientations de son action&hellip;&nbsp;Lire la suite &raquo;La recherche \u00e0 TELEMMe","og_url":"https:\/\/telemme.mmsh.fr\/?page_id=6201","og_site_name":"TELEMMe - Temps, espaces, langages, Europe m\u00e9ridionale, M\u00e9diterran\u00e9e","article_modified_time":"2023-10-04T12:33:40+00:00","og_image":[{"url":"http:\/\/telemme.mmsh.fr\/wp-content\/uploads\/2021\/04\/clem-onojeghuo-7uwbhGSH5Fg-unsplash_light.jpg","type":"","width":"","height":""}],"twitter_card":"summary_large_image","twitter_misc":{"Dur\u00e9e de lecture estim\u00e9e":"2 minutes"},"schema":{"@context":"https:\/\/schema.org","@graph":[{"@type":"WebPage","@id":"https:\/\/telemme.mmsh.fr\/?page_id=6201","url":"https:\/\/telemme.mmsh.fr\/?page_id=6201","name":"La recherche \u00e0 TELEMMe - TELEMMe - Temps, espaces, langages, Europe m\u00e9ridionale, M\u00e9diterran\u00e9e","isPartOf":{"@id":"https:\/\/telemme.mmsh.fr\/#website"},"primaryImageOfPage":{"@id":"https:\/\/telemme.mmsh.fr\/?page_id=6201#primaryimage"},"image":{"@id":"https:\/\/telemme.mmsh.fr\/?page_id=6201#primaryimage"},"thumbnailUrl":"http:\/\/telemme.mmsh.fr\/wp-content\/uploads\/2021\/04\/clem-onojeghuo-7uwbhGSH5Fg-unsplash_light.jpg","datePublished":"2021-04-06T15:10:22+00:00","dateModified":"2023-10-04T12:33:40+00:00","breadcrumb":{"@id":"https:\/\/telemme.mmsh.fr\/?page_id=6201#breadcrumb"},"inLanguage":"fr-FR","potentialAction":[{"@type":"ReadAction","target":["https:\/\/telemme.mmsh.fr\/?page_id=6201"]}]},{"@type":"ImageObject","inLanguage":"fr-FR","@id":"https:\/\/telemme.mmsh.fr\/?page_id=6201#primaryimage","url":"http:\/\/telemme.mmsh.fr\/wp-content\/uploads\/2021\/04\/clem-onojeghuo-7uwbhGSH5Fg-unsplash_light.jpg","contentUrl":"http:\/\/telemme.mmsh.fr\/wp-content\/uploads\/2021\/04\/clem-onojeghuo-7uwbhGSH5Fg-unsplash_light.jpg"},{"@type":"BreadcrumbList","@id":"https:\/\/telemme.mmsh.fr\/?page_id=6201#breadcrumb","itemListElement":[{"@type":"ListItem","position":1,"name":"Accueil","item":"https:\/\/telemme.mmsh.fr\/"},{"@type":"ListItem","position":2,"name":"La recherche \u00e0 TELEMMe"}]},{"@type":"WebSite","@id":"https:\/\/telemme.mmsh.fr\/#website","url":"https:\/\/telemme.mmsh.fr\/","name":"TELEMMe - Temps, espaces, langages, Europe m\u00e9ridionale, M\u00e9diterran\u00e9e","description":"","publisher":{"@id":"https:\/\/telemme.mmsh.fr\/#organization"},"potentialAction":[{"@type":"SearchAction","target":{"@type":"EntryPoint","urlTemplate":"https:\/\/telemme.mmsh.fr\/?s={search_term_string}"},"query-input":{"@type":"PropertyValueSpecification","valueRequired":true,"valueName":"search_term_string"}}],"inLanguage":"fr-FR"},{"@type":"Organization","@id":"https:\/\/telemme.mmsh.fr\/#organization","name":"TELEMMe","url":"https:\/\/telemme.mmsh.fr\/","logo":{"@type":"ImageObject","inLanguage":"fr-FR","@id":"https:\/\/telemme.mmsh.fr\/#\/schema\/logo\/image\/","url":"https:\/\/telemme.mmsh.fr\/wp-content\/uploads\/2020\/03\/LogoTELEMMe-horizontal-fond-transparent.png","contentUrl":"https:\/\/telemme.mmsh.fr\/wp-content\/uploads\/2020\/03\/LogoTELEMMe-horizontal-fond-transparent.png","width":1500,"height":437,"caption":"TELEMMe"},"image":{"@id":"https:\/\/telemme.mmsh.fr\/#\/schema\/logo\/image\/"}}]}},"_links":{"self":[{"href":"https:\/\/telemme.mmsh.fr\/index.php?rest_route=\/wp\/v2\/pages\/6201","targetHints":{"allow":["GET"]}}],"collection":[{"href":"https:\/\/telemme.mmsh.fr\/index.php?rest_route=\/wp\/v2\/pages"}],"about":[{"href":"https:\/\/telemme.mmsh.fr\/index.php?rest_route=\/wp\/v2\/types\/page"}],"author":[{"embeddable":true,"href":"https:\/\/telemme.mmsh.fr\/index.php?rest_route=\/wp\/v2\/users\/6"}],"replies":[{"embeddable":true,"href":"https:\/\/telemme.mmsh.fr\/index.php?rest_route=%2Fwp%2Fv2%2Fcomments&post=6201"}],"version-history":[{"count":17,"href":"https:\/\/telemme.mmsh.fr\/index.php?rest_route=\/wp\/v2\/pages\/6201\/revisions"}],"predecessor-version":[{"id":13339,"href":"https:\/\/telemme.mmsh.fr\/index.php?rest_route=\/wp\/v2\/pages\/6201\/revisions\/13339"}],"wp:attachment":[{"href":"https:\/\/telemme.mmsh.fr\/index.php?rest_route=%2Fwp%2Fv2%2Fmedia&parent=6201"}],"curies":[{"name":"wp","href":"https:\/\/api.w.org\/{rel}","templated":true}]}}