{"id":5840,"date":"2021-03-30T15:43:07","date_gmt":"2021-03-30T13:43:07","guid":{"rendered":"http:\/\/telemme.mmsh.fr\/?page_id=5840"},"modified":"2021-06-23T21:28:32","modified_gmt":"2021-06-23T19:28:32","slug":"seminaires-hist-medievale","status":"publish","type":"page","link":"https:\/\/telemme.mmsh.fr\/?page_id=5840","title":{"rendered":"S\u00e9minaires d&rsquo;histoire m\u00e9di\u00e9vale"},"content":{"rendered":"      <div id=\"post-grid-lazy-5841\" class=\"post-grid-lazy\"><img decoding=\"async\" alt=\"\" src=\"\" \/><\/div>\n    <script>\n      jQuery('#post-grid-lazy-5841').ready(function($) {\n        $('#post-grid-lazy-5841').fadeOut();\n        $('#post-grid-5841   ').fadeIn();\n      })\n    <\/script>\n    <style type=\"text\/css\">\n      #post-grid-5841 {\n        display: none;\n      }\n\n      .post-grid-lazy {\n        text-align: center;\n      }\n    <\/style>\n    <div data-options='{&quot;id&quot;:&quot;5841&quot;,&quot;lazy_load&quot;:&quot;yes&quot;,&quot;masonry_enable&quot;:&quot;no&quot;,&quot;view_type&quot;:&quot;grid&quot;}' id=\"post-grid-5841\" class=\"post-grid grid\">\n    \n\n\n    <div class=\"grid-items\">\n      <div class=\"item item-1442 skin flat even 0 \">\n        <div class=\"layer-wrapper layout-5815\">\n          <div class=\" element_1624268456791\"\r\n        id=\"\">\r\n        <div class=\"element element_1624268458890  thumb \">\r\n                    <img decoding=\"async\" alt=\"\" src=\"http:\/\/telemme.mmsh.fr\/wp-content\/uploads\/2020\/03\/LogoTELEMMe-horizontal-fond-transparent.png\">\r\n            <\/div>\r\n    <div class=\"element element_1624268460479  title \">\r\n                    <a target=\"_self\"\r\n                href=\"https:\/\/telemme.mmsh.fr\/?evenement=seminaire-de-formation-dhistoire-medievale\">S\u00e9minaire de formation d'histoire m\u00e9di\u00e9vale<\/a>\r\n            <\/div>\r\n    <div class=\"element element_1767692457771  excerpt \">\r\n                    <\/div>\r\n    <\/div>\r\n    <\/div>\n  <\/div><div class=\"item item-1436 skin flat odd 1 \">\n        <div class=\"layer-wrapper layout-5815\">\n          <div class=\" element_1624268456791\"\r\n        id=\"\">\r\n        <div class=\"element element_1624268458890  thumb \">\r\n                    <img decoding=\"async\" alt=\"\" src=\"http:\/\/telemme.mmsh.fr\/wp-content\/uploads\/2020\/03\/LogoTELEMMe-horizontal-fond-transparent.png\">\r\n            <\/div>\r\n    <div class=\"element element_1624268460479  title \">\r\n                    <a target=\"_self\"\r\n                href=\"https:\/\/telemme.mmsh.fr\/?evenement=seminaire-de-formation-histoire-medievale\">S\u00e9minaire de formation histoire m\u00e9di\u00e9vale<\/a>\r\n            <\/div>\r\n    <div class=\"element element_1767692457771  excerpt \">\r\n                    <\/div>\r\n    <\/div>\r\n    <\/div>\n  <\/div><div class=\"item item-1458 skin flat even 2 \">\n        <div class=\"layer-wrapper layout-5815\">\n          <div class=\" element_1624268456791\"\r\n        id=\"\">\r\n        <div class=\"element element_1624268458890  thumb \">\r\n                    <img decoding=\"async\" alt=\"\" src=\"http:\/\/telemme.mmsh.fr\/wp-content\/uploads\/2020\/03\/LogoTELEMMe-horizontal-fond-transparent.png\">\r\n            <\/div>\r\n    <div class=\"element element_1624268460479  title \">\r\n                    <a target=\"_self\"\r\n                href=\"https:\/\/telemme.mmsh.fr\/?evenement=acteurs-reseaux-et-pratiques-de-lhumanisme-dans-litalie-du-xve-siecle-nouvelles-approches\">Acteurs, r\u00e9seaux et pratiques de l'humanisme dans l'Italie du XVe si\u00e8cle : nouvelles approches<\/a>\r\n            <\/div>\r\n    <div class=\"element element_1767692457771  excerpt \">\r\n        Les travaux consacr\u00e9s \u00e0 l'humanisme ces derni\u00e8res d\u00e9cennies ont permis d'en percevoir bien mieux les caract\u00e9ristiques, la chronologie et la signification sociale et culturelle par de nouvelles approches, plus attentives aux pratiques par lesquelles il s'exprime (...)            <\/div>\r\n    <\/div>\r\n    <\/div>\n  <\/div><div class=\"item item-1484 skin flat odd 3 \">\n        <div class=\"layer-wrapper layout-5815\">\n          <div class=\" element_1624268456791\"\r\n        id=\"\">\r\n        <div class=\"element element_1624268458890  thumb \">\r\n                    <img decoding=\"async\" alt=\"\" src=\"http:\/\/telemme.mmsh.fr\/wp-content\/uploads\/2020\/03\/LogoTELEMMe-horizontal-fond-transparent.png\">\r\n            <\/div>\r\n    <div class=\"element element_1624268460479  title \">\r\n                    <a target=\"_self\"\r\n                href=\"https:\/\/telemme.mmsh.fr\/?evenement=seminaire-de-formation-une-nouvelle-lecture-de-la-fresque-du-bon-gouvernement\">[S\u00e9minaire de formation] Une nouvelle lecture de la \u201cFresque du bon gouvernement\u201d<\/a>\r\n            <\/div>\r\n    <div class=\"element element_1767692457771  excerpt \">\r\n        Chacun croit bien conna\u00eetre la \u00ab fresque du bon gouvernement\u201d r\u00e9alis\u00e9e \u00e0 Sienne au d\u00e9but du XIVe si\u00e8cle par Ambrogio Lorenzetti. Pourtant, Rosa-Maria Dess\u00ec, Professeure d\u2019histoire m\u00e9di\u00e9vale \u00e0 l\u2019universit\u00e9 de Nice-C\u00f4te d\u2019Azur, apr\u00e8s une \u00e9tude minutieuse de la communication politique dans les communes du Trecento (...)            <\/div>\r\n    <\/div>\r\n    <\/div>\n  <\/div><div class=\"item item-1496 skin flat even 4 \">\n        <div class=\"layer-wrapper layout-5815\">\n          <div class=\" element_1624268456791\"\r\n        id=\"\">\r\n        <div class=\"element element_1624268458890  thumb \">\r\n                    <img decoding=\"async\" alt=\"\" src=\"http:\/\/telemme.mmsh.fr\/wp-content\/uploads\/2020\/03\/LogoTELEMMe-horizontal-fond-transparent.png\">\r\n            <\/div>\r\n    <div class=\"element element_1624268460479  title \">\r\n                    <a target=\"_self\"\r\n                href=\"https:\/\/telemme.mmsh.fr\/?evenement=seminaire-de-formation-du-dictamen-a-lhumanisme-la-rhetorique-du-pouvoir-en-europe-du-xiiie-au-xve-s\">[S\u00e9minaire de formation] Du dictamen \u00e0 l'humanisme : la rh\u00e9torique du pouvoir en Europe du XIIIe au XVe si\u00e8cle<\/a>\r\n            <\/div>\r\n    <div class=\"element element_1767692457771  excerpt \">\r\n        Les recherches r\u00e9centes sur les pratiques m\u00e9di\u00e9vales du discours rh\u00e9torique, d\u00e9passant le clivage \u00e9pist\u00e9mologique entre th\u00e9orie litt\u00e9raire et pratique des chancelleries, ont mis en \u00e9vidence les liens complexes entre le mod\u00e8le du\u00a0dictamen, adaptation de la rh\u00e9torique antique (...)            <\/div>\r\n    <\/div>\r\n    <\/div>\n  <\/div><div class=\"item item-1741 skin flat odd 5 \">\n        <div class=\"layer-wrapper layout-5815\">\n          <div class=\" element_1624268456791\"\r\n        id=\"\">\r\n        <div class=\"element element_1624268458890  thumb \">\r\n                    <img decoding=\"async\" alt=\"\" src=\"http:\/\/telemme.mmsh.fr\/wp-content\/uploads\/2020\/03\/LogoTELEMMe-horizontal-fond-transparent.png\">\r\n            <\/div>\r\n    <div class=\"element element_1624268460479  title \">\r\n                    <a target=\"_self\"\r\n                href=\"https:\/\/telemme.mmsh.fr\/?evenement=seminaire-de-formation-en-histoire-medievale-penser-la-place-de-leglise-dans-la-societe\">S\u00e9minaire de formation en histoire m\u00e9di\u00e9vale - Penser la place de l\u2019\u00c9glise dans la soci\u00e9t\u00e9<\/a>\r\n            <\/div>\r\n    <div class=\"element element_1767692457771  excerpt \">\r\n        Dominique Iogna-Prat, directeur de recherche au CNRS, directeur d\u2019\u00e9tudes \u00e0 l\u2019EHESS, vient de publier une r\u00e9flexion sur les transferts de sacralit\u00e9 de l\u2019\u00c9glise vers d\u2019autres institutions et d\u2019autres mod\u00e8les qui remirent en question, entre la fin du Moyen \u00c2ge et le d\u00e9but de l\u2019\u00c9poque moderne, la place d\u2019une institution qui            <\/div>\r\n    <\/div>\r\n    <\/div>\n  <\/div><div class=\"item item-1745 skin flat even 6 \">\n        <div class=\"layer-wrapper layout-5815\">\n          <div class=\" element_1624268456791\"\r\n        id=\"\">\r\n        <div class=\"element element_1624268458890  thumb \">\r\n                    <img decoding=\"async\" alt=\"\" src=\"http:\/\/telemme.mmsh.fr\/wp-content\/uploads\/2020\/03\/LogoTELEMMe-horizontal-fond-transparent.png\">\r\n            <\/div>\r\n    <div class=\"element element_1624268460479  title \">\r\n                    <a target=\"_self\"\r\n                href=\"https:\/\/telemme.mmsh.fr\/?evenement=les-juifs-au-moyen-age-entre-integration-et-expulsions-marseille-et-la-france-aux-xiiie-xive-siecles\">Les juifs au Moyen-\u00c2ge entre int\u00e9gration et expulsions : Marseille et la France aux XIIIe-XIVe si\u00e8cles<\/a>\r\n            <\/div>\r\n    <div class=\"element element_1767692457771  excerpt \">\r\n        En recevant Juliette Sibon, ce s\u00e9minaire entend pr\u00e9senter les \u00e9volutions actuelles de l\u2019historiographie du juda\u00efsme. J. Sibon, auteur d\u2019une th\u00e8se sur les juifs \u00e0 Marseille au XIVe si\u00e8cle, est une figure importante d\u2019un mouvement historiographique (...)            <\/div>\r\n    <\/div>\r\n    <\/div>\n  <\/div><div class=\"item item-1784 skin flat odd 7 \">\n        <div class=\"layer-wrapper layout-5815\">\n          <div class=\" element_1624268456791\"\r\n        id=\"\">\r\n        <div class=\"element element_1624268458890  thumb \">\r\n                    <img decoding=\"async\" alt=\"\" src=\"http:\/\/telemme.mmsh.fr\/wp-content\/uploads\/2020\/03\/LogoTELEMMe-horizontal-fond-transparent.png\">\r\n            <\/div>\r\n    <div class=\"element element_1624268460479  title \">\r\n                    <a target=\"_self\"\r\n                href=\"https:\/\/telemme.mmsh.fr\/?evenement=seminaire-de-formation-actes-de-piete-actes-politiques-autour-des-enquetes-de-saint-louis\">[S\u00e9minaire de formation] Actes de pi\u00e9t\u00e9, actes politiques : autour des enqu\u00eates de saint Louis<\/a>\r\n            <\/div>\r\n    <div class=\"element element_1767692457771  excerpt \">\r\n        Ce s\u00e9minaire d\u2019histoire m\u00e9di\u00e9vale est organis\u00e9, en pr\u00e9sence de son auteur, autour du livre de Marie Dejoux :\u00a0Les enqu\u00eates de Saint Louis. Gouverner et sauver son \u00e2me\u00a0(PUF, 2014).            <\/div>\r\n    <\/div>\r\n    <\/div>\n  <\/div><div class=\"item item-1840 skin flat even 8 \">\n        <div class=\"layer-wrapper layout-5815\">\n          <div class=\" element_1624268456791\"\r\n        id=\"\">\r\n        <div class=\"element element_1624268458890  thumb \">\r\n                    <img decoding=\"async\" alt=\"\" src=\"http:\/\/telemme.mmsh.fr\/wp-content\/uploads\/2020\/03\/LogoTELEMMe-horizontal-fond-transparent.png\">\r\n            <\/div>\r\n    <div class=\"element element_1624268460479  title \">\r\n                    <a target=\"_self\"\r\n                href=\"https:\/\/telemme.mmsh.fr\/?evenement=seminaire-dhistoire-medievale\">S\u00e9minaire d'histoire m\u00e9di\u00e9vale<\/a>\r\n            <\/div>\r\n    <div class=\"element element_1767692457771  excerpt \">\r\n        Luigi Provero, professeur d\u2019histoire m\u00e9di\u00e9vale \u00e0 l\u2019universit\u00e9 de Turin, est sp\u00e9cialiste de la seigneurie pi\u00e9montaise aux XIIe-XIIIe si\u00e8cles. Ses recherches portent sur les structures de pouvoir \u00e9tablies dans le monde rural, au sein d\u2019un Etat montagneux aux caract\u00e9ristiques politiques sp\u00e9cifiques.            <\/div>\r\n    <\/div>\r\n    <\/div>\n  <\/div><div class=\"item item-1862 skin flat odd 9 \">\n        <div class=\"layer-wrapper layout-5815\">\n          <div class=\" element_1624268456791\"\r\n        id=\"\">\r\n        <div class=\"element element_1624268458890  thumb \">\r\n                    <img decoding=\"async\" alt=\"\" src=\"http:\/\/telemme.mmsh.fr\/wp-content\/uploads\/2020\/03\/LogoTELEMMe-horizontal-fond-transparent.png\">\r\n            <\/div>\r\n    <div class=\"element element_1624268460479  title \">\r\n                    <a target=\"_self\"\r\n                href=\"https:\/\/telemme.mmsh.fr\/?evenement=experiences-religieuses-et-societe-a-la-fin-du-xiiie-siecle\">Exp\u00e9riences religieuses et soci\u00e9t\u00e9 \u00e0 la fin du XIIIe si\u00e8cle<\/a>\r\n            <\/div>\r\n    <div class=\"element element_1767692457771  excerpt \">\r\n        Ce s\u00e9minaire d\u2019histoire m\u00e9di\u00e9vale est organis\u00e9 autour de la pr\u00e9sentation de deux publications r\u00e9centes de Sylvain Piron. La premi\u00e8re est l\u2019\u00e9dition et la traduction du\u00a0Trait\u00e9 des contrats\u00a0de Pierre de Jean Olivi : un texte du plus grand int\u00e9r\u00eat car un franciscain connu pour son engagement en faveur (...)            <\/div>\r\n    <\/div>\r\n    <\/div>\n  <\/div><div class=\"item item-1874 skin flat even 10 \">\n        <div class=\"layer-wrapper layout-5815\">\n          <div class=\" element_1624268456791\"\r\n        id=\"\">\r\n        <div class=\"element element_1624268458890  thumb \">\r\n                    <img decoding=\"async\" alt=\"\" src=\"http:\/\/telemme.mmsh.fr\/wp-content\/uploads\/2020\/03\/LogoTELEMMe-horizontal-fond-transparent.png\">\r\n            <\/div>\r\n    <div class=\"element element_1624268460479  title \">\r\n                    <a target=\"_self\"\r\n                href=\"https:\/\/telemme.mmsh.fr\/?evenement=presentation-de-louvrage-la-voix-des-domines-communautes-et-seigneurie-en-provence-au-bas-moyen-age\">Pr\u00e9sentation de l'ouvrage \"La voix des domin\u00e9s. Communaut\u00e9s et seigneurie en Provence au bas Moyen-\u00c2ge\"<\/a>\r\n            <\/div>\r\n    <div class=\"element element_1767692457771  excerpt \">\r\n        L\u2019enqu\u00eate \u00ab de v\u00e9rit\u00e9 \u00bb est un outil de gouvernement dont les usages et les modalit\u00e9s sont d\u00e9sormais bien \u00e9tablis pour l\u2019Occident m\u00e9di\u00e9val : instrument de normalisation des relations hi\u00e9rarchiques \u00e9tablies notamment avec la noblesse, d\u2019exercice d\u2019une bonne justice (...)            <\/div>\r\n    <\/div>\r\n    <\/div>\n  <\/div>    <\/div>\n    <div class=\"pagination\">\n      <div class=\"paginate\">\n      <\/div>\n  <style type=\"text\/css\">\n    #post-grid-5841 .pagination .page-numbers {\n      font-size: 16px;\n      color: #fff;\n      background: #646464;\n    }\n\n    #post-grid-5841 .pagination .page-numbers:hover,\n    #post-grid-5841 .pagination .page-numbers.current {\n      background: #4b4b4b;\n    }\n  <\/style>\n  <\/div>\n        <style type=\"text\/css\">\r\n            .layout-5815 .element_1624268456791 {\r\n                            }\r\n\r\n                    <\/style>\r\n        <style type=\"text\/css\">\r\n        .layout-5815 .element_1624268458890 {\r\n            overflow: hidden;\r\n                    }\r\n\r\n        .layout-5815 .element_1624268458890 img {\r\n            max-width: 100%;\r\n            height: auto;\r\n        }\r\n\r\n        @media only screen and (min-width: 1024px) {\r\n            .layout-5815 .element_1624268458890 {\r\n                            }\r\n        }\r\n\r\n        @media only screen and (min-width: 768px) and (max-width: 1023px) {\r\n            .layout-5815 .element_1624268458890 {\r\n                            }\r\n        }\r\n\r\n        @media only screen and (min-width: 0px) and (max-width: 767px) {\r\n            .layout-5815 .element_1624268458890 {\r\n                            }\r\n        }\r\n    <\/style>\r\n    <style type=\"text\/css\">\r\n        .layout-5815 .element_1624268460479 {\r\n            color: #000000;\r\n            font-size: 20px;\r\n            font-family: Alata;\r\n            margin: 10px 0;\r\n            text-align: left;\r\n            font-weight:bold;        }\r\n\r\n        .layout-5815 .element_1624268460479 a {\r\n            color: #000000;\r\n            font-size: 20px;\r\n            font-family: Alata;\r\n            margin: 10px 0;\r\n            text-align: left;\r\n            font-weight:bold;        }\r\n    <\/style>\r\n    <style type=\"text\/css\">\r\n        .layout-5815 .element_1767692457771 {\r\n            text-align: left;\r\n                    }\r\n\r\n        .layout-5815 .element_1767692457771 a {\r\n                    }\r\n    <\/style>\r\n      <script>\n          <\/script>\n    <style type=\"text\/css\">\n    #post-grid-5841 {\n      padding: 10px;\n          }\n\n    #post-grid-5841 .item {\n      padding: 0px;\n      background: #fff;\n          }\n\n    #post-grid-5841 .item .layer-media {\n      height:auto;    }\n\n    @media only screen and (min-width: 0px) and (max-width: 767px) {\n      #post-grid-5841 .grid-items {\n        text-align: center;\n              }\n\n      #post-grid-5841 .item {\n        width: 90%;\n        margin: 10px;\n        display: inline-block;\n        vertical-align: top;\n        height:auto;      }\n    }\n\n    @media only screen and (min-width: 768px) and (max-width: 1023px) {\n      #post-grid-5841 .grid-items {\n        text-align: center;\n              }\n\n      #post-grid-5841 .item {\n        width: 280px;\n        margin: 10px;\n        display: inline-block;\n        vertical-align: top;\n        max-height:auto;      }\n    }\n\n    @media only screen and (min-width: 1024px) {\n      #post-grid-5841 .grid-items {\n        text-align: center;\n              }\n\n      #post-grid-5841 .item {\n        width: 280px;\n        display: inline-block;\n        margin: 10px;\n        vertical-align: top;\n        height:auto;      }\n    }\n\n      <\/style>\n  <\/div>\n\n","protected":false},"excerpt":{"rendered":"","protected":false},"author":6,"featured_media":0,"parent":3679,"menu_order":50,"comment_status":"closed","ping_status":"closed","template":"","meta":{"neve_meta_sidebar":"full-width","neve_meta_container":"","neve_meta_enable_content_width":"on","neve_meta_content_width":100,"neve_meta_title_alignment":"","neve_meta_author_avatar":"","neve_post_elements_order":"","neve_meta_disable_header":"","neve_meta_disable_footer":"","neve_meta_disable_title":"","footnotes":""},"class_list":["post-5840","page","type-page","status-publish","hentry"],"yoast_head":"<!-- This site is optimized with the Yoast SEO plugin v27.5 - https:\/\/yoast.com\/product\/yoast-seo-wordpress\/ -->\n<title>S\u00e9minaires d&#039;histoire m\u00e9di\u00e9vale - TELEMMe - Temps, espaces, langages, Europe m\u00e9ridionale, M\u00e9diterran\u00e9e<\/title>\n<meta name=\"robots\" content=\"index, follow, max-snippet:-1, max-image-preview:large, max-video-preview:-1\" \/>\n<link rel=\"canonical\" href=\"https:\/\/telemme.mmsh.fr\/?page_id=5840\" \/>\n<meta property=\"og:locale\" content=\"fr_FR\" \/>\n<meta property=\"og:type\" content=\"article\" \/>\n<meta property=\"og:title\" content=\"S\u00e9minaires d&#039;histoire m\u00e9di\u00e9vale - TELEMMe - Temps, espaces, langages, Europe m\u00e9ridionale, M\u00e9diterran\u00e9e\" \/>\n<meta property=\"og:url\" content=\"https:\/\/telemme.mmsh.fr\/?page_id=5840\" \/>\n<meta property=\"og:site_name\" content=\"TELEMMe - Temps, espaces, langages, Europe m\u00e9ridionale, M\u00e9diterran\u00e9e\" \/>\n<meta property=\"article:modified_time\" content=\"2021-06-23T19:28:32+00:00\" \/>\n<meta name=\"twitter:card\" content=\"summary_large_image\" \/>\n<meta name=\"twitter:label1\" content=\"Dur\u00e9e de lecture estim\u00e9e\" \/>\n\t<meta name=\"twitter:data1\" content=\"1 minute\" \/>\n<script type=\"application\/ld+json\" class=\"yoast-schema-graph\">{\"@context\":\"https:\\\/\\\/schema.org\",\"@graph\":[{\"@type\":\"WebPage\",\"@id\":\"https:\\\/\\\/telemme.mmsh.fr\\\/?page_id=5840\",\"url\":\"https:\\\/\\\/telemme.mmsh.fr\\\/?page_id=5840\",\"name\":\"S\u00e9minaires d'histoire m\u00e9di\u00e9vale - TELEMMe - Temps, espaces, langages, Europe m\u00e9ridionale, M\u00e9diterran\u00e9e\",\"isPartOf\":{\"@id\":\"https:\\\/\\\/telemme.mmsh.fr\\\/#website\"},\"datePublished\":\"2021-03-30T13:43:07+00:00\",\"dateModified\":\"2021-06-23T19:28:32+00:00\",\"breadcrumb\":{\"@id\":\"https:\\\/\\\/telemme.mmsh.fr\\\/?page_id=5840#breadcrumb\"},\"inLanguage\":\"fr-FR\",\"potentialAction\":[{\"@type\":\"ReadAction\",\"target\":[\"https:\\\/\\\/telemme.mmsh.fr\\\/?page_id=5840\"]}]},{\"@type\":\"BreadcrumbList\",\"@id\":\"https:\\\/\\\/telemme.mmsh.fr\\\/?page_id=5840#breadcrumb\",\"itemListElement\":[{\"@type\":\"ListItem\",\"position\":1,\"name\":\"Accueil\",\"item\":\"https:\\\/\\\/telemme.mmsh.fr\\\/\"},{\"@type\":\"ListItem\",\"position\":2,\"name\":\"\u00c9v\u00e9nements\",\"item\":\"https:\\\/\\\/telemme.mmsh.fr\\\/?page_id=2324\"},{\"@type\":\"ListItem\",\"position\":3,\"name\":\"S\u00e9minaires\",\"item\":\"https:\\\/\\\/telemme.mmsh.fr\\\/?page_id=3679\"},{\"@type\":\"ListItem\",\"position\":4,\"name\":\"S\u00e9minaires d&rsquo;histoire m\u00e9di\u00e9vale\"}]},{\"@type\":\"WebSite\",\"@id\":\"https:\\\/\\\/telemme.mmsh.fr\\\/#website\",\"url\":\"https:\\\/\\\/telemme.mmsh.fr\\\/\",\"name\":\"TELEMMe - Temps, espaces, langages, Europe m\u00e9ridionale, M\u00e9diterran\u00e9e\",\"description\":\"\",\"publisher\":{\"@id\":\"https:\\\/\\\/telemme.mmsh.fr\\\/#organization\"},\"potentialAction\":[{\"@type\":\"SearchAction\",\"target\":{\"@type\":\"EntryPoint\",\"urlTemplate\":\"https:\\\/\\\/telemme.mmsh.fr\\\/?s={search_term_string}\"},\"query-input\":{\"@type\":\"PropertyValueSpecification\",\"valueRequired\":true,\"valueName\":\"search_term_string\"}}],\"inLanguage\":\"fr-FR\"},{\"@type\":\"Organization\",\"@id\":\"https:\\\/\\\/telemme.mmsh.fr\\\/#organization\",\"name\":\"TELEMMe\",\"url\":\"https:\\\/\\\/telemme.mmsh.fr\\\/\",\"logo\":{\"@type\":\"ImageObject\",\"inLanguage\":\"fr-FR\",\"@id\":\"https:\\\/\\\/telemme.mmsh.fr\\\/#\\\/schema\\\/logo\\\/image\\\/\",\"url\":\"https:\\\/\\\/telemme.mmsh.fr\\\/wp-content\\\/uploads\\\/2020\\\/03\\\/LogoTELEMMe-horizontal-fond-transparent.png\",\"contentUrl\":\"https:\\\/\\\/telemme.mmsh.fr\\\/wp-content\\\/uploads\\\/2020\\\/03\\\/LogoTELEMMe-horizontal-fond-transparent.png\",\"width\":1500,\"height\":437,\"caption\":\"TELEMMe\"},\"image\":{\"@id\":\"https:\\\/\\\/telemme.mmsh.fr\\\/#\\\/schema\\\/logo\\\/image\\\/\"}}]}<\/script>\n<!-- \/ Yoast SEO plugin. -->","yoast_head_json":{"title":"S\u00e9minaires d'histoire m\u00e9di\u00e9vale - TELEMMe - Temps, espaces, langages, Europe m\u00e9ridionale, M\u00e9diterran\u00e9e","robots":{"index":"index","follow":"follow","max-snippet":"max-snippet:-1","max-image-preview":"max-image-preview:large","max-video-preview":"max-video-preview:-1"},"canonical":"https:\/\/telemme.mmsh.fr\/?page_id=5840","og_locale":"fr_FR","og_type":"article","og_title":"S\u00e9minaires d'histoire m\u00e9di\u00e9vale - TELEMMe - Temps, espaces, langages, Europe m\u00e9ridionale, M\u00e9diterran\u00e9e","og_url":"https:\/\/telemme.mmsh.fr\/?page_id=5840","og_site_name":"TELEMMe - Temps, espaces, langages, Europe m\u00e9ridionale, M\u00e9diterran\u00e9e","article_modified_time":"2021-06-23T19:28:32+00:00","twitter_card":"summary_large_image","twitter_misc":{"Dur\u00e9e de lecture estim\u00e9e":"1 minute"},"schema":{"@context":"https:\/\/schema.org","@graph":[{"@type":"WebPage","@id":"https:\/\/telemme.mmsh.fr\/?page_id=5840","url":"https:\/\/telemme.mmsh.fr\/?page_id=5840","name":"S\u00e9minaires d'histoire m\u00e9di\u00e9vale - TELEMMe - Temps, espaces, langages, Europe m\u00e9ridionale, M\u00e9diterran\u00e9e","isPartOf":{"@id":"https:\/\/telemme.mmsh.fr\/#website"},"datePublished":"2021-03-30T13:43:07+00:00","dateModified":"2021-06-23T19:28:32+00:00","breadcrumb":{"@id":"https:\/\/telemme.mmsh.fr\/?page_id=5840#breadcrumb"},"inLanguage":"fr-FR","potentialAction":[{"@type":"ReadAction","target":["https:\/\/telemme.mmsh.fr\/?page_id=5840"]}]},{"@type":"BreadcrumbList","@id":"https:\/\/telemme.mmsh.fr\/?page_id=5840#breadcrumb","itemListElement":[{"@type":"ListItem","position":1,"name":"Accueil","item":"https:\/\/telemme.mmsh.fr\/"},{"@type":"ListItem","position":2,"name":"\u00c9v\u00e9nements","item":"https:\/\/telemme.mmsh.fr\/?page_id=2324"},{"@type":"ListItem","position":3,"name":"S\u00e9minaires","item":"https:\/\/telemme.mmsh.fr\/?page_id=3679"},{"@type":"ListItem","position":4,"name":"S\u00e9minaires d&rsquo;histoire m\u00e9di\u00e9vale"}]},{"@type":"WebSite","@id":"https:\/\/telemme.mmsh.fr\/#website","url":"https:\/\/telemme.mmsh.fr\/","name":"TELEMMe - Temps, espaces, langages, Europe m\u00e9ridionale, M\u00e9diterran\u00e9e","description":"","publisher":{"@id":"https:\/\/telemme.mmsh.fr\/#organization"},"potentialAction":[{"@type":"SearchAction","target":{"@type":"EntryPoint","urlTemplate":"https:\/\/telemme.mmsh.fr\/?s={search_term_string}"},"query-input":{"@type":"PropertyValueSpecification","valueRequired":true,"valueName":"search_term_string"}}],"inLanguage":"fr-FR"},{"@type":"Organization","@id":"https:\/\/telemme.mmsh.fr\/#organization","name":"TELEMMe","url":"https:\/\/telemme.mmsh.fr\/","logo":{"@type":"ImageObject","inLanguage":"fr-FR","@id":"https:\/\/telemme.mmsh.fr\/#\/schema\/logo\/image\/","url":"https:\/\/telemme.mmsh.fr\/wp-content\/uploads\/2020\/03\/LogoTELEMMe-horizontal-fond-transparent.png","contentUrl":"https:\/\/telemme.mmsh.fr\/wp-content\/uploads\/2020\/03\/LogoTELEMMe-horizontal-fond-transparent.png","width":1500,"height":437,"caption":"TELEMMe"},"image":{"@id":"https:\/\/telemme.mmsh.fr\/#\/schema\/logo\/image\/"}}]}},"_links":{"self":[{"href":"https:\/\/telemme.mmsh.fr\/index.php?rest_route=\/wp\/v2\/pages\/5840","targetHints":{"allow":["GET"]}}],"collection":[{"href":"https:\/\/telemme.mmsh.fr\/index.php?rest_route=\/wp\/v2\/pages"}],"about":[{"href":"https:\/\/telemme.mmsh.fr\/index.php?rest_route=\/wp\/v2\/types\/page"}],"author":[{"embeddable":true,"href":"https:\/\/telemme.mmsh.fr\/index.php?rest_route=\/wp\/v2\/users\/6"}],"replies":[{"embeddable":true,"href":"https:\/\/telemme.mmsh.fr\/index.php?rest_route=%2Fwp%2Fv2%2Fcomments&post=5840"}],"version-history":[{"count":1,"href":"https:\/\/telemme.mmsh.fr\/index.php?rest_route=\/wp\/v2\/pages\/5840\/revisions"}],"predecessor-version":[{"id":5842,"href":"https:\/\/telemme.mmsh.fr\/index.php?rest_route=\/wp\/v2\/pages\/5840\/revisions\/5842"}],"up":[{"embeddable":true,"href":"https:\/\/telemme.mmsh.fr\/index.php?rest_route=\/wp\/v2\/pages\/3679"}],"wp:attachment":[{"href":"https:\/\/telemme.mmsh.fr\/index.php?rest_route=%2Fwp%2Fv2%2Fmedia&parent=5840"}],"curies":[{"name":"wp","href":"https:\/\/api.w.org\/{rel}","templated":true}]}}