{"id":5826,"date":"2021-03-30T15:28:20","date_gmt":"2021-03-30T13:28:20","guid":{"rendered":"http:\/\/telemme.mmsh.fr\/?page_id=5826"},"modified":"2021-06-23T21:27:00","modified_gmt":"2021-06-23T19:27:00","slug":"seminaires-jc","status":"publish","type":"page","link":"https:\/\/telemme.mmsh.fr\/?page_id=5826","title":{"rendered":"S\u00e9minaires Jeunes chercheur\u00b7se\u00b7s"},"content":{"rendered":"      <div id=\"post-grid-lazy-5827\" class=\"post-grid-lazy\"><img decoding=\"async\" alt=\"\" src=\"\" \/><\/div>\n    <script>\n      jQuery('#post-grid-lazy-5827').ready(function($) {\n        $('#post-grid-lazy-5827').fadeOut();\n        $('#post-grid-5827   ').fadeIn();\n      })\n    <\/script>\n    <style type=\"text\/css\">\n      #post-grid-5827 {\n        display: none;\n      }\n\n      .post-grid-lazy {\n        text-align: center;\n      }\n    <\/style>\n    <div data-options='{&quot;id&quot;:&quot;5827&quot;,&quot;lazy_load&quot;:&quot;yes&quot;,&quot;masonry_enable&quot;:&quot;no&quot;,&quot;view_type&quot;:&quot;grid&quot;}' id=\"post-grid-5827\" class=\"post-grid grid\">\n    \n\n\n    <div class=\"grid-items\">\n      <div class=\"item item-1413 skin flat even 0 \">\n        <div class=\"layer-wrapper layout-5815\">\n          <div class=\" element_1624268456791\"\r\n        id=\"\">\r\n        <div class=\"element element_1624268458890  thumb \">\r\n                    <img decoding=\"async\" alt=\"\u00ab 14 juillet : apr\u00e8s le d\u00e9fil\u00e9, la foule se disperse \u00bb (1919), Agence Meurisse, BNF\" src=\"https:\/\/telemme.mmsh.fr\/wp-content\/uploads\/2020\/11\/14_juillet___apre\u0300s_le_...Agence_de_btv1b9032406m_1-725x1024.jpg\">\r\n            <\/div>\r\n    <div class=\"element element_1624268460479  title \">\r\n                    <a target=\"_self\"\r\n                href=\"https:\/\/telemme.mmsh.fr\/?evenement=acteurs-et-actrices-en-sciences-humaines-et-sociales-normes-et-transgression\">Acteur(s) et actrice(s) en sciences humaines et sociales. Normes et transgression<\/a>\r\n            <\/div>\r\n    <div class=\"element element_1767692457771  excerpt \">\r\n                    <\/div>\r\n    <\/div>\r\n    <\/div>\n  <\/div><div class=\"item item-1419 skin flat odd 1 \">\n        <div class=\"layer-wrapper layout-5815\">\n          <div class=\" element_1624268456791\"\r\n        id=\"\">\r\n        <div class=\"element element_1624268458890  thumb \">\r\n                    <img decoding=\"async\" alt=\"\u00ab 14 juillet : apr\u00e8s le d\u00e9fil\u00e9, la foule se disperse \u00bb (1919), Agence Meurisse, BNF\" src=\"https:\/\/telemme.mmsh.fr\/wp-content\/uploads\/2020\/11\/14_juillet___apre\u0300s_le_...Agence_de_btv1b9032406m_1-725x1024.jpg\">\r\n            <\/div>\r\n    <div class=\"element element_1624268460479  title \">\r\n                    <a target=\"_self\"\r\n                href=\"https:\/\/telemme.mmsh.fr\/?evenement=acteurs-et-actrices-en-sciences-humaines-et-sociales-pratiques-et-strategies\">Acteur(s) et actrice(s) en sciences humaines et sociales. Pratiques et strat\u00e9gies<\/a>\r\n            <\/div>\r\n    <div class=\"element element_1767692457771  excerpt \">\r\n        Pour cette nouvelle ann\u00e9e universitaire, les jeunes chercheur\u00b7se\u00b7s du laboratoire TELEMMe ont choisi de tenir un s\u00e9minaire \u00ab Acteur(s) et actrice(s) en Sciences Humaines et Sociales \u00bb.            <\/div>\r\n    <\/div>\r\n    <\/div>\n  <\/div><div class=\"item item-1923 skin flat even 2 \">\n        <div class=\"layer-wrapper layout-5815\">\n          <div class=\" element_1624268456791\"\r\n        id=\"\">\r\n        <div class=\"element element_1624268458890  thumb \">\r\n                    <img decoding=\"async\" alt=\"\" src=\"http:\/\/telemme.mmsh.fr\/wp-content\/uploads\/2020\/03\/LogoTELEMMe-horizontal-fond-transparent.png\">\r\n            <\/div>\r\n    <div class=\"element element_1624268460479  title \">\r\n                    <a target=\"_self\"\r\n                href=\"https:\/\/telemme.mmsh.fr\/?evenement=seminaire-doctoral-dhistoire-de-marseille-4e-seance-une-histoire-de-lidentite-portuaire-est-elle-possible\">S\u00e9minaire doctoral d'histoire de Marseille. 4e s\u00e9ance : une histoire de \"l'identit\u00e9 portuaire\" est-elle possible ?<\/a>\r\n            <\/div>\r\n    <div class=\"element element_1767692457771  excerpt \">\r\n                    <\/div>\r\n    <\/div>\r\n    <\/div>\n  <\/div>    <\/div>\n    <div class=\"pagination\">\n      <div class=\"paginate\">\n      <\/div>\n  <style type=\"text\/css\">\n    #post-grid-5827 .pagination .page-numbers {\n      font-size: 16px;\n      color: #fff;\n      background: #646464;\n    }\n\n    #post-grid-5827 .pagination .page-numbers:hover,\n    #post-grid-5827 .pagination .page-numbers.current {\n      background: #4b4b4b;\n    }\n  <\/style>\n  <\/div>\n        <style type=\"text\/css\">\r\n            .layout-5815 .element_1624268456791 {\r\n                            }\r\n\r\n                    <\/style>\r\n        <style type=\"text\/css\">\r\n        .layout-5815 .element_1624268458890 {\r\n            overflow: hidden;\r\n                    }\r\n\r\n        .layout-5815 .element_1624268458890 img {\r\n            max-width: 100%;\r\n            height: auto;\r\n        }\r\n\r\n        @media only screen and (min-width: 1024px) {\r\n            .layout-5815 .element_1624268458890 {\r\n                            }\r\n        }\r\n\r\n        @media only screen and (min-width: 768px) and (max-width: 1023px) {\r\n            .layout-5815 .element_1624268458890 {\r\n                            }\r\n        }\r\n\r\n        @media only screen and (min-width: 0px) and (max-width: 767px) {\r\n            .layout-5815 .element_1624268458890 {\r\n                            }\r\n        }\r\n    <\/style>\r\n    <style type=\"text\/css\">\r\n        .layout-5815 .element_1624268460479 {\r\n            color: #000000;\r\n            font-size: 20px;\r\n            font-family: Alata;\r\n            margin: 10px 0;\r\n            text-align: left;\r\n            font-weight:bold;        }\r\n\r\n        .layout-5815 .element_1624268460479 a {\r\n            color: #000000;\r\n            font-size: 20px;\r\n            font-family: Alata;\r\n            margin: 10px 0;\r\n            text-align: left;\r\n            font-weight:bold;        }\r\n    <\/style>\r\n    <style type=\"text\/css\">\r\n        .layout-5815 .element_1767692457771 {\r\n            text-align: left;\r\n                    }\r\n\r\n        .layout-5815 .element_1767692457771 a {\r\n                    }\r\n    <\/style>\r\n      <script>\n          <\/script>\n    <style type=\"text\/css\">\n    #post-grid-5827 {\n      padding: 10px;\n          }\n\n    #post-grid-5827 .item {\n      padding: 0px;\n      background: #fff;\n          }\n\n    #post-grid-5827 .item .layer-media {\n      height:auto;    }\n\n    @media only screen and (min-width: 0px) and (max-width: 767px) {\n      #post-grid-5827 .grid-items {\n        text-align: center;\n              }\n\n      #post-grid-5827 .item {\n        width: 90%;\n        margin: 10px;\n        display: inline-block;\n        vertical-align: top;\n        height:auto;      }\n    }\n\n    @media only screen and (min-width: 768px) and (max-width: 1023px) {\n      #post-grid-5827 .grid-items {\n        text-align: center;\n              }\n\n      #post-grid-5827 .item {\n        width: 280px;\n        margin: 10px;\n        display: inline-block;\n        vertical-align: top;\n        max-height:auto;      }\n    }\n\n    @media only screen and (min-width: 1024px) {\n      #post-grid-5827 .grid-items {\n        text-align: center;\n              }\n\n      #post-grid-5827 .item {\n        width: 280px;\n        display: inline-block;\n        margin: 10px;\n        vertical-align: top;\n        height:auto;      }\n    }\n\n      <\/style>\n  <\/div>\n\n","protected":false},"excerpt":{"rendered":"","protected":false},"author":6,"featured_media":0,"parent":3679,"menu_order":70,"comment_status":"closed","ping_status":"closed","template":"","meta":{"neve_meta_sidebar":"full-width","neve_meta_container":"","neve_meta_enable_content_width":"on","neve_meta_content_width":100,"neve_meta_title_alignment":"","neve_meta_author_avatar":"","neve_post_elements_order":"","neve_meta_disable_header":"","neve_meta_disable_footer":"","neve_meta_disable_title":"","footnotes":""},"class_list":["post-5826","page","type-page","status-publish","hentry"],"yoast_head":"<!-- This site is optimized with the Yoast SEO plugin v27.4 - https:\/\/yoast.com\/product\/yoast-seo-wordpress\/ -->\n<title>S\u00e9minaires Jeunes chercheur\u00b7se\u00b7s - TELEMMe - Temps, espaces, langages, Europe m\u00e9ridionale, M\u00e9diterran\u00e9e<\/title>\n<meta name=\"robots\" content=\"index, follow, max-snippet:-1, max-image-preview:large, max-video-preview:-1\" \/>\n<link rel=\"canonical\" href=\"https:\/\/telemme.mmsh.fr\/?page_id=5826\" \/>\n<meta property=\"og:locale\" content=\"fr_FR\" \/>\n<meta property=\"og:type\" content=\"article\" \/>\n<meta property=\"og:title\" content=\"S\u00e9minaires Jeunes chercheur\u00b7se\u00b7s - TELEMMe - Temps, espaces, langages, Europe m\u00e9ridionale, M\u00e9diterran\u00e9e\" \/>\n<meta property=\"og:url\" content=\"https:\/\/telemme.mmsh.fr\/?page_id=5826\" \/>\n<meta property=\"og:site_name\" content=\"TELEMMe - Temps, espaces, langages, Europe m\u00e9ridionale, M\u00e9diterran\u00e9e\" \/>\n<meta property=\"article:modified_time\" content=\"2021-06-23T19:27:00+00:00\" \/>\n<meta name=\"twitter:card\" content=\"summary_large_image\" \/>\n<meta name=\"twitter:label1\" content=\"Dur\u00e9e de lecture estim\u00e9e\" \/>\n\t<meta name=\"twitter:data1\" content=\"1 minute\" \/>\n<script type=\"application\/ld+json\" class=\"yoast-schema-graph\">{\"@context\":\"https:\\\/\\\/schema.org\",\"@graph\":[{\"@type\":\"WebPage\",\"@id\":\"https:\\\/\\\/telemme.mmsh.fr\\\/?page_id=5826\",\"url\":\"https:\\\/\\\/telemme.mmsh.fr\\\/?page_id=5826\",\"name\":\"S\u00e9minaires Jeunes chercheur\u00b7se\u00b7s - TELEMMe - Temps, espaces, langages, Europe m\u00e9ridionale, M\u00e9diterran\u00e9e\",\"isPartOf\":{\"@id\":\"https:\\\/\\\/telemme.mmsh.fr\\\/#website\"},\"datePublished\":\"2021-03-30T13:28:20+00:00\",\"dateModified\":\"2021-06-23T19:27:00+00:00\",\"breadcrumb\":{\"@id\":\"https:\\\/\\\/telemme.mmsh.fr\\\/?page_id=5826#breadcrumb\"},\"inLanguage\":\"fr-FR\",\"potentialAction\":[{\"@type\":\"ReadAction\",\"target\":[\"https:\\\/\\\/telemme.mmsh.fr\\\/?page_id=5826\"]}]},{\"@type\":\"BreadcrumbList\",\"@id\":\"https:\\\/\\\/telemme.mmsh.fr\\\/?page_id=5826#breadcrumb\",\"itemListElement\":[{\"@type\":\"ListItem\",\"position\":1,\"name\":\"Accueil\",\"item\":\"https:\\\/\\\/telemme.mmsh.fr\\\/\"},{\"@type\":\"ListItem\",\"position\":2,\"name\":\"\u00c9v\u00e9nements\",\"item\":\"https:\\\/\\\/telemme.mmsh.fr\\\/?page_id=2324\"},{\"@type\":\"ListItem\",\"position\":3,\"name\":\"S\u00e9minaires\",\"item\":\"https:\\\/\\\/telemme.mmsh.fr\\\/?page_id=3679\"},{\"@type\":\"ListItem\",\"position\":4,\"name\":\"S\u00e9minaires Jeunes chercheur\u00b7se\u00b7s\"}]},{\"@type\":\"WebSite\",\"@id\":\"https:\\\/\\\/telemme.mmsh.fr\\\/#website\",\"url\":\"https:\\\/\\\/telemme.mmsh.fr\\\/\",\"name\":\"TELEMMe - Temps, espaces, langages, Europe m\u00e9ridionale, M\u00e9diterran\u00e9e\",\"description\":\"\",\"publisher\":{\"@id\":\"https:\\\/\\\/telemme.mmsh.fr\\\/#organization\"},\"potentialAction\":[{\"@type\":\"SearchAction\",\"target\":{\"@type\":\"EntryPoint\",\"urlTemplate\":\"https:\\\/\\\/telemme.mmsh.fr\\\/?s={search_term_string}\"},\"query-input\":{\"@type\":\"PropertyValueSpecification\",\"valueRequired\":true,\"valueName\":\"search_term_string\"}}],\"inLanguage\":\"fr-FR\"},{\"@type\":\"Organization\",\"@id\":\"https:\\\/\\\/telemme.mmsh.fr\\\/#organization\",\"name\":\"TELEMMe\",\"url\":\"https:\\\/\\\/telemme.mmsh.fr\\\/\",\"logo\":{\"@type\":\"ImageObject\",\"inLanguage\":\"fr-FR\",\"@id\":\"https:\\\/\\\/telemme.mmsh.fr\\\/#\\\/schema\\\/logo\\\/image\\\/\",\"url\":\"https:\\\/\\\/telemme.mmsh.fr\\\/wp-content\\\/uploads\\\/2020\\\/03\\\/LogoTELEMMe-horizontal-fond-transparent.png\",\"contentUrl\":\"https:\\\/\\\/telemme.mmsh.fr\\\/wp-content\\\/uploads\\\/2020\\\/03\\\/LogoTELEMMe-horizontal-fond-transparent.png\",\"width\":1500,\"height\":437,\"caption\":\"TELEMMe\"},\"image\":{\"@id\":\"https:\\\/\\\/telemme.mmsh.fr\\\/#\\\/schema\\\/logo\\\/image\\\/\"}}]}<\/script>\n<!-- \/ Yoast SEO plugin. -->","yoast_head_json":{"title":"S\u00e9minaires Jeunes chercheur\u00b7se\u00b7s - TELEMMe - Temps, espaces, langages, Europe m\u00e9ridionale, M\u00e9diterran\u00e9e","robots":{"index":"index","follow":"follow","max-snippet":"max-snippet:-1","max-image-preview":"max-image-preview:large","max-video-preview":"max-video-preview:-1"},"canonical":"https:\/\/telemme.mmsh.fr\/?page_id=5826","og_locale":"fr_FR","og_type":"article","og_title":"S\u00e9minaires Jeunes chercheur\u00b7se\u00b7s - TELEMMe - Temps, espaces, langages, Europe m\u00e9ridionale, M\u00e9diterran\u00e9e","og_url":"https:\/\/telemme.mmsh.fr\/?page_id=5826","og_site_name":"TELEMMe - Temps, espaces, langages, Europe m\u00e9ridionale, M\u00e9diterran\u00e9e","article_modified_time":"2021-06-23T19:27:00+00:00","twitter_card":"summary_large_image","twitter_misc":{"Dur\u00e9e de lecture estim\u00e9e":"1 minute"},"schema":{"@context":"https:\/\/schema.org","@graph":[{"@type":"WebPage","@id":"https:\/\/telemme.mmsh.fr\/?page_id=5826","url":"https:\/\/telemme.mmsh.fr\/?page_id=5826","name":"S\u00e9minaires Jeunes chercheur\u00b7se\u00b7s - TELEMMe - Temps, espaces, langages, Europe m\u00e9ridionale, M\u00e9diterran\u00e9e","isPartOf":{"@id":"https:\/\/telemme.mmsh.fr\/#website"},"datePublished":"2021-03-30T13:28:20+00:00","dateModified":"2021-06-23T19:27:00+00:00","breadcrumb":{"@id":"https:\/\/telemme.mmsh.fr\/?page_id=5826#breadcrumb"},"inLanguage":"fr-FR","potentialAction":[{"@type":"ReadAction","target":["https:\/\/telemme.mmsh.fr\/?page_id=5826"]}]},{"@type":"BreadcrumbList","@id":"https:\/\/telemme.mmsh.fr\/?page_id=5826#breadcrumb","itemListElement":[{"@type":"ListItem","position":1,"name":"Accueil","item":"https:\/\/telemme.mmsh.fr\/"},{"@type":"ListItem","position":2,"name":"\u00c9v\u00e9nements","item":"https:\/\/telemme.mmsh.fr\/?page_id=2324"},{"@type":"ListItem","position":3,"name":"S\u00e9minaires","item":"https:\/\/telemme.mmsh.fr\/?page_id=3679"},{"@type":"ListItem","position":4,"name":"S\u00e9minaires Jeunes chercheur\u00b7se\u00b7s"}]},{"@type":"WebSite","@id":"https:\/\/telemme.mmsh.fr\/#website","url":"https:\/\/telemme.mmsh.fr\/","name":"TELEMMe - Temps, espaces, langages, Europe m\u00e9ridionale, M\u00e9diterran\u00e9e","description":"","publisher":{"@id":"https:\/\/telemme.mmsh.fr\/#organization"},"potentialAction":[{"@type":"SearchAction","target":{"@type":"EntryPoint","urlTemplate":"https:\/\/telemme.mmsh.fr\/?s={search_term_string}"},"query-input":{"@type":"PropertyValueSpecification","valueRequired":true,"valueName":"search_term_string"}}],"inLanguage":"fr-FR"},{"@type":"Organization","@id":"https:\/\/telemme.mmsh.fr\/#organization","name":"TELEMMe","url":"https:\/\/telemme.mmsh.fr\/","logo":{"@type":"ImageObject","inLanguage":"fr-FR","@id":"https:\/\/telemme.mmsh.fr\/#\/schema\/logo\/image\/","url":"https:\/\/telemme.mmsh.fr\/wp-content\/uploads\/2020\/03\/LogoTELEMMe-horizontal-fond-transparent.png","contentUrl":"https:\/\/telemme.mmsh.fr\/wp-content\/uploads\/2020\/03\/LogoTELEMMe-horizontal-fond-transparent.png","width":1500,"height":437,"caption":"TELEMMe"},"image":{"@id":"https:\/\/telemme.mmsh.fr\/#\/schema\/logo\/image\/"}}]}},"_links":{"self":[{"href":"https:\/\/telemme.mmsh.fr\/index.php?rest_route=\/wp\/v2\/pages\/5826","targetHints":{"allow":["GET"]}}],"collection":[{"href":"https:\/\/telemme.mmsh.fr\/index.php?rest_route=\/wp\/v2\/pages"}],"about":[{"href":"https:\/\/telemme.mmsh.fr\/index.php?rest_route=\/wp\/v2\/types\/page"}],"author":[{"embeddable":true,"href":"https:\/\/telemme.mmsh.fr\/index.php?rest_route=\/wp\/v2\/users\/6"}],"replies":[{"embeddable":true,"href":"https:\/\/telemme.mmsh.fr\/index.php?rest_route=%2Fwp%2Fv2%2Fcomments&post=5826"}],"version-history":[{"count":1,"href":"https:\/\/telemme.mmsh.fr\/index.php?rest_route=\/wp\/v2\/pages\/5826\/revisions"}],"predecessor-version":[{"id":5828,"href":"https:\/\/telemme.mmsh.fr\/index.php?rest_route=\/wp\/v2\/pages\/5826\/revisions\/5828"}],"up":[{"embeddable":true,"href":"https:\/\/telemme.mmsh.fr\/index.php?rest_route=\/wp\/v2\/pages\/3679"}],"wp:attachment":[{"href":"https:\/\/telemme.mmsh.fr\/index.php?rest_route=%2Fwp%2Fv2%2Fmedia&parent=5826"}],"curies":[{"name":"wp","href":"https:\/\/api.w.org\/{rel}","templated":true}]}}