{"id":2408,"date":"2020-12-17T13:31:19","date_gmt":"2020-12-17T12:31:19","guid":{"rendered":"http:\/\/telemme.mmsh.fr\/?page_id=2408"},"modified":"2021-07-15T15:24:30","modified_gmt":"2021-07-15T13:24:30","slug":"espace-jeunes-chercheurs-euses","status":"publish","type":"page","link":"https:\/\/telemme.mmsh.fr\/?page_id=2408","title":{"rendered":"Espace jeunes chercheurs\u00b7euses"},"content":{"rendered":"\n<p>L\u2019UMR TELEMMe regroupe une quarantaine de doctorantes et doctorants inscrits dans six sp\u00e9cialit\u00e9s. Ils animent un carnet de recherche sur Hypoth\u00e8ses et organisent chaque ann\u00e9e au printemps une journ\u00e9e d\u2019\u00e9tude th\u00e9matique et transdisciplinaire.<\/p>\n\n\n<div id=\"pl-gb2408-69f776e210392\"  class=\"panel-layout\" ><div id=\"pg-gb2408-69f776e210392-0\"  class=\"panel-grid panel-no-style\" ><div id=\"pgc-gb2408-69f776e210392-0-0\"  class=\"panel-grid-cell\" ><div id=\"panel-gb2408-69f776e210392-0-0-0\" class=\"so-panel widget widget_sow-image panel-first-child panel-last-child\" data-index=\"0\" ><div\n\t\t\t\n\t\t\tclass=\"so-widget-sow-image so-widget-sow-image-default-dbf295114b96-2408\"\n\t\t\t\n\t\t>\n<div class=\"sow-image-container\">\n\t\t\t<a href=\"https:\/\/telemme.mmsh.fr\/?page_id=5204\"\n\t\t\t\t\t>\n\t\t\t<img \n\tsrc=\"https:\/\/telemme.mmsh.fr\/wp-content\/uploads\/2018\/02\/mcp69_01_72dpi-300x254.jpg\" width=\"300\" height=\"254\" srcset=\"https:\/\/telemme.mmsh.fr\/wp-content\/uploads\/2018\/02\/mcp69_01_72dpi-300x254.jpg 300w, https:\/\/telemme.mmsh.fr\/wp-content\/uploads\/2018\/02\/mcp69_01_72dpi-768x651.jpg 768w, https:\/\/telemme.mmsh.fr\/wp-content\/uploads\/2018\/02\/mcp69_01_72dpi-200x170.jpg 200w, https:\/\/telemme.mmsh.fr\/wp-content\/uploads\/2018\/02\/mcp69_01_72dpi-400x339.jpg 400w, https:\/\/telemme.mmsh.fr\/wp-content\/uploads\/2018\/02\/mcp69_01_72dpi.jpg 998w\" sizes=\"(max-width: 300px) 100vw, 300px\" title=\"&lt;a href=&quot;https:\/\/telemme.mmsh.fr\/?page_id=5204&quot;&gt;Les doctorants et doctorantes de TELEMMe&lt;\/a&gt;\" alt=\"Les doctorants et doctorantes de TELEMMe\" \t\tclass=\"so-widget-image\"\/>\n\t\t\t<\/a><\/div>\n\n<h3 class=\"widget-title\"><a href=\"https:\/\/telemme.mmsh.fr\/?page_id=5204\">Les doctorants et doctorantes de TELEMMe<\/a><\/h3><\/div><\/div><\/div><div id=\"pgc-gb2408-69f776e210392-0-1\"  class=\"panel-grid-cell\" ><div id=\"panel-gb2408-69f776e210392-0-1-0\" class=\"so-panel widget widget_sow-image panel-first-child panel-last-child\" data-index=\"1\" ><div\n\t\t\t\n\t\t\tclass=\"so-widget-sow-image so-widget-sow-image-default-8b5b6f678277-2408\"\n\t\t\t\n\t\t>\n<div class=\"sow-image-container\">\n\t\t\t<a href=\"https:\/\/telemme.mmsh.fr\/?page_id=5850\"\n\t\t\t\t\t>\n\t\t\t<img \n\tsrc=\"https:\/\/telemme.mmsh.fr\/wp-content\/uploads\/2020\/11\/14_juillet___apre\u0300s_le_...Agence_de_btv1b9032406m_1-212x300.jpg\" width=\"212\" height=\"300\" srcset=\"https:\/\/telemme.mmsh.fr\/wp-content\/uploads\/2020\/11\/14_juillet___apre\u0300s_le_...Agence_de_btv1b9032406m_1-212x300.jpg 212w, https:\/\/telemme.mmsh.fr\/wp-content\/uploads\/2020\/11\/14_juillet___apre\u0300s_le_...Agence_de_btv1b9032406m_1-725x1024.jpg 725w, https:\/\/telemme.mmsh.fr\/wp-content\/uploads\/2020\/11\/14_juillet___apre\u0300s_le_...Agence_de_btv1b9032406m_1-768x1085.jpg 768w, https:\/\/telemme.mmsh.fr\/wp-content\/uploads\/2020\/11\/14_juillet___apre\u0300s_le_...Agence_de_btv1b9032406m_1.jpg 1024w\" sizes=\"(max-width: 212px) 100vw, 212px\" title=\"&lt;a href=&quot;https:\/\/telemme.mmsh.fr\/?page_id=5850&quot;&gt;Les journ\u00e9es Jeunes chercheur\u00b7euses TELEMMe&lt;\/a&gt;\" alt=\"Les journ\u00e9es Jeunes chercheur\u00b7euses TELEMMe\" \t\tclass=\"so-widget-image\"\/>\n\t\t\t<\/a><\/div>\n\n<h3 class=\"widget-title\"><a href=\"https:\/\/telemme.mmsh.fr\/?page_id=5850\">Les journ\u00e9es Jeunes chercheur\u00b7euses TELEMMe<\/a><\/h3><\/div><\/div><\/div><div id=\"pgc-gb2408-69f776e210392-0-2\"  class=\"panel-grid-cell\" ><div id=\"panel-gb2408-69f776e210392-0-2-0\" class=\"so-panel widget widget_sow-image panel-first-child panel-last-child\" data-index=\"2\" ><div\n\t\t\t\n\t\t\tclass=\"so-widget-sow-image so-widget-sow-image-default-8b5b6f678277-2408\"\n\t\t\t\n\t\t>\n<div class=\"sow-image-container\">\n\t\t\t<a href=\"https:\/\/telemme.mmsh.fr\/?post_type=axe_groupe&#038;p=4617\"\n\t\t\t\t\t>\n\t\t\t<img \n\tsrc=\"https:\/\/telemme.mmsh.fr\/wp-content\/uploads\/2018\/05\/Glacier-Point-3201-feet-Yosemite-Valley-Cal.-Taber-Photo-1887-Library-of-Congress-LC-USZ62-100867_light-245x300.jpg\" width=\"245\" height=\"300\" srcset=\"https:\/\/telemme.mmsh.fr\/wp-content\/uploads\/2018\/05\/Glacier-Point-3201-feet-Yosemite-Valley-Cal.-Taber-Photo-1887-Library-of-Congress-LC-USZ62-100867_light-245x300.jpg 245w, https:\/\/telemme.mmsh.fr\/wp-content\/uploads\/2018\/05\/Glacier-Point-3201-feet-Yosemite-Valley-Cal.-Taber-Photo-1887-Library-of-Congress-LC-USZ62-100867_light.jpg 500w\" sizes=\"(max-width: 245px) 100vw, 245px\" title=\"&lt;a href=&quot;https:\/\/telemme.mmsh.fr\/?post_type=axe_groupe&amp;p=4617&quot;&gt;Le groupe Jeunes chercheur\u00b7euses TELEMMe&lt;\/a&gt;\" alt=\"Le groupe Jeunes chercheur\u00b7euses TELEMMe\" \t\tclass=\"so-widget-image\"\/>\n\t\t\t<\/a><\/div>\n\n<h3 class=\"widget-title\"><a href=\"https:\/\/telemme.mmsh.fr\/?post_type=axe_groupe&amp;p=4617\">Le groupe Jeunes chercheur\u00b7euses TELEMMe<\/a><\/h3><\/div><\/div><\/div><\/div><\/div>\n\n\n<hr class=\"wp-block-separator is-style-wide\"\/>\n\n\n\n<div class=\"wp-block-group is-style-twentytwentyone-border\"><div class=\"wp-block-group__inner-container is-layout-flow wp-block-group-is-layout-flow\">\n<h2 class=\"wp-block-heading\">Sur le carnet des Jeunes chercheur\u00b7euses TELEMMe<\/h2>\n\n\n<ul class=\"is-grid columns-3 has-dates has-excerpts wp-block-rss\"><li class='wp-block-rss__item'><div class='wp-block-rss__item-title'><a href='https:\/\/jjctelemme.hypotheses.org\/3115'>Tisser des liens : r\u00e9flexion sur l\u2019attachement et retour d\u2019exp\u00e9rience \u00e0 TELEMMe<\/a><\/div><time datetime=\"2026-05-03T10:43:33+02:00\" class=\"wp-block-rss__item-publish-date\">3 mai 2026<\/time> <div class=\"wp-block-rss__item-excerpt\">Dans le cadre de mon stage d\u2019un mois et demi au laboratoire TELEMMe, r\u00e9alis\u00e9 dans le cadre de mon M1 LLCER espagnol sous la direction de Delphine Cavallo, j\u2019ai eu l\u2019honneur [&hellip;]<\/div><\/li><li class='wp-block-rss__item'><div class='wp-block-rss__item-title'><a href='https:\/\/jjctelemme.hypotheses.org\/3111'>Tisser des liens: r\u00e9flexion sur l\u2019attachement et retour d\u2019exp\u00e9rience \u00e0 TELEMMe<\/a><\/div><time datetime=\"2026-04-20T09:00:00+02:00\" class=\"wp-block-rss__item-publish-date\">20 avril 2026<\/time> <div class=\"wp-block-rss__item-excerpt\">Pr\u00e9sentation Je suis \u00e9tudiante en premi\u00e8re\u00a0ann\u00e9e de Master de recherche en LLCER Espagnol \u00e0 Aix-en-Provence (Facult\u00e9 ALLSH-AMU). J\u2019effectue actuellement un stage d\u2019un mois et demi \u00e0 TELEMMe, sous la tutelle de [&hellip;]<\/div><\/li><li class='wp-block-rss__item'><div class='wp-block-rss__item-title'><a href='https:\/\/jjctelemme.hypotheses.org\/3088'>Appel \u00e0 communication : Journ\u00e9e d\u2019\u00e9tudes des Jeunes chercheur\u00b7euse\u00b7s de l\u2019UMR TELEMMe (27 mai 2026)<\/a><\/div><time datetime=\"2026-01-23T17:41:00+01:00\" class=\"wp-block-rss__item-publish-date\">23 janvier 2026<\/time> <div class=\"wp-block-rss__item-excerpt\">Les formes de l\u2019attachement : territoires, liens et sensibilit\u00e9s Journ\u00e9e d\u2019\u00e9tudes des Jeunes chercheur\u00b7euse\u00b7s de l\u2019UMR 7303 TELEMMe 27 mai 2026, Maison m\u00e9diterran\u00e9enne des sciences humaines et sociales (MMSH), Aix-en-Provence Couramment [&hellip;]<\/div><\/li><li class='wp-block-rss__item'><div class='wp-block-rss__item-title'><a href='https:\/\/jjctelemme.hypotheses.org\/3026'>Cohabitations : espaces, acteurs, repr\u00e9sentations (programme)<\/a><\/div><time datetime=\"2025-04-30T14:20:00+02:00\" class=\"wp-block-rss__item-publish-date\">30 avril 2025<\/time> <div class=\"wp-block-rss__item-excerpt\">Programme 8h45 \u2013 Accueil des participants et du public 9h \u2013\u00a0Ouverture de la journ\u00e9e d\u2019\u00e9tudes Alexandre Grondeau, professeur des universit\u00e9s en G\u00e9ographie, directeur adjoint du laboratoire TELEMMe 9h15 \u2013\u00a0Introduction Lisa Mille, [&hellip;]<\/div><\/li><li class='wp-block-rss__item'><div class='wp-block-rss__item-title'><a href='https:\/\/jjctelemme.hypotheses.org\/2962'>Cohabitations : espaces, acteurs, repr\u00e9sentations<\/a><\/div><time datetime=\"2025-04-30T14:00:00+02:00\" class=\"wp-block-rss__item-publish-date\">30 avril 2025<\/time> <div class=\"wp-block-rss__item-excerpt\">Journ\u00e9e Jeunes chercheur\u00b7euses TELEMMe Date(s)\u00a0:\u00a0du 28 mai 2025 9 h 00 au 28 mai 2025 16 h 30 Lieu\u00a0:\u00a0Salle Georges Duby, MMSH \u2013 Aix-en-Provence Organisateur(s) \/ trice(s) \u00e0 TELEMMe\u00a0: Groupe(s) organisateur(s)\u00a0: [&hellip;]<\/div><\/li><li class='wp-block-rss__item'><div class='wp-block-rss__item-title'><a href='https:\/\/jjctelemme.hypotheses.org\/2958'>Appel \u00e0 communication : Journ\u00e9e d\u2019\u00e9tudes des Jeunes chercheur\u00b7euse\u00b7s de l\u2019UMR TELEMMe (28 mai 2025)<\/a><\/div><time datetime=\"2025-01-22T14:05:00+01:00\" class=\"wp-block-rss__item-publish-date\">22 janvier 2025<\/time> <div class=\"wp-block-rss__item-excerpt\">Cohabitations : espaces, acteurs, repr\u00e9sentations Journ\u00e9e d\u2019\u00e9tudes des Jeunes chercheur\u00b7euse\u00b7s de l\u2019UMR TELEMMe 28 mai 2025, Maison m\u00e9diterran\u00e9enne des sciences de l\u2019homme (MMSH), Aix-en-Provence La cohabitation, fait d\u2019habiter ensemble, induit des [&hellip;]<\/div><\/li><li class='wp-block-rss__item'><div class='wp-block-rss__item-title'><a href='https:\/\/jjctelemme.hypotheses.org\/2757'>Nocturnes : espaces et pratiques de la nuit (programme)<\/a><\/div><time datetime=\"2024-04-18T09:44:26+02:00\" class=\"wp-block-rss__item-publish-date\">18 avril 2024<\/time> <div class=\"wp-block-rss__item-excerpt\">29 mai 2024Salle Duby, Maison m\u00e9diterran\u00e9enne des Sciences de l\u2019Homme, 5 rue du Ch\u00e2teau de l\u2019Horloge, 13094 Aix-en-Provence 8h45 \u2013 Accueil des participants et du public 9h \u2013 Ouverture de la [&hellip;]<\/div><\/li><\/ul><\/div><\/div>\n","protected":false},"excerpt":{"rendered":"<p>L\u2019UMR TELEMMe regroupe une quarantaine de doctorantes et doctorants inscrits dans six sp\u00e9cialit\u00e9s. Ils animent un carnet de recherche sur Hypoth\u00e8ses et organisent chaque ann\u00e9e au printemps une journ\u00e9e d\u2019\u00e9tude&hellip;&nbsp;<a href=\"https:\/\/telemme.mmsh.fr\/?page_id=2408\" rel=\"bookmark\">Lire la suite &raquo;<span class=\"screen-reader-text\">Espace jeunes chercheurs\u00b7euses<\/span><\/a><\/p>\n","protected":false},"author":6,"featured_media":0,"parent":4749,"menu_order":3,"comment_status":"closed","ping_status":"closed","template":"","meta":{"neve_meta_sidebar":"","neve_meta_container":"","neve_meta_enable_content_width":"","neve_meta_content_width":0,"neve_meta_title_alignment":"","neve_meta_author_avatar":"","neve_post_elements_order":"","neve_meta_disable_header":"","neve_meta_disable_footer":"","neve_meta_disable_title":"","footnotes":""},"class_list":["post-2408","page","type-page","status-publish","hentry"],"yoast_head":"<!-- This site is optimized with the Yoast SEO plugin v27.4 - https:\/\/yoast.com\/product\/yoast-seo-wordpress\/ -->\n<title>Espace jeunes chercheurs\u00b7euses - TELEMMe - Temps, espaces, langages, Europe m\u00e9ridionale, M\u00e9diterran\u00e9e<\/title>\n<meta name=\"robots\" content=\"index, follow, max-snippet:-1, max-image-preview:large, max-video-preview:-1\" \/>\n<link rel=\"canonical\" href=\"https:\/\/telemme.mmsh.fr\/?page_id=2408\" \/>\n<meta property=\"og:locale\" content=\"fr_FR\" \/>\n<meta property=\"og:type\" content=\"article\" \/>\n<meta property=\"og:title\" content=\"Espace jeunes chercheurs\u00b7euses - TELEMMe - Temps, espaces, langages, Europe m\u00e9ridionale, M\u00e9diterran\u00e9e\" \/>\n<meta property=\"og:description\" content=\"L\u2019UMR TELEMMe regroupe une quarantaine de doctorantes et doctorants inscrits dans six sp\u00e9cialit\u00e9s. Ils animent un carnet de recherche sur Hypoth\u00e8ses et organisent chaque ann\u00e9e au printemps une journ\u00e9e d\u2019\u00e9tude&hellip;&nbsp;Lire la suite &raquo;Espace jeunes chercheurs\u00b7euses\" \/>\n<meta property=\"og:url\" content=\"https:\/\/telemme.mmsh.fr\/?page_id=2408\" \/>\n<meta property=\"og:site_name\" content=\"TELEMMe - Temps, espaces, langages, Europe m\u00e9ridionale, M\u00e9diterran\u00e9e\" \/>\n<meta property=\"article:modified_time\" content=\"2021-07-15T13:24:30+00:00\" \/>\n<meta property=\"og:image\" content=\"http:\/\/telemme.mmsh.fr\/wp-content\/uploads\/2018\/02\/mcp69_01_72dpi-300x254.jpg\" \/>\n<meta name=\"twitter:card\" content=\"summary_large_image\" \/>\n<meta name=\"twitter:label1\" content=\"Dur\u00e9e de lecture estim\u00e9e\" \/>\n\t<meta name=\"twitter:data1\" content=\"2 minutes\" \/>\n<script type=\"application\/ld+json\" class=\"yoast-schema-graph\">{\"@context\":\"https:\\\/\\\/schema.org\",\"@graph\":[{\"@type\":\"WebPage\",\"@id\":\"https:\\\/\\\/telemme.mmsh.fr\\\/?page_id=2408\",\"url\":\"https:\\\/\\\/telemme.mmsh.fr\\\/?page_id=2408\",\"name\":\"Espace jeunes chercheurs\u00b7euses - TELEMMe - Temps, espaces, langages, Europe m\u00e9ridionale, M\u00e9diterran\u00e9e\",\"isPartOf\":{\"@id\":\"https:\\\/\\\/telemme.mmsh.fr\\\/#website\"},\"primaryImageOfPage\":{\"@id\":\"https:\\\/\\\/telemme.mmsh.fr\\\/?page_id=2408#primaryimage\"},\"image\":{\"@id\":\"https:\\\/\\\/telemme.mmsh.fr\\\/?page_id=2408#primaryimage\"},\"thumbnailUrl\":\"http:\\\/\\\/telemme.mmsh.fr\\\/wp-content\\\/uploads\\\/2018\\\/02\\\/mcp69_01_72dpi-300x254.jpg\",\"datePublished\":\"2020-12-17T12:31:19+00:00\",\"dateModified\":\"2021-07-15T13:24:30+00:00\",\"breadcrumb\":{\"@id\":\"https:\\\/\\\/telemme.mmsh.fr\\\/?page_id=2408#breadcrumb\"},\"inLanguage\":\"fr-FR\",\"potentialAction\":[{\"@type\":\"ReadAction\",\"target\":[\"https:\\\/\\\/telemme.mmsh.fr\\\/?page_id=2408\"]}]},{\"@type\":\"ImageObject\",\"inLanguage\":\"fr-FR\",\"@id\":\"https:\\\/\\\/telemme.mmsh.fr\\\/?page_id=2408#primaryimage\",\"url\":\"http:\\\/\\\/telemme.mmsh.fr\\\/wp-content\\\/uploads\\\/2018\\\/02\\\/mcp69_01_72dpi-300x254.jpg\",\"contentUrl\":\"http:\\\/\\\/telemme.mmsh.fr\\\/wp-content\\\/uploads\\\/2018\\\/02\\\/mcp69_01_72dpi-300x254.jpg\"},{\"@type\":\"BreadcrumbList\",\"@id\":\"https:\\\/\\\/telemme.mmsh.fr\\\/?page_id=2408#breadcrumb\",\"itemListElement\":[{\"@type\":\"ListItem\",\"position\":1,\"name\":\"Accueil\",\"item\":\"https:\\\/\\\/telemme.mmsh.fr\\\/\"},{\"@type\":\"ListItem\",\"position\":2,\"name\":\"Formation doctorale \u00e0 TELEMMe\",\"item\":\"https:\\\/\\\/telemme.mmsh.fr\\\/?page_id=4749\"},{\"@type\":\"ListItem\",\"position\":3,\"name\":\"Espace jeunes chercheurs\u00b7euses\"}]},{\"@type\":\"WebSite\",\"@id\":\"https:\\\/\\\/telemme.mmsh.fr\\\/#website\",\"url\":\"https:\\\/\\\/telemme.mmsh.fr\\\/\",\"name\":\"TELEMMe - Temps, espaces, langages, Europe m\u00e9ridionale, M\u00e9diterran\u00e9e\",\"description\":\"\",\"publisher\":{\"@id\":\"https:\\\/\\\/telemme.mmsh.fr\\\/#organization\"},\"potentialAction\":[{\"@type\":\"SearchAction\",\"target\":{\"@type\":\"EntryPoint\",\"urlTemplate\":\"https:\\\/\\\/telemme.mmsh.fr\\\/?s={search_term_string}\"},\"query-input\":{\"@type\":\"PropertyValueSpecification\",\"valueRequired\":true,\"valueName\":\"search_term_string\"}}],\"inLanguage\":\"fr-FR\"},{\"@type\":\"Organization\",\"@id\":\"https:\\\/\\\/telemme.mmsh.fr\\\/#organization\",\"name\":\"TELEMMe\",\"url\":\"https:\\\/\\\/telemme.mmsh.fr\\\/\",\"logo\":{\"@type\":\"ImageObject\",\"inLanguage\":\"fr-FR\",\"@id\":\"https:\\\/\\\/telemme.mmsh.fr\\\/#\\\/schema\\\/logo\\\/image\\\/\",\"url\":\"https:\\\/\\\/telemme.mmsh.fr\\\/wp-content\\\/uploads\\\/2020\\\/03\\\/LogoTELEMMe-horizontal-fond-transparent.png\",\"contentUrl\":\"https:\\\/\\\/telemme.mmsh.fr\\\/wp-content\\\/uploads\\\/2020\\\/03\\\/LogoTELEMMe-horizontal-fond-transparent.png\",\"width\":1500,\"height\":437,\"caption\":\"TELEMMe\"},\"image\":{\"@id\":\"https:\\\/\\\/telemme.mmsh.fr\\\/#\\\/schema\\\/logo\\\/image\\\/\"}}]}<\/script>\n<!-- \/ Yoast SEO plugin. -->","yoast_head_json":{"title":"Espace jeunes chercheurs\u00b7euses - TELEMMe - Temps, espaces, langages, Europe m\u00e9ridionale, M\u00e9diterran\u00e9e","robots":{"index":"index","follow":"follow","max-snippet":"max-snippet:-1","max-image-preview":"max-image-preview:large","max-video-preview":"max-video-preview:-1"},"canonical":"https:\/\/telemme.mmsh.fr\/?page_id=2408","og_locale":"fr_FR","og_type":"article","og_title":"Espace jeunes chercheurs\u00b7euses - TELEMMe - Temps, espaces, langages, Europe m\u00e9ridionale, M\u00e9diterran\u00e9e","og_description":"L\u2019UMR TELEMMe regroupe une quarantaine de doctorantes et doctorants inscrits dans six sp\u00e9cialit\u00e9s. Ils animent un carnet de recherche sur Hypoth\u00e8ses et organisent chaque ann\u00e9e au printemps une journ\u00e9e d\u2019\u00e9tude&hellip;&nbsp;Lire la suite &raquo;Espace jeunes chercheurs\u00b7euses","og_url":"https:\/\/telemme.mmsh.fr\/?page_id=2408","og_site_name":"TELEMMe - Temps, espaces, langages, Europe m\u00e9ridionale, M\u00e9diterran\u00e9e","article_modified_time":"2021-07-15T13:24:30+00:00","og_image":[{"url":"http:\/\/telemme.mmsh.fr\/wp-content\/uploads\/2018\/02\/mcp69_01_72dpi-300x254.jpg","type":"","width":"","height":""}],"twitter_card":"summary_large_image","twitter_misc":{"Dur\u00e9e de lecture estim\u00e9e":"2 minutes"},"schema":{"@context":"https:\/\/schema.org","@graph":[{"@type":"WebPage","@id":"https:\/\/telemme.mmsh.fr\/?page_id=2408","url":"https:\/\/telemme.mmsh.fr\/?page_id=2408","name":"Espace jeunes chercheurs\u00b7euses - TELEMMe - Temps, espaces, langages, Europe m\u00e9ridionale, M\u00e9diterran\u00e9e","isPartOf":{"@id":"https:\/\/telemme.mmsh.fr\/#website"},"primaryImageOfPage":{"@id":"https:\/\/telemme.mmsh.fr\/?page_id=2408#primaryimage"},"image":{"@id":"https:\/\/telemme.mmsh.fr\/?page_id=2408#primaryimage"},"thumbnailUrl":"http:\/\/telemme.mmsh.fr\/wp-content\/uploads\/2018\/02\/mcp69_01_72dpi-300x254.jpg","datePublished":"2020-12-17T12:31:19+00:00","dateModified":"2021-07-15T13:24:30+00:00","breadcrumb":{"@id":"https:\/\/telemme.mmsh.fr\/?page_id=2408#breadcrumb"},"inLanguage":"fr-FR","potentialAction":[{"@type":"ReadAction","target":["https:\/\/telemme.mmsh.fr\/?page_id=2408"]}]},{"@type":"ImageObject","inLanguage":"fr-FR","@id":"https:\/\/telemme.mmsh.fr\/?page_id=2408#primaryimage","url":"http:\/\/telemme.mmsh.fr\/wp-content\/uploads\/2018\/02\/mcp69_01_72dpi-300x254.jpg","contentUrl":"http:\/\/telemme.mmsh.fr\/wp-content\/uploads\/2018\/02\/mcp69_01_72dpi-300x254.jpg"},{"@type":"BreadcrumbList","@id":"https:\/\/telemme.mmsh.fr\/?page_id=2408#breadcrumb","itemListElement":[{"@type":"ListItem","position":1,"name":"Accueil","item":"https:\/\/telemme.mmsh.fr\/"},{"@type":"ListItem","position":2,"name":"Formation doctorale \u00e0 TELEMMe","item":"https:\/\/telemme.mmsh.fr\/?page_id=4749"},{"@type":"ListItem","position":3,"name":"Espace jeunes chercheurs\u00b7euses"}]},{"@type":"WebSite","@id":"https:\/\/telemme.mmsh.fr\/#website","url":"https:\/\/telemme.mmsh.fr\/","name":"TELEMMe - Temps, espaces, langages, Europe m\u00e9ridionale, M\u00e9diterran\u00e9e","description":"","publisher":{"@id":"https:\/\/telemme.mmsh.fr\/#organization"},"potentialAction":[{"@type":"SearchAction","target":{"@type":"EntryPoint","urlTemplate":"https:\/\/telemme.mmsh.fr\/?s={search_term_string}"},"query-input":{"@type":"PropertyValueSpecification","valueRequired":true,"valueName":"search_term_string"}}],"inLanguage":"fr-FR"},{"@type":"Organization","@id":"https:\/\/telemme.mmsh.fr\/#organization","name":"TELEMMe","url":"https:\/\/telemme.mmsh.fr\/","logo":{"@type":"ImageObject","inLanguage":"fr-FR","@id":"https:\/\/telemme.mmsh.fr\/#\/schema\/logo\/image\/","url":"https:\/\/telemme.mmsh.fr\/wp-content\/uploads\/2020\/03\/LogoTELEMMe-horizontal-fond-transparent.png","contentUrl":"https:\/\/telemme.mmsh.fr\/wp-content\/uploads\/2020\/03\/LogoTELEMMe-horizontal-fond-transparent.png","width":1500,"height":437,"caption":"TELEMMe"},"image":{"@id":"https:\/\/telemme.mmsh.fr\/#\/schema\/logo\/image\/"}}]}},"_links":{"self":[{"href":"https:\/\/telemme.mmsh.fr\/index.php?rest_route=\/wp\/v2\/pages\/2408","targetHints":{"allow":["GET"]}}],"collection":[{"href":"https:\/\/telemme.mmsh.fr\/index.php?rest_route=\/wp\/v2\/pages"}],"about":[{"href":"https:\/\/telemme.mmsh.fr\/index.php?rest_route=\/wp\/v2\/types\/page"}],"author":[{"embeddable":true,"href":"https:\/\/telemme.mmsh.fr\/index.php?rest_route=\/wp\/v2\/users\/6"}],"replies":[{"embeddable":true,"href":"https:\/\/telemme.mmsh.fr\/index.php?rest_route=%2Fwp%2Fv2%2Fcomments&post=2408"}],"version-history":[{"count":20,"href":"https:\/\/telemme.mmsh.fr\/index.php?rest_route=\/wp\/v2\/pages\/2408\/revisions"}],"predecessor-version":[{"id":8997,"href":"https:\/\/telemme.mmsh.fr\/index.php?rest_route=\/wp\/v2\/pages\/2408\/revisions\/8997"}],"up":[{"embeddable":true,"href":"https:\/\/telemme.mmsh.fr\/index.php?rest_route=\/wp\/v2\/pages\/4749"}],"wp:attachment":[{"href":"https:\/\/telemme.mmsh.fr\/index.php?rest_route=%2Fwp%2Fv2%2Fmedia&parent=2408"}],"curies":[{"name":"wp","href":"https:\/\/api.w.org\/{rel}","templated":true}]}}